{"id":6,"date":"2017-07-03T18:50:50","date_gmt":"2017-07-03T21:50:50","guid":{"rendered":"https:\/\/www.bu.ufmg.br\/gcirculacao\/?page_id=6"},"modified":"2025-10-22T20:49:28","modified_gmt":"2025-10-22T23:49:28","slug":"grupo-de-circulacao","status":"publish","type":"page","link":"https:\/\/www.bu.ufmg.br\/gcirculacao\/grupo-de-circulacao\/","title":{"rendered":"Grupo de Circula\u00e7\u00e3o"},"content":{"rendered":"<h2 class=\"art-PostHeader\">Grupo de Circula\u00e7\u00e3o<\/h2>\n<div class=\"art-PostContent\">\n<div class=\"art-article\">\n<p>O Grupo de Circula\u00e7\u00e3o, institu\u00eddo pela Biblioteca Universit\u00e1ria sob a Portaria no. 008 de 16 de Mar\u00e7o de 2015, faz parte da estrutura do Sistema de Bibliotecas da UFMG. Foi desenvolvido como Grupo de Trabalho para estudos, treinamentos e an\u00e1lises de demandas oriundas das bibliotecas setoriais e usu\u00e1rios. Esse Grupo age como uma inst\u00e2ncia consultiva para tomada de decis\u00e3o pela Diretoria da Biblioteca Universit\u00e1ria.<\/p>\n<p><strong>Componentes desse Grupo:<\/strong><\/p>\n<ul style=\"list-style-type: square;\">\n<li><strong>Componentes do grupo sob a Portaria no. 6733 de 09 de Julho de 2025<\/strong><\/li>\n<\/ul>\n<p>Daniel Rodrigues (EBA)<br \/>\nErnandes Rodrigo Norberto (FALE)<br \/>\nFernanda Pereira (ARQ)<br \/>\nGracirlei Maria de Carvalho Lima (ENG)<br \/>\nIzabel Antonina de Ara\u00fajo (BU)<br \/>\nJacqueline Pawlowski Oliveira (DITTI)<br \/>\nRachel Bragan\u00e7a de Carvalho Mota (ICA)<br \/>\nRa\u00edssa Michalsky Martins (FAE)<br \/>\nWelington Mar\u00e7al de Carvalho (BU)<\/p>\n<ul style=\"list-style-type: square;\">\n<li><strong>Componentes do grupo sob a Portaria no. 008 de 16 de Mar\u00e7o de 2015<\/strong><\/li>\n<\/ul>\n<p>Alessandra Oliveira Pereira (FALE)<br \/>\nFabiene Letizia Alves Furtado (MED)<br \/>\nGracirlei Maria de Carvalho Lima (ENG)<br \/>\nIr\u00e9nquer Vismeg Lucas Cruz (ICEX)<br \/>\nJacqueline Pawlowski Oliveira (DITTI)<br \/>\nLet\u00edcia Alves Vieira (FACE)<br \/>\nLuciana Gon\u00e7alves Silva Souza ( )<br \/>\nLuc\u00edlia Raimunda Barbosa ( ENG)<br \/>\nNorma L\u00facia Cardoso de Melo (BC)<br \/>\nSara Azevedo Guimar\u00e3es Santos (FALE)<br \/>\nWelington Mar\u00e7al de Carvalho (VET)<\/p>\n<\/div>\n<\/div>\n","protected":false},"excerpt":{"rendered":"<p>Grupo de Circula\u00e7\u00e3o O Grupo de Circula\u00e7\u00e3o, institu\u00eddo pela Biblioteca Universit\u00e1ria sob a Portaria no. &hellip; <\/p>\n","protected":false},"author":1,"featured_media":0,"parent":0,"menu_order":0,"comment_status":"closed","ping_status":"closed","template":"","meta":{"om_disable_all_campaigns":false,"_monsterinsights_skip_tracking":false,"_monsterinsights_sitenote_active":false,"_monsterinsights_sitenote_note":"","_monsterinsights_sitenote_category":0,"_uf_show_specific_survey":0,"_uf_disable_surveys":false,"footnotes":""},"wppr_data":{"cwp_meta_box_check":"No"},"_links":{"self":[{"href":"https:\/\/www.bu.ufmg.br\/gcirculacao\/wp-json\/wp\/v2\/pages\/6"}],"collection":[{"href":"https:\/\/www.bu.ufmg.br\/gcirculacao\/wp-json\/wp\/v2\/pages"}],"about":[{"href":"https:\/\/www.bu.ufmg.br\/gcirculacao\/wp-json\/wp\/v2\/types\/page"}],"author":[{"embeddable":true,"href":"https:\/\/www.bu.ufmg.br\/gcirculacao\/wp-json\/wp\/v2\/users\/1"}],"replies":[{"embeddable":true,"href":"https:\/\/www.bu.ufmg.br\/gcirculacao\/wp-json\/wp\/v2\/comments?post=6"}],"version-history":[{"count":5,"href":"https:\/\/www.bu.ufmg.br\/gcirculacao\/wp-json\/wp\/v2\/pages\/6\/revisions"}],"predecessor-version":[{"id":1587,"href":"https:\/\/www.bu.ufmg.br\/gcirculacao\/wp-json\/wp\/v2\/pages\/6\/revisions\/1587"}],"wp:attachment":[{"href":"https:\/\/www.bu.ufmg.br\/gcirculacao\/wp-json\/wp\/v2\/media?parent=6"}],"curies":[{"name":"wp","href":"https:\/\/api.w.org\/{rel}","templated":true}]}}