{"id":4,"date":"2017-07-03T18:50:00","date_gmt":"2017-07-03T21:50:00","guid":{"rendered":"https:\/\/www.bu.ufmg.br\/gcirculacao\/?page_id=4"},"modified":"2018-08-02T18:27:23","modified_gmt":"2018-08-02T21:27:23","slug":"inicio","status":"publish","type":"page","link":"https:\/\/www.bu.ufmg.br\/gcirculacao\/","title":{"rendered":"In\u00edcio"},"content":{"rendered":"<div class=\"art-Post\">\n<div class=\"art-Post-body\">\n<div class=\"art-Post-inner\">\n<h2 class=\"art-PostHeader\">Sobre o Portal<\/h2>\n<div class=\"art-PostHeaderIcons art-metadata-icons\" style=\"text-align: justify;\"><span style=\"font-size: 1rem;\">O Portal de Informa\u00e7\u00f5es do Grupo de Circula\u00e7\u00e3o tem um papel essencial no esfor\u00e7o de disponibilizar informa\u00e7\u00f5es e conhecimento onde eles s\u00e3o necess\u00e1rios na Institui\u00e7\u00e3o. O prop\u00f3sito \u00e9 fazer com que todas as bibliotecas do Sistema atuem de maneira padronizada em rela\u00e7\u00e3o aos procedimentos de circula\u00e7\u00e3o de materiais.<\/span><\/div>\n<div class=\"art-PostContent\" style=\"text-align: justify;\">\n<div class=\"art-article\">\n<p>Al\u00e9m de disponibilizar as normas e regulamentos adotados pelo Sistema de Bibliotecas da UFMG &#8211; (SB\/UFMG), o portal tem o objetivo de atuar como um suporte na utiliza\u00e7\u00e3o do sistema integrado adotado pelo SB\/UFMG &#8211; o Pergamum. S\u00e3o apresentados tutoriais, manuais, FAQ\u00b4s que tendem a auxiliar os colaboradores na utiliza\u00e7\u00e3o do sistema, para melhor atendimento \u00e0 comunidade usu\u00e1ria.<\/p>\n<\/div>\n<\/div>\n<\/div>\n<div class=\"cleared\" style=\"text-align: justify;\"><\/div>\n<\/div>\n<\/div>\n","protected":false},"excerpt":{"rendered":"<p>Sobre o Portal O Portal de Informa\u00e7\u00f5es do Grupo de Circula\u00e7\u00e3o tem um papel essencial &hellip; <\/p>\n","protected":false},"author":1,"featured_media":0,"parent":0,"menu_order":0,"comment_status":"closed","ping_status":"closed","template":"","meta":{"om_disable_all_campaigns":false,"_monsterinsights_skip_tracking":false,"_monsterinsights_sitenote_active":false,"_monsterinsights_sitenote_note":"","_monsterinsights_sitenote_category":0,"_uf_show_specific_survey":0,"_uf_disable_surveys":false,"footnotes":""},"wppr_data":{"cwp_meta_box_check":"No"},"_links":{"self":[{"href":"https:\/\/www.bu.ufmg.br\/gcirculacao\/wp-json\/wp\/v2\/pages\/4"}],"collection":[{"href":"https:\/\/www.bu.ufmg.br\/gcirculacao\/wp-json\/wp\/v2\/pages"}],"about":[{"href":"https:\/\/www.bu.ufmg.br\/gcirculacao\/wp-json\/wp\/v2\/types\/page"}],"author":[{"embeddable":true,"href":"https:\/\/www.bu.ufmg.br\/gcirculacao\/wp-json\/wp\/v2\/users\/1"}],"replies":[{"embeddable":true,"href":"https:\/\/www.bu.ufmg.br\/gcirculacao\/wp-json\/wp\/v2\/comments?post=4"}],"version-history":[{"count":5,"href":"https:\/\/www.bu.ufmg.br\/gcirculacao\/wp-json\/wp\/v2\/pages\/4\/revisions"}],"predecessor-version":[{"id":825,"href":"https:\/\/www.bu.ufmg.br\/gcirculacao\/wp-json\/wp\/v2\/pages\/4\/revisions\/825"}],"wp:attachment":[{"href":"https:\/\/www.bu.ufmg.br\/gcirculacao\/wp-json\/wp\/v2\/media?parent=4"}],"curies":[{"name":"wp","href":"https:\/\/api.w.org\/{rel}","templated":true}]}}