{"id":1299,"date":"2024-01-16T17:36:45","date_gmt":"2024-01-16T20:36:45","guid":{"rendered":"https:\/\/www.bu.ufmg.br\/gcirculacao\/?page_id=1299"},"modified":"2025-10-10T22:56:17","modified_gmt":"2025-10-11T01:56:17","slug":"solicitacao-de-ficha-catalografica","status":"publish","type":"page","link":"https:\/\/www.bu.ufmg.br\/gcirculacao\/solicitacao-de-ficha-catalografica\/","title":{"rendered":"Solicita\u00e7\u00e3o de Ficha Catalogr\u00e1fica"},"content":{"rendered":"\n<ol>\n<li><strong>Orienta\u00e7\u00e3o para o usu\u00e1rio<\/strong><\/li>\n<\/ol>\n<p>1.1 <span style=\"color: #000000; font-size: 14pt;\">Acesse a p\u00e1gina Cat\u00e1logo online .\u00a0 Clique no\u00a0 \u00edcone\u00a0 \u201cEntrar\u201d\u00a0 para acessar o m\u00f3dulo de \u201cAcessso Usu\u00e1rio\u201d<\/span><\/p>\n\n\n\n<div class=\"wp-block-columns is-layout-flex wp-container-core-columns-is-layout-1 wp-block-columns-is-layout-flex\">\n<div class=\"wp-block-column is-layout-flow wp-block-column-is-layout-flow\" style=\"flex-basis:100%\"><div class=\"wp-block-image\">\n<figure class=\"aligncenter size-full is-resized\"><img fetchpriority=\"high\" decoding=\"async\" width=\"569\" height=\"154\" src=\"https:\/\/www.bu.ufmg.br\/gcirculacao\/wp-content\/uploads\/2025\/10\/entar_usuario.png\" alt=\"\" class=\"wp-image-1568\" style=\"width:839px;height:auto\" srcset=\"https:\/\/www.bu.ufmg.br\/gcirculacao\/wp-content\/uploads\/2025\/10\/entar_usuario.png 569w, https:\/\/www.bu.ufmg.br\/gcirculacao\/wp-content\/uploads\/2025\/10\/entar_usuario-300x81.png 300w, https:\/\/www.bu.ufmg.br\/gcirculacao\/wp-content\/uploads\/2025\/10\/entar_usuario-50x14.png 50w, https:\/\/www.bu.ufmg.br\/gcirculacao\/wp-content\/uploads\/2025\/10\/entar_usuario-222x60.png 222w\" sizes=\"(max-width: 569px) 100vw, 569px\" \/><\/figure><\/div><\/div>\n<\/div>\n\n\n\n<p><span style=\"color: #000000;\">1.2 Informe seu c\u00f3digo de usu\u00e1rio e senha e clique em \u201cAcessar\u201d<\/span><\/p>\n<p>\u00a0<\/p>\n\n\n<div class=\"wp-block-image\">\n<figure class=\"aligncenter size-full is-resized\"><img decoding=\"async\" width=\"429\" height=\"319\" src=\"https:\/\/www.bu.ufmg.br\/gcirculacao\/wp-content\/uploads\/2025\/10\/login.png\" alt=\"\" class=\"wp-image-1570\" style=\"width:628px;height:auto\" srcset=\"https:\/\/www.bu.ufmg.br\/gcirculacao\/wp-content\/uploads\/2025\/10\/login.png 429w, https:\/\/www.bu.ufmg.br\/gcirculacao\/wp-content\/uploads\/2025\/10\/login-300x223.png 300w, https:\/\/www.bu.ufmg.br\/gcirculacao\/wp-content\/uploads\/2025\/10\/login-50x37.png 50w, https:\/\/www.bu.ufmg.br\/gcirculacao\/wp-content\/uploads\/2025\/10\/login-81x60.png 81w, https:\/\/www.bu.ufmg.br\/gcirculacao\/wp-content\/uploads\/2025\/10\/login-110x83.png 110w\" sizes=\"(max-width: 429px) 100vw, 429px\" \/><\/figure><\/div>\n\n\n<figure class=\"wp-block-gallery has-nested-images columns-default is-cropped wp-block-gallery-1 is-layout-flex wp-block-gallery-is-layout-flex\"><\/figure>\n\n\n\n<p class=\"has-black-color has-text-color has-link-color has-medium-font-size wp-elements-91fc3d3dc699e0a2daa0359d50835eb5\">1.3 No menu lateral esquerdo,&nbsp; selecione a o item \u201cSolicita\u00e7\u00f5es\u201d<\/p>\n\n\n<div class=\"wp-block-image\">\n<figure class=\"aligncenter size-large\"><img decoding=\"async\" width=\"459\" height=\"356\" src=\"https:\/\/www.bu.ufmg.br\/gcirculacao\/wp-content\/uploads\/2025\/10\/solicitacoes-1.png\" alt=\"\" class=\"wp-image-1573\" srcset=\"https:\/\/www.bu.ufmg.br\/gcirculacao\/wp-content\/uploads\/2025\/10\/solicitacoes-1.png 459w, https:\/\/www.bu.ufmg.br\/gcirculacao\/wp-content\/uploads\/2025\/10\/solicitacoes-1-300x233.png 300w, https:\/\/www.bu.ufmg.br\/gcirculacao\/wp-content\/uploads\/2025\/10\/solicitacoes-1-50x39.png 50w, https:\/\/www.bu.ufmg.br\/gcirculacao\/wp-content\/uploads\/2025\/10\/solicitacoes-1-77x60.png 77w\" sizes=\"(max-width: 459px) 100vw, 459px\" \/><\/figure><\/div>\n\n\n<p><\/p>\n\n\n\n<p class=\"has-black-color has-text-color has-link-color has-medium-font-size wp-elements-c66c08c27464d34c6a87629a932f391f\">1.4 Em seguida,&nbsp; selecione&nbsp; a op\u00e7\u00e3o \u201cFicha Catalogr\u00e1fica\u201d<\/p>\n\n\n\n<p><\/p>\n\n\n<div class=\"wp-block-image\">\n<figure class=\"aligncenter size-full is-resized\"><img loading=\"lazy\" decoding=\"async\" width=\"234\" height=\"422\" src=\"https:\/\/www.bu.ufmg.br\/gcirculacao\/wp-content\/uploads\/2025\/10\/ficha.png\" alt=\"\" class=\"wp-image-1575\" style=\"width:261px;height:auto\" srcset=\"https:\/\/www.bu.ufmg.br\/gcirculacao\/wp-content\/uploads\/2025\/10\/ficha.png 234w, https:\/\/www.bu.ufmg.br\/gcirculacao\/wp-content\/uploads\/2025\/10\/ficha-166x300.png 166w, https:\/\/www.bu.ufmg.br\/gcirculacao\/wp-content\/uploads\/2025\/10\/ficha-28x50.png 28w, https:\/\/www.bu.ufmg.br\/gcirculacao\/wp-content\/uploads\/2025\/10\/ficha-33x60.png 33w\" sizes=\"(max-width: 234px) 100vw, 234px\" \/><\/figure><\/div>\n\n\n<p class=\"has-black-color has-text-color has-link-color has-medium-font-size wp-elements-17ba6f00a642200a047d533af467ae07\">1.5 Ser\u00e1 exibido um formul\u00e1rio para preenchimento com os dados do documento para o qual se deseja solicitar a ficha catalogr\u00e1fica.<\/p>\n\n\n\n<p class=\"has-black-color has-text-color has-link-color has-medium-font-size wp-elements-af4c2718e85a2573abf443f72fa646ab\">Preencha os campos solicitados, conforme descrito abaixo:<\/p>\n\n\n\n<ul>\n<li class=\"has-medium-font-size\">Selecione a <strong>biblioteca respons\u00e1vel<\/strong> pelo atendimento da solicita\u00e7\u00e3o;<\/li>\n\n\n\n<li class=\"has-medium-font-size\">Informe o <strong>t\u00edtulo do trabalho<\/strong> e as <strong>palavras-chave<\/strong>;<\/li>\n\n\n\n<li class=\"has-medium-font-size\">Preencha os campos com as <strong>informa\u00e7\u00f5es da folha de rosto<\/strong>, <strong>resumo<\/strong> e <strong>introdu\u00e7\u00e3o<\/strong>;<\/li>\n\n\n\n<li class=\"has-medium-font-size\">Indique as <strong>p\u00e1ginas da bibliografia<\/strong> e o <strong>total de p\u00e1ginas<\/strong> do documento;<\/li>\n\n\n\n<li class=\"has-medium-font-size\">Marque a op\u00e7\u00e3o de <strong>ilustra\u00e7\u00f5es<\/strong>, caso o trabalho as contenha;<\/li>\n\n\n\n<li class=\"has-medium-font-size\">Informe um <strong>e-mail de contato<\/strong> v\u00e1lido;<\/li>\n\n\n\n<li class=\"has-medium-font-size\">Ao final, <strong>anexe o arquivo PDF<\/strong> contendo o texto completo do trabalho.<\/li>\n<\/ul>\n\n\n\n<p class=\"has-black-color has-text-color has-link-color has-medium-font-size wp-elements-eac4e65523fdced7b90f6a7c13b544bf\">Ap\u00f3s o preenchimento, clique em <strong>&#8220;Gravar&#8221;<\/strong>. O sistema enviar\u00e1 automaticamente um e-mail com os dados da solicita\u00e7\u00e3o para a biblioteca selecionada.<\/p>\n\n\n\n<p><\/p>\n\n\n<div class=\"wp-block-image\">\n<figure class=\"aligncenter size-full\"><img loading=\"lazy\" decoding=\"async\" width=\"567\" height=\"653\" src=\"https:\/\/www.bu.ufmg.br\/gcirculacao\/wp-content\/uploads\/2025\/10\/formulario.png\" alt=\"\" class=\"wp-image-1576\" srcset=\"https:\/\/www.bu.ufmg.br\/gcirculacao\/wp-content\/uploads\/2025\/10\/formulario.png 567w, https:\/\/www.bu.ufmg.br\/gcirculacao\/wp-content\/uploads\/2025\/10\/formulario-260x300.png 260w, https:\/\/www.bu.ufmg.br\/gcirculacao\/wp-content\/uploads\/2025\/10\/formulario-43x50.png 43w, https:\/\/www.bu.ufmg.br\/gcirculacao\/wp-content\/uploads\/2025\/10\/formulario-52x60.png 52w\" sizes=\"(max-width: 567px) 100vw, 567px\" \/><\/figure><\/div>\n\n\n<p>          <strong>2. Instru\u00e7\u00f5es para a equipe da biblioteca<\/strong><\/p>\n\n\n\n<p class=\"has-medium-font-size\">2.1 Para que a equipe da biblioteca, visualize as solicita\u00e7\u00f5es &nbsp;realizadas pelo usu\u00e1rio, acesse o Menu \u00bb&nbsp;CIRCULA\u00c7\u00c3O DE MATERIAIS&nbsp;\u00bb&nbsp;Servi\u00e7os.<\/p>\n\n\n\n<p class=\"has-black-color has-text-color has-link-color has-medium-font-size wp-elements-553d567eb24ff9c035b7fad37ec8ad7c\">2.2&nbsp;Na aba \u201cPesquisa\u201d, selecione a biblioteca,&nbsp; &nbsp;selecione o Tipo de Servi\u00e7o \u201cFicha Catalogr\u00e1fica\u201d , &nbsp;informe per\u00edodo de datas e click em \u201cMostrar\u201d.<\/p>\n\n\n\n<p><\/p>\n\n\n<div class=\"wp-block-image\">\n<figure class=\"aligncenter size-full\"><img loading=\"lazy\" decoding=\"async\" width=\"567\" height=\"551\" src=\"https:\/\/www.bu.ufmg.br\/gcirculacao\/wp-content\/uploads\/2025\/10\/servico.png\" alt=\"\" class=\"wp-image-1577\" srcset=\"https:\/\/www.bu.ufmg.br\/gcirculacao\/wp-content\/uploads\/2025\/10\/servico.png 567w, https:\/\/www.bu.ufmg.br\/gcirculacao\/wp-content\/uploads\/2025\/10\/servico-300x292.png 300w, https:\/\/www.bu.ufmg.br\/gcirculacao\/wp-content\/uploads\/2025\/10\/servico-50x50.png 50w, https:\/\/www.bu.ufmg.br\/gcirculacao\/wp-content\/uploads\/2025\/10\/servico-62x60.png 62w\" sizes=\"(max-width: 567px) 100vw, 567px\" \/><\/figure><\/div>\n\n\n<p class=\"has-black-color has-text-color has-link-color has-medium-font-size wp-elements-41e7226873a10ab1afcc1f80f20b9bbe\">2.3 Com o resultado em tela, selecione o \u00edcone de l\u00e1pis para visualizar os dados da solicita\u00e7\u00e3o.<\/p>\n\n\n\n<p><\/p>\n\n\n<div class=\"wp-block-image\">\n<figure class=\"aligncenter size-full is-resized\"><img loading=\"lazy\" decoding=\"async\" width=\"570\" height=\"234\" src=\"https:\/\/www.bu.ufmg.br\/gcirculacao\/wp-content\/uploads\/2025\/10\/edicao.png\" alt=\"\" class=\"wp-image-1578\" style=\"width:850px;height:auto\" srcset=\"https:\/\/www.bu.ufmg.br\/gcirculacao\/wp-content\/uploads\/2025\/10\/edicao.png 570w, https:\/\/www.bu.ufmg.br\/gcirculacao\/wp-content\/uploads\/2025\/10\/edicao-300x123.png 300w, https:\/\/www.bu.ufmg.br\/gcirculacao\/wp-content\/uploads\/2025\/10\/edicao-50x21.png 50w, https:\/\/www.bu.ufmg.br\/gcirculacao\/wp-content\/uploads\/2025\/10\/edicao-146x60.png 146w\" sizes=\"(max-width: 570px) 100vw, 570px\" \/><\/figure><\/div>\n\n\n<p class=\"has-black-color has-text-color has-link-color has-medium-font-size wp-elements-951e43d2d5bcda438f2f787b996ffbaf\">2.4 Revise os dados e fa\u00e7a o download do arquivo PDF com o texto completo, que ser\u00e1 utilizado na cria\u00e7\u00e3o da ficha catalogr\u00e1fica.<\/p>\n\n\n\n<p><\/p>\n\n\n<div class=\"wp-block-image\">\n<figure class=\"aligncenter size-full is-resized\"><img loading=\"lazy\" decoding=\"async\" width=\"570\" height=\"594\" src=\"https:\/\/www.bu.ufmg.br\/gcirculacao\/wp-content\/uploads\/2025\/10\/baixar.png\" alt=\"\" class=\"wp-image-1579\" style=\"width:727px;height:auto\" srcset=\"https:\/\/www.bu.ufmg.br\/gcirculacao\/wp-content\/uploads\/2025\/10\/baixar.png 570w, https:\/\/www.bu.ufmg.br\/gcirculacao\/wp-content\/uploads\/2025\/10\/baixar-288x300.png 288w, https:\/\/www.bu.ufmg.br\/gcirculacao\/wp-content\/uploads\/2025\/10\/baixar-48x50.png 48w, https:\/\/www.bu.ufmg.br\/gcirculacao\/wp-content\/uploads\/2025\/10\/baixar-58x60.png 58w\" sizes=\"(max-width: 570px) 100vw, 570px\" \/><\/figure><\/div>\n\n\n<p class=\"has-black-color has-text-color has-link-color has-medium-font-size wp-elements-5941bc39439cc9d82d84423588ad7600\">2.5 Ap\u00f3s a finaliza\u00e7\u00e3o do servi\u00e7o,&nbsp; envie e-mail ao usu\u00e1rio,&nbsp; altere o campo \u201cSitua\u00e7\u00e3o\u201d&nbsp; para Atendido e click em \u201cAlterar.<\/p>\n\n\n\n<p><\/p>\n\n\n<div class=\"wp-block-image\">\n<figure class=\"aligncenter size-full is-resized\"><img loading=\"lazy\" decoding=\"async\" width=\"570\" height=\"575\" src=\"https:\/\/www.bu.ufmg.br\/gcirculacao\/wp-content\/uploads\/2025\/10\/email.png\" alt=\"\" class=\"wp-image-1580\" style=\"width:711px;height:auto\" srcset=\"https:\/\/www.bu.ufmg.br\/gcirculacao\/wp-content\/uploads\/2025\/10\/email.png 570w, https:\/\/www.bu.ufmg.br\/gcirculacao\/wp-content\/uploads\/2025\/10\/email-297x300.png 297w, https:\/\/www.bu.ufmg.br\/gcirculacao\/wp-content\/uploads\/2025\/10\/email-150x150.png 150w, https:\/\/www.bu.ufmg.br\/gcirculacao\/wp-content\/uploads\/2025\/10\/email-50x50.png 50w, https:\/\/www.bu.ufmg.br\/gcirculacao\/wp-content\/uploads\/2025\/10\/email-59x60.png 59w\" sizes=\"(max-width: 570px) 100vw, 570px\" \/><\/figure><\/div>","protected":false},"excerpt":{"rendered":"<p>Orienta\u00e7\u00e3o para o usu\u00e1rio 1.1 Acesse a p\u00e1gina Cat\u00e1logo online .\u00a0 Clique no\u00a0 \u00edcone\u00a0 \u201cEntrar\u201d\u00a0 &hellip; <\/p>\n","protected":false},"author":4,"featured_media":0,"parent":0,"menu_order":0,"comment_status":"closed","ping_status":"closed","template":"","meta":{"om_disable_all_campaigns":false,"_monsterinsights_skip_tracking":false,"_monsterinsights_sitenote_active":false,"_monsterinsights_sitenote_note":"","_monsterinsights_sitenote_category":0,"_uf_show_specific_survey":0,"_uf_disable_surveys":false,"footnotes":""},"wppr_data":{"cwp_meta_box_check":"No"},"_links":{"self":[{"href":"https:\/\/www.bu.ufmg.br\/gcirculacao\/wp-json\/wp\/v2\/pages\/1299"}],"collection":[{"href":"https:\/\/www.bu.ufmg.br\/gcirculacao\/wp-json\/wp\/v2\/pages"}],"about":[{"href":"https:\/\/www.bu.ufmg.br\/gcirculacao\/wp-json\/wp\/v2\/types\/page"}],"author":[{"embeddable":true,"href":"https:\/\/www.bu.ufmg.br\/gcirculacao\/wp-json\/wp\/v2\/users\/4"}],"replies":[{"embeddable":true,"href":"https:\/\/www.bu.ufmg.br\/gcirculacao\/wp-json\/wp\/v2\/comments?post=1299"}],"version-history":[{"count":19,"href":"https:\/\/www.bu.ufmg.br\/gcirculacao\/wp-json\/wp\/v2\/pages\/1299\/revisions"}],"predecessor-version":[{"id":1585,"href":"https:\/\/www.bu.ufmg.br\/gcirculacao\/wp-json\/wp\/v2\/pages\/1299\/revisions\/1585"}],"wp:attachment":[{"href":"https:\/\/www.bu.ufmg.br\/gcirculacao\/wp-json\/wp\/v2\/media?parent=1299"}],"curies":[{"name":"wp","href":"https:\/\/api.w.org\/{rel}","templated":true}]}}