{"id":1127,"date":"2021-04-25T21:09:23","date_gmt":"2021-04-26T00:09:23","guid":{"rendered":"https:\/\/www.bu.ufmg.br\/gcirculacao\/?page_id=1127"},"modified":"2021-04-25T21:09:24","modified_gmt":"2021-04-26T00:09:24","slug":"faq-acesso-ao-pergamum","status":"publish","type":"page","link":"https:\/\/www.bu.ufmg.br\/gcirculacao\/faq-acesso-ao-pergamum\/","title":{"rendered":"FAQ &#8211; Acesso ao Pergamum"},"content":{"rendered":"\n<p><span class=\"tadv-color\"><strong>Conseguia acessar o pergamum, mas agora n\u00e3o consigo mais. O que houve?<\/strong><\/span><\/p>\n<p>O primeiro passo \u00e9 ter certeza de que voc\u00ea est\u00e1 conectado com a rede. Para isso, tente acessar qualquer site na internet. Se voc\u00ea n\u00e3o conseguir, significa que voc\u00ea est\u00e1 off line. O Pergamum s\u00f3 funcionar\u00e1 em computadores on line. Contate o administrador da sua rede para saber o que est\u00e1 havendo.<\/p>\n<p>O link para acesso do Pergamum Web \u00e9: \u00a0<\/p>\n<p>\u00a0<strong><a href=\"https:\/\/sistemas.ufmg.br\/pergamumweb\/\">https:\/\/sistemas.ufmg.br\/pergamumweb\/<\/a><\/strong><\/p>\n<p>ou<\/p>\n<p><strong><a href=\"https:\/\/pergamum.ufmg.br\/pergamumweb\/\">https:\/\/pergamum.ufmg.br\/pergamumweb\/<\/a><\/strong><\/p>\n<p>Caso voc\u00ea esteja com acesso a internet mas mesmo assim sem acesso\u00a0ao Pergamum Web, envie um email para a equipe de suporte da DITTI: \u00a0\u00a0<strong>\u00a0<a href=\"mailto:ditti@bu.ufmg.br\">ditti@bu.ufmg.br<\/a><\/strong><\/p>\n","protected":false},"excerpt":{"rendered":"<p>Conseguia acessar o pergamum, mas agora n\u00e3o consigo mais. O que houve? O primeiro passo &hellip; <\/p>\n","protected":false},"author":1,"featured_media":0,"parent":0,"menu_order":0,"comment_status":"closed","ping_status":"closed","template":"","meta":{"om_disable_all_campaigns":false,"_monsterinsights_skip_tracking":false,"_monsterinsights_sitenote_active":false,"_monsterinsights_sitenote_note":"","_monsterinsights_sitenote_category":0,"_uf_show_specific_survey":0,"_uf_disable_surveys":false,"footnotes":""},"wppr_data":{"cwp_meta_box_check":"No"},"_links":{"self":[{"href":"https:\/\/www.bu.ufmg.br\/gcirculacao\/wp-json\/wp\/v2\/pages\/1127"}],"collection":[{"href":"https:\/\/www.bu.ufmg.br\/gcirculacao\/wp-json\/wp\/v2\/pages"}],"about":[{"href":"https:\/\/www.bu.ufmg.br\/gcirculacao\/wp-json\/wp\/v2\/types\/page"}],"author":[{"embeddable":true,"href":"https:\/\/www.bu.ufmg.br\/gcirculacao\/wp-json\/wp\/v2\/users\/1"}],"replies":[{"embeddable":true,"href":"https:\/\/www.bu.ufmg.br\/gcirculacao\/wp-json\/wp\/v2\/comments?post=1127"}],"version-history":[{"count":1,"href":"https:\/\/www.bu.ufmg.br\/gcirculacao\/wp-json\/wp\/v2\/pages\/1127\/revisions"}],"predecessor-version":[{"id":1128,"href":"https:\/\/www.bu.ufmg.br\/gcirculacao\/wp-json\/wp\/v2\/pages\/1127\/revisions\/1128"}],"wp:attachment":[{"href":"https:\/\/www.bu.ufmg.br\/gcirculacao\/wp-json\/wp\/v2\/media?parent=1127"}],"curies":[{"name":"wp","href":"https:\/\/api.w.org\/{rel}","templated":true}]}}