{"id":1107,"date":"2021-04-25T20:34:41","date_gmt":"2021-04-25T23:34:41","guid":{"rendered":"https:\/\/www.bu.ufmg.br\/gcirculacao\/?page_id=1107"},"modified":"2021-04-25T20:34:41","modified_gmt":"2021-04-25T23:34:41","slug":"faq-recibo-de-devocao","status":"publish","type":"page","link":"https:\/\/www.bu.ufmg.br\/gcirculacao\/faq-recibo-de-devocao\/","title":{"rendered":"FAQ &#8211; Recibo de devo\u00e7\u00e3o"},"content":{"rendered":"\n<h2 class=\"art-PostHeader\">Como imprimir segunda via do recibo de devolu\u00e7\u00e3o de materiais?<\/h2>\n<div class=\"art-PostContent\">\n<div class=\"art-article\">\n<p>Para imprimir a segunda via de devolu\u00e7\u00e3o, acesse o m\u00f3dulo de &#8220;Circula\u00e7\u00e3o de Materiais&#8221; &gt; &#8220;Empr\u00e9stimo&#8221;.<\/p>\n<p>&#8211; Informe o c\u00f3digo de usu\u00e1rio;<br \/>&#8211;\u00a0Selecione a guia &#8220;Hist\u00f3rico&#8221;;<br \/>&#8211; Informe per\u00edodo de data inicial e final;<br \/>&#8211; Clique no bot\u00e3o \u201cMostrar\u201d;<br \/>&#8211; Selecione a op\u00e7\u00e3o &#8220;Geral&#8221;;<br \/>&#8211; Selecione a linha de empr\u00e9stimo\/devolu\u00e7\u00e3o;<br \/>&#8211; Click no bot\u00e3o \u201c 2\u00aa\u00a0via\u201d.<\/p>\n<\/div>\n<\/div>\n","protected":false},"excerpt":{"rendered":"<p>Como imprimir segunda via do recibo de devolu\u00e7\u00e3o de materiais? Para imprimir a segunda via &hellip; <\/p>\n","protected":false},"author":1,"featured_media":0,"parent":0,"menu_order":0,"comment_status":"closed","ping_status":"closed","template":"","meta":{"om_disable_all_campaigns":false,"_monsterinsights_skip_tracking":false,"_monsterinsights_sitenote_active":false,"_monsterinsights_sitenote_note":"","_monsterinsights_sitenote_category":0,"_uf_show_specific_survey":0,"_uf_disable_surveys":false,"footnotes":""},"wppr_data":{"cwp_meta_box_check":"No"},"_links":{"self":[{"href":"https:\/\/www.bu.ufmg.br\/gcirculacao\/wp-json\/wp\/v2\/pages\/1107"}],"collection":[{"href":"https:\/\/www.bu.ufmg.br\/gcirculacao\/wp-json\/wp\/v2\/pages"}],"about":[{"href":"https:\/\/www.bu.ufmg.br\/gcirculacao\/wp-json\/wp\/v2\/types\/page"}],"author":[{"embeddable":true,"href":"https:\/\/www.bu.ufmg.br\/gcirculacao\/wp-json\/wp\/v2\/users\/1"}],"replies":[{"embeddable":true,"href":"https:\/\/www.bu.ufmg.br\/gcirculacao\/wp-json\/wp\/v2\/comments?post=1107"}],"version-history":[{"count":1,"href":"https:\/\/www.bu.ufmg.br\/gcirculacao\/wp-json\/wp\/v2\/pages\/1107\/revisions"}],"predecessor-version":[{"id":1108,"href":"https:\/\/www.bu.ufmg.br\/gcirculacao\/wp-json\/wp\/v2\/pages\/1107\/revisions\/1108"}],"wp:attachment":[{"href":"https:\/\/www.bu.ufmg.br\/gcirculacao\/wp-json\/wp\/v2\/media?parent=1107"}],"curies":[{"name":"wp","href":"https:\/\/api.w.org\/{rel}","templated":true}]}}