{"id":1100,"date":"2021-04-25T20:29:53","date_gmt":"2021-04-25T23:29:53","guid":{"rendered":"https:\/\/www.bu.ufmg.br\/gcirculacao\/?page_id=1100"},"modified":"2023-10-19T17:41:54","modified_gmt":"2023-10-19T20:41:54","slug":"faq-emprestimo-especial","status":"publish","type":"page","link":"https:\/\/www.bu.ufmg.br\/gcirculacao\/faq-emprestimo-especial\/","title":{"rendered":"FAQ &#8211; Empr\u00e9stimo especial"},"content":{"rendered":"\n<h2 class=\"art-PostHeader\">\u00c9 poss\u00edvel emprestar um livro se o usu\u00e1rio j\u00e1 tiver excedido o limite de empr\u00e9stimos?<\/h2>\n<div class=\"art-PostContent\">\n<div class=\"art-article\">\n<p>Sim, o sistema permite fazer este tipo de empr\u00e9stimo. Para isso voc\u00ea precisa ter permiss\u00e3o habilitada para realizar um empr\u00e9stimo especial.\u00a0<\/p>\n<p>Execute os seguintes passos:<\/p>\n<p>&#8211; Abra o m\u00f3dulo de \u201cCircula\u00e7\u00e3o de materiais\u201d &gt; &#8220;Empr\u00e9stimo&#8221;.<\/p>\n<p>&#8211; Informe o c\u00f3digo do usu\u00e1rio e do exemplar que deseja emprestar;<br \/>&#8211; Marque a op\u00e7\u00e3o\u00a0 \u201cEmpr\u00e9stimo Especial\u201d;\u00a0<br \/>&#8211; Determine a data e hora da devolu\u00e7\u00e3o e clique em &#8220;Emprestar&#8221;;<\/p>\n<p>Esse tipo de empr\u00e9stimo tamb\u00e9m \u00e9 usado para empr\u00e9stimos de fim de semana, no caso de livros que s\u00e3o emprestados por hora.<\/p>\n<ul style=\"list-style-type: square;\">\n<li>Alerta: A cobran\u00e7a de multa do empr\u00e9stimo especial\u00a0 \u00e9 por hora.\u00a0<\/li>\n<\/ul>\n<p><img decoding=\"async\" src=\"https:\/\/www.bu.ufmg.br\/gcirculacao\/wp-content\/uploads\/2023\/10\/emprestimo-especial.png\" alt=\"\" \/><\/p>\n<\/div>\n<\/div>\n","protected":false},"excerpt":{"rendered":"<p>\u00c9 poss\u00edvel emprestar um livro se o usu\u00e1rio j\u00e1 tiver excedido o limite de empr\u00e9stimos? &hellip; <\/p>\n","protected":false},"author":1,"featured_media":0,"parent":0,"menu_order":0,"comment_status":"closed","ping_status":"closed","template":"","meta":{"om_disable_all_campaigns":false,"_monsterinsights_skip_tracking":false,"_monsterinsights_sitenote_active":false,"_monsterinsights_sitenote_note":"","_monsterinsights_sitenote_category":0,"_uf_show_specific_survey":0,"_uf_disable_surveys":false,"footnotes":""},"wppr_data":{"cwp_meta_box_check":"No"},"_links":{"self":[{"href":"https:\/\/www.bu.ufmg.br\/gcirculacao\/wp-json\/wp\/v2\/pages\/1100"}],"collection":[{"href":"https:\/\/www.bu.ufmg.br\/gcirculacao\/wp-json\/wp\/v2\/pages"}],"about":[{"href":"https:\/\/www.bu.ufmg.br\/gcirculacao\/wp-json\/wp\/v2\/types\/page"}],"author":[{"embeddable":true,"href":"https:\/\/www.bu.ufmg.br\/gcirculacao\/wp-json\/wp\/v2\/users\/1"}],"replies":[{"embeddable":true,"href":"https:\/\/www.bu.ufmg.br\/gcirculacao\/wp-json\/wp\/v2\/comments?post=1100"}],"version-history":[{"count":5,"href":"https:\/\/www.bu.ufmg.br\/gcirculacao\/wp-json\/wp\/v2\/pages\/1100\/revisions"}],"predecessor-version":[{"id":1326,"href":"https:\/\/www.bu.ufmg.br\/gcirculacao\/wp-json\/wp\/v2\/pages\/1100\/revisions\/1326"}],"wp:attachment":[{"href":"https:\/\/www.bu.ufmg.br\/gcirculacao\/wp-json\/wp\/v2\/media?parent=1100"}],"curies":[{"name":"wp","href":"https:\/\/api.w.org\/{rel}","templated":true}]}}