{"id":1057,"date":"2021-04-25T19:24:55","date_gmt":"2021-04-25T22:24:55","guid":{"rendered":"https:\/\/www.bu.ufmg.br\/gcirculacao\/?page_id=1057"},"modified":"2021-04-25T19:32:08","modified_gmt":"2021-04-25T22:32:08","slug":"1057-2","status":"publish","type":"page","link":"https:\/\/www.bu.ufmg.br\/gcirculacao\/1057-2\/","title":{"rendered":"Impress\u00e3o de Relat\u00f3rio"},"content":{"rendered":"\n<h2 class=\"art-PostHeader\">Quando tento imprimir um relat\u00f3rio, malote, ou qualquer outra coisa a partir do Pergamum, ele n\u00e3o encontra a impressora. Por que?<\/h2>\n<div class=\"art-PostContent\">\n<div class=\"art-article\">\n<p>Verifique se voc\u00ea tem configurada uma impressora padr\u00e3o. O Pergamum busca por default a impressora que o Windows coloca como padr\u00e3o.<\/p>\n<\/div>\n<\/div>\n","protected":false},"excerpt":{"rendered":"<p>Quando tento imprimir um relat\u00f3rio, malote, ou qualquer outra coisa a partir do Pergamum, ele &hellip; <\/p>\n","protected":false},"author":1,"featured_media":0,"parent":0,"menu_order":0,"comment_status":"closed","ping_status":"closed","template":"","meta":{"om_disable_all_campaigns":false,"_monsterinsights_skip_tracking":false,"_monsterinsights_sitenote_active":false,"_monsterinsights_sitenote_note":"","_monsterinsights_sitenote_category":0,"_uf_show_specific_survey":0,"_uf_disable_surveys":false,"footnotes":""},"wppr_data":{"cwp_meta_box_check":"No"},"_links":{"self":[{"href":"https:\/\/www.bu.ufmg.br\/gcirculacao\/wp-json\/wp\/v2\/pages\/1057"}],"collection":[{"href":"https:\/\/www.bu.ufmg.br\/gcirculacao\/wp-json\/wp\/v2\/pages"}],"about":[{"href":"https:\/\/www.bu.ufmg.br\/gcirculacao\/wp-json\/wp\/v2\/types\/page"}],"author":[{"embeddable":true,"href":"https:\/\/www.bu.ufmg.br\/gcirculacao\/wp-json\/wp\/v2\/users\/1"}],"replies":[{"embeddable":true,"href":"https:\/\/www.bu.ufmg.br\/gcirculacao\/wp-json\/wp\/v2\/comments?post=1057"}],"version-history":[{"count":2,"href":"https:\/\/www.bu.ufmg.br\/gcirculacao\/wp-json\/wp\/v2\/pages\/1057\/revisions"}],"predecessor-version":[{"id":1063,"href":"https:\/\/www.bu.ufmg.br\/gcirculacao\/wp-json\/wp\/v2\/pages\/1057\/revisions\/1063"}],"wp:attachment":[{"href":"https:\/\/www.bu.ufmg.br\/gcirculacao\/wp-json\/wp\/v2\/media?parent=1057"}],"curies":[{"name":"wp","href":"https:\/\/api.w.org\/{rel}","templated":true}]}}