{"id":81,"date":"2017-01-19T22:51:41","date_gmt":"2017-01-19T22:51:41","guid":{"rendered":"https:\/\/www.bu.ufmg.br\/ditti\/?page_id=81"},"modified":"2024-08-16T13:18:05","modified_gmt":"2024-08-16T13:18:05","slug":"suporte-informatica","status":"publish","type":"page","link":"https:\/\/www.bu.ufmg.br\/ditti\/suporte-informatica\/","title":{"rendered":"Suporte Inform\u00e1tica"},"content":{"rendered":"<p><strong>Equipe: <\/strong><\/p>\n<p>Felipe Cardoso Gon\u00e7alves Ferreira<br \/>\nRafael Quirino Oliveira Goncalves<\/p>\n<p><strong>Coordena\u00e7\u00e3o:<\/strong>\u00a0 \u00a0 Diretoria da BU<\/p>\n<p><strong>Atividades:<\/strong><\/p>\n<ul>\n<li>Suporte \u00e0 instala\u00e7\u00e3o e configura\u00e7\u00e3o de coletores para realiza\u00e7\u00e3o de invent\u00e1rio no Pergamum;<\/li>\n<li>Controle de registros 1999&#8230;.;<\/li>\n<li>Impress\u00e3o de etiquetas, controladas pela DFDA, com c\u00f3digos de barras de registros patrimoni\u00e1veis;<\/li>\n<li>Manuten\u00e7\u00e3o de hardware e software nos computadores da BC\/BU;<\/li>\n<li>Instala\u00e7\u00e3o e configura\u00e7\u00e3o do cliente Notes;<\/li>\n<li>Manuten\u00e7\u00e3o corretiva na rede f\u00edsica da BC\/BU;<\/li>\n<li>Gerenciamento de rede.<\/li>\n<\/ul>\n<p><strong>Ramal de<\/strong> <strong>telefone<\/strong>: 4618<br \/>\n<strong>Email:<\/strong> bu-suporte@ufmg.br<\/p>\n<p>Gentileza encaminhar todas as solicita\u00e7\u00f5es com c\u00f3pia para dir@bu.ufmg.br<\/p>\n","protected":false},"excerpt":{"rendered":"<p>Equipe: Felipe Cardoso Gon\u00e7alves Ferreira Rafael Quirino Oliveira Goncalves Coordena\u00e7\u00e3o:\u00a0 \u00a0 Diretoria da BU Atividades: Suporte \u00e0 instala\u00e7\u00e3o e configura\u00e7\u00e3o de coletores para realiza\u00e7\u00e3o de invent\u00e1rio no Pergamum; Controle de &hellip; <\/p>\n","protected":false},"author":1,"featured_media":0,"parent":0,"menu_order":0,"comment_status":"closed","ping_status":"closed","template":"","meta":{"footnotes":""},"class_list":["post-81","page","type-page","status-publish","hentry"],"_links":{"self":[{"href":"https:\/\/www.bu.ufmg.br\/ditti\/wp-json\/wp\/v2\/pages\/81","targetHints":{"allow":["GET"]}}],"collection":[{"href":"https:\/\/www.bu.ufmg.br\/ditti\/wp-json\/wp\/v2\/pages"}],"about":[{"href":"https:\/\/www.bu.ufmg.br\/ditti\/wp-json\/wp\/v2\/types\/page"}],"author":[{"embeddable":true,"href":"https:\/\/www.bu.ufmg.br\/ditti\/wp-json\/wp\/v2\/users\/1"}],"replies":[{"embeddable":true,"href":"https:\/\/www.bu.ufmg.br\/ditti\/wp-json\/wp\/v2\/comments?post=81"}],"version-history":[{"count":5,"href":"https:\/\/www.bu.ufmg.br\/ditti\/wp-json\/wp\/v2\/pages\/81\/revisions"}],"predecessor-version":[{"id":996,"href":"https:\/\/www.bu.ufmg.br\/ditti\/wp-json\/wp\/v2\/pages\/81\/revisions\/996"}],"wp:attachment":[{"href":"https:\/\/www.bu.ufmg.br\/ditti\/wp-json\/wp\/v2\/media?parent=81"}],"curies":[{"name":"wp","href":"https:\/\/api.w.org\/{rel}","templated":true}]}}