{"id":62,"date":"2017-01-19T22:26:14","date_gmt":"2017-01-19T22:26:14","guid":{"rendered":"https:\/\/www.bu.ufmg.br\/ditti\/?page_id=62"},"modified":"2022-08-18T23:47:07","modified_gmt":"2022-08-18T23:47:07","slug":"contato","status":"publish","type":"page","link":"https:\/\/www.bu.ufmg.br\/ditti\/contato\/","title":{"rendered":"Contato"},"content":{"rendered":"<p class=\"font8\"><strong>Universidade Federal de Minas Gerais<\/strong><br \/>\n<b><span style=\"font-family: Verdana; font-size: small;\"><span lang=\"pt-br\">Biblioteca Universit\u00e1ria<br \/>\n<\/span><\/span><\/b><b><span style=\"font-family: Verdana; font-size: small;\"><span lang=\"pt-br\">Divis\u00e3o de Tratamento e Tecnologia da Informa\u00e7\u00e3o<br \/>\n<\/span><br \/>\n<\/span><\/b><span style=\"font-family: Verdana; font-size: small;\"><br \/>\n<span lang=\"pt-br\">Pr\u00e9dio Biblioteca Central<\/span> &#8211; UFMG<br \/>\nAv. Ant\u00f4nio Carlos, 6627 &#8211; Sala 1<span lang=\"pt-br\">09<br \/>\n<\/span>Campus Pampulha &#8211; <span lang=\"pt-br\">31270-900<\/span><br \/>\nBelo Horizonte &#8211; Minas Gerais &#8211; Brasil<\/span><\/p>\n<p class=\"font8\"><span style=\"font-family: Verdana; font-size: small;\"><br \/>\nTelefone: +55 (31) 3409.<span lang=\"pt-br\">4619<br \/>\nCelular Institucional: (31) 9313-0455<\/span><\/span><\/p>\n<p class=\"font8\"><span style=\"font-family: Verdana; font-size: small;\"><br \/>\ne-mail: <span class=\"link\"><br \/>\n<a href=\"mailto:bu-ditti@ufmg.br\">bu-ditti@ufmg.br<\/a><\/span><\/span><\/p>\n","protected":false},"excerpt":{"rendered":"<p>Universidade Federal de Minas Gerais Biblioteca Universit\u00e1ria Divis\u00e3o de Tratamento e Tecnologia da Informa\u00e7\u00e3o Pr\u00e9dio Biblioteca Central &#8211; UFMG Av. Ant\u00f4nio Carlos, 6627 &#8211; Sala 109 Campus Pampulha &#8211; 31270-900 &hellip; <\/p>\n","protected":false},"author":1,"featured_media":0,"parent":0,"menu_order":0,"comment_status":"closed","ping_status":"closed","template":"","meta":{"footnotes":""},"class_list":["post-62","page","type-page","status-publish","hentry"],"_links":{"self":[{"href":"https:\/\/www.bu.ufmg.br\/ditti\/wp-json\/wp\/v2\/pages\/62","targetHints":{"allow":["GET"]}}],"collection":[{"href":"https:\/\/www.bu.ufmg.br\/ditti\/wp-json\/wp\/v2\/pages"}],"about":[{"href":"https:\/\/www.bu.ufmg.br\/ditti\/wp-json\/wp\/v2\/types\/page"}],"author":[{"embeddable":true,"href":"https:\/\/www.bu.ufmg.br\/ditti\/wp-json\/wp\/v2\/users\/1"}],"replies":[{"embeddable":true,"href":"https:\/\/www.bu.ufmg.br\/ditti\/wp-json\/wp\/v2\/comments?post=62"}],"version-history":[{"count":2,"href":"https:\/\/www.bu.ufmg.br\/ditti\/wp-json\/wp\/v2\/pages\/62\/revisions"}],"predecessor-version":[{"id":662,"href":"https:\/\/www.bu.ufmg.br\/ditti\/wp-json\/wp\/v2\/pages\/62\/revisions\/662"}],"wp:attachment":[{"href":"https:\/\/www.bu.ufmg.br\/ditti\/wp-json\/wp\/v2\/media?parent=62"}],"curies":[{"name":"wp","href":"https:\/\/api.w.org\/{rel}","templated":true}]}}