{"id":586,"date":"2022-04-11T16:29:42","date_gmt":"2022-04-11T19:29:42","guid":{"rendered":"https:\/\/www.bu.ufmg.br\/catalogacao\/?page_id=586"},"modified":"2022-05-26T17:08:48","modified_gmt":"2022-05-26T20:08:48","slug":"registro-1999-material-que-acompanha","status":"publish","type":"page","link":"https:\/\/www.bu.ufmg.br\/catalogacao\/registro-1999-material-que-acompanha\/","title":{"rendered":"Registro 1999&#8230;. &#8211;  Material que acompanha"},"content":{"rendered":"\n<figure class=\"wp-block-table has-medium-font-size\"><table class=\"has-colibri-color-6-color has-text-color has-background\" style=\"background:linear-gradient(100deg,rgb(238,238,238) 0%,rgb(169,184,195) 100%)\"><thead><tr><th class=\"has-text-align-left\" data-align=\"left\">BIBLIOTECA UNIVERSIT\u00c1RIA \u2013 UFMG\u00a0\u00a0\u00a0\u00a0\u00a0\u00a0\u00a0\u00a0\u00a0\u00a0\u00a0\u00a0\u00a0\u00a0\u00a0\u00a0\u00a0\u00a0\u00a0\u00a0\u00a0\u00a0\u00a0\u00a0\u00a0\u00a0\u00a0\u00a0\u00a0\u00a0\u00a0\u00a0\u00a0\u00a0\u00a0\u00a0\u00a0\u00a0\u00a0\u00a0\u00a0\u00a0\u00a0\u00a0\u00a0<br>CENTRAL DE CONTROLE E QUALIDADE DA CATALOGA\u00c7\u00c3O &#8211; CCQC<\/th><\/tr><\/thead><tbody><tr><td class=\"has-text-align-left\" data-align=\"left\"><br><br><strong>COMUNICADO N\u00ba<\/strong>: 09 \u00a0 \u00a0 \u00a0 \u00a0 \u00a0 \u00a0 \u00a0 \u00a0\u00a0<strong>DATA<\/strong>:\u00a0 1999<\/td><\/tr><tr><td class=\"has-text-align-left\" data-align=\"left\"><br><br><strong>ASSUNTO<\/strong>: Registro 1999&#8230;.<\/td><\/tr><tr><td class=\"has-text-align-left\" data-align=\"left\">N\u00famero de item 1999 usado tamb\u00e9m para monografias de alunos<br>&nbsp;<br>&nbsp;<strong>ESTAT\u00cdSTICA<\/strong><br>Pedimos mais uma vez que os catalogadores informem os totais nas estat\u00edsticas. Em rela\u00e7\u00e3o ao item s\u00f3 \u00e9 necess\u00e1rio o <strong>TOTAL de \u00edtens<\/strong> . N\u00e3o \u00e9 preciso informar os n\u00fameros dos itens<br>&nbsp;<br><strong>N\u00famero de item 1999&#8230;.<\/strong><br>Segundo a auditoria, obras com material que acompanha por ex; livro acompanhado de v\u00eddeo, livro acompanhado de CD-ROM etc. apenas o material predominante deve receber patrim\u00f4nio, o material que acompanha recebe n\u00famero de item 1999&#8230;<br>&nbsp;<br>No caso de CD-ROM, v\u00eddeos, disquetes etc. &nbsp;avulsos: recebem o n\u00famero de patrim\u00f4nio&nbsp;<br>Esta dispon\u00edvel na CCQC para consulta ou empr\u00e9stimo o manual da rede Bibliodata CALCO vers\u00e3o preliminar de 1999.<\/td><\/tr><\/tbody><\/table><\/figure>\n","protected":false},"excerpt":{"rendered":"<p>BIBLIOTECA UNIVERSIT\u00c1RIA \u2013 UFMG\u00a0\u00a0\u00a0\u00a0\u00a0\u00a0\u00a0\u00a0\u00a0\u00a0\u00a0\u00a0\u00a0\u00a0\u00a0\u00a0\u00a0\u00a0\u00a0\u00a0\u00a0\u00a0\u00a0\u00a0\u00a0\u00a0\u00a0\u00a0\u00a0\u00a0\u00a0\u00a0\u00a0\u00a0\u00a0\u00a0\u00a0\u00a0\u00a0\u00a0\u00a0\u00a0\u00a0\u00a0\u00a0CENTRAL DE CONTROLE E QUALIDADE DA CATALOGA\u00c7\u00c3O &#8211; CCQC COMUNICADO N\u00ba: 09 \u00a0 \u00a0 \u00a0 \u00a0 \u00a0 \u00a0 \u00a0 \u00a0\u00a0DATA:\u00a0 1999 ASSUNTO: Registro 1999&#8230;. N\u00famero de item 1999 usado tamb\u00e9m para monografias de alunos&nbsp;&nbsp;ESTAT\u00cdSTICAPedimos mais uma vez que os catalogadores informem os totais nas estat\u00edsticas. Em rela\u00e7\u00e3o ao item s\u00f3 \u00e9 necess\u00e1rio [&hellip;]<\/p>\n","protected":false},"author":1,"featured_media":0,"parent":0,"menu_order":0,"comment_status":"closed","ping_status":"closed","template":"","meta":{"footnotes":""},"class_list":["post-586","page","type-page","status-publish","hentry"],"_links":{"self":[{"href":"https:\/\/www.bu.ufmg.br\/catalogacao\/wp-json\/wp\/v2\/pages\/586","targetHints":{"allow":["GET"]}}],"collection":[{"href":"https:\/\/www.bu.ufmg.br\/catalogacao\/wp-json\/wp\/v2\/pages"}],"about":[{"href":"https:\/\/www.bu.ufmg.br\/catalogacao\/wp-json\/wp\/v2\/types\/page"}],"author":[{"embeddable":true,"href":"https:\/\/www.bu.ufmg.br\/catalogacao\/wp-json\/wp\/v2\/users\/1"}],"replies":[{"embeddable":true,"href":"https:\/\/www.bu.ufmg.br\/catalogacao\/wp-json\/wp\/v2\/comments?post=586"}],"version-history":[{"count":0,"href":"https:\/\/www.bu.ufmg.br\/catalogacao\/wp-json\/wp\/v2\/pages\/586\/revisions"}],"wp:attachment":[{"href":"https:\/\/www.bu.ufmg.br\/catalogacao\/wp-json\/wp\/v2\/media?parent=586"}],"curies":[{"name":"wp","href":"https:\/\/api.w.org\/{rel}","templated":true}]}}