{"id":519,"date":"2022-04-06T16:56:31","date_gmt":"2022-04-06T19:56:31","guid":{"rendered":"https:\/\/www.bu.ufmg.br\/catalogacao\/?page_id=519"},"modified":"2022-05-31T16:48:52","modified_gmt":"2022-05-31T19:48:52","slug":"comunicado-8-99","status":"publish","type":"page","link":"https:\/\/www.bu.ufmg.br\/catalogacao\/comunicado-8-99\/","title":{"rendered":"Comunicado 8\/99"},"content":{"rendered":"\n<figure class=\"wp-block-table has-medium-font-size\"><table class=\"has-colibri-color-6-color has-text-color has-background\" style=\"background:linear-gradient(100deg,rgb(238,238,238) 0%,rgb(169,184,195) 100%)\"><thead><tr><th class=\"has-text-align-left\" data-align=\"left\">BIBLIOTECA UNIVERSIT\u00c1RIA \u2013 UFMG\u00a0\u00a0\u00a0\u00a0\u00a0\u00a0\u00a0\u00a0\u00a0\u00a0\u00a0\u00a0\u00a0\u00a0\u00a0\u00a0\u00a0\u00a0\u00a0\u00a0\u00a0\u00a0\u00a0\u00a0\u00a0\u00a0\u00a0\u00a0\u00a0\u00a0\u00a0\u00a0\u00a0\u00a0\u00a0\u00a0\u00a0\u00a0\u00a0\u00a0\u00a0\u00a0\u00a0\u00a0\u00a0<br>CENTRAL DE CONTROLE E QUALIDADE DA CATALOGA\u00c7\u00c3O &#8211; CCQC<\/th><\/tr><\/thead><tbody><tr><td class=\"has-text-align-left\" data-align=\"left\"><br><br><strong>COMUNICADO N\u00ba<\/strong>: \u00a08\/99 \u00a0 \u00a0 \u00a0<\/td><\/tr><tr><td class=\"has-text-align-left\" data-align=\"left\"><br><br><strong>ASSUNTO<\/strong>: \u00a0Rede Bibliodata Calco<\/td><\/tr><tr><td class=\"has-text-align-left\" data-align=\"left\"><br>Peco por gentileza enviar quest\u00f5es t\u00e9cnicas para a CCQC por email; estas quest\u00f5es ser\u00e3o respondidas tamb\u00e9m por email. estamos pedindo isso para que todas as quest\u00f5es fiquem registradas e sejam repassadas por comunicado t\u00e9cnico<br>\u00a0<br>Esta dispon\u00edvel na CCQC o CD da REDE BIBLIODATA CALCO sugest\u00e3o: agendar o uso antes do dia da linha \u00a0<br><br>&#8211; ver comunicados anteriores sobre o CD<br>\u00a0<br>\u00a0Os registros bibliogr\u00e1ficos transferidos do CD da REDE vem com o n\u00edvel local 0 ( zero ) e conforme ja foi explicado o n\u00edvel n\u00e3o pode ser alterado<br>\u00a0<br>RBM e a sigla n\u00e3o oficial que a CCQC usa para registro bibliogr\u00e1fico MARC,<br>nos comunicados\u00a0<br>\u00a0<br>COPY da FGV: o catalogador que ainda n\u00e3o fez esta rotina agendar com a CCQC<br>\u00a0<br>o \/x \u00a0usado para forma nos cabe\u00e7alhos de assunto n\u00e3o devem ser alterados para \/v vamos adotar de agora,<br>-numero de patrim\u00f4nio: por ex; 14328901<br>-numero de item: 1000143289 ou seja o numero de item e composto de dez d\u00edgitos iniciando com o digito 1 e contendo o numero de patrim\u00f4nio e o ano\u00a0<br>\u00a0<br>ATEN\u00c7\u00c3O: ao 090 na transfer\u00eancias da FGV; muitos catalogadores esquecem de incluir e o registro fica com erro<br>\u00a0<br>ATEN\u00c7\u00c3O: ao indicador 650 indicador 2=7 nas transferencial do CATCD esse campo tem que ser deletado porque sen\u00e3o e indexado na listas de assuntos<br>\u00a0<br>AUTORIDADES<br>Os registros bibliogr\u00e1ficos da nossa base que fazem parte da rede foram convertidos para o VTLS formando a base de dados da UFMG.<br>\u00a0 \u00a0 Ao dar a carga, foram criados registros de autoridades tempor\u00e1rios referentes aos campos 1xx, 4xx, 700-730;830;240. Registro de autoridade tempor\u00e1rio significa registro criado a partir de registros bibliogr\u00e1ficos, s\u00e3o registros sem arvore de hierarquiza\u00e7\u00e3o ( se for o caso)<br>\u00a0 Quando encontrar a autoridade correta usar o comando tamb\u00e9m. quando encontrar varias formas para mesma autoridade usar mais correta; se todos estiverem errados comunicar com a CCQC. Verificar comunicados anteriores sobre esta explica\u00e7\u00e3o.<br>Esse problema de consist\u00eancia ser\u00e3o resolvidos com o trabalho de controle, que ainda esta sendo feito de modo informal \u00a0A base esta ainda sem consist\u00eancia, mas ao incluir na implanta\u00e7\u00e3o campos referentes a autoridades (nome e assuntos); fontes autorizadas; consulta a especialista; consulta a CCQC no caso de n\u00e3o entender ou n\u00e3o encontra \u00a0ou precisar \u00a0 de orienta\u00e7\u00e3o. O que a CCQC n\u00e3o puder informar, a quest\u00e3o sera repassada e depois a resposta sera enviada.<\/td><\/tr><\/tbody><\/table><\/figure>\n","protected":false},"excerpt":{"rendered":"<p>BIBLIOTECA UNIVERSIT\u00c1RIA \u2013 UFMG\u00a0\u00a0\u00a0\u00a0\u00a0\u00a0\u00a0\u00a0\u00a0\u00a0\u00a0\u00a0\u00a0\u00a0\u00a0\u00a0\u00a0\u00a0\u00a0\u00a0\u00a0\u00a0\u00a0\u00a0\u00a0\u00a0\u00a0\u00a0\u00a0\u00a0\u00a0\u00a0\u00a0\u00a0\u00a0\u00a0\u00a0\u00a0\u00a0\u00a0\u00a0\u00a0\u00a0\u00a0\u00a0CENTRAL DE CONTROLE E QUALIDADE DA CATALOGA\u00c7\u00c3O &#8211; CCQC COMUNICADO N\u00ba: \u00a08\/99 \u00a0 \u00a0 \u00a0 ASSUNTO: \u00a0Rede Bibliodata Calco Peco por gentileza enviar quest\u00f5es t\u00e9cnicas para a CCQC por email; estas quest\u00f5es ser\u00e3o respondidas tamb\u00e9m por email. estamos pedindo isso para que todas as quest\u00f5es fiquem registradas e sejam repassadas por comunicado [&hellip;]<\/p>\n","protected":false},"author":1,"featured_media":0,"parent":0,"menu_order":0,"comment_status":"closed","ping_status":"closed","template":"","meta":{"footnotes":""},"class_list":["post-519","page","type-page","status-publish","hentry"],"_links":{"self":[{"href":"https:\/\/www.bu.ufmg.br\/catalogacao\/wp-json\/wp\/v2\/pages\/519","targetHints":{"allow":["GET"]}}],"collection":[{"href":"https:\/\/www.bu.ufmg.br\/catalogacao\/wp-json\/wp\/v2\/pages"}],"about":[{"href":"https:\/\/www.bu.ufmg.br\/catalogacao\/wp-json\/wp\/v2\/types\/page"}],"author":[{"embeddable":true,"href":"https:\/\/www.bu.ufmg.br\/catalogacao\/wp-json\/wp\/v2\/users\/1"}],"replies":[{"embeddable":true,"href":"https:\/\/www.bu.ufmg.br\/catalogacao\/wp-json\/wp\/v2\/comments?post=519"}],"version-history":[{"count":0,"href":"https:\/\/www.bu.ufmg.br\/catalogacao\/wp-json\/wp\/v2\/pages\/519\/revisions"}],"wp:attachment":[{"href":"https:\/\/www.bu.ufmg.br\/catalogacao\/wp-json\/wp\/v2\/media?parent=519"}],"curies":[{"name":"wp","href":"https:\/\/api.w.org\/{rel}","templated":true}]}}