{"id":515,"date":"2022-04-06T16:54:43","date_gmt":"2022-04-06T19:54:43","guid":{"rendered":"https:\/\/www.bu.ufmg.br\/catalogacao\/?page_id=515"},"modified":"2022-06-13T17:17:13","modified_gmt":"2022-06-13T20:17:13","slug":"linha-fgv-em-fevereiro-2","status":"publish","type":"page","link":"https:\/\/www.bu.ufmg.br\/catalogacao\/linha-fgv-em-fevereiro-2\/","title":{"rendered":"Linha FGV em fevereiro"},"content":{"rendered":"\n<figure class=\"wp-block-table has-medium-font-size\"><table class=\"has-colibri-color-6-color has-text-color has-background\" style=\"background:linear-gradient(100deg,rgb(238,238,238) 0%,rgb(169,184,195) 100%)\"><thead><tr><th class=\"has-text-align-left\" data-align=\"left\">BIBLIOTECA UNIVERSIT\u00c1RIA \u2013 UFMG\u00a0\u00a0\u00a0\u00a0\u00a0\u00a0\u00a0\u00a0\u00a0\u00a0\u00a0\u00a0\u00a0\u00a0\u00a0\u00a0\u00a0\u00a0\u00a0\u00a0\u00a0\u00a0\u00a0\u00a0\u00a0\u00a0\u00a0\u00a0\u00a0\u00a0\u00a0\u00a0\u00a0\u00a0\u00a0\u00a0\u00a0\u00a0\u00a0\u00a0\u00a0\u00a0\u00a0\u00a0\u00a0<br>CENTRAL DE CONTROLE E QUALIDADE DA CATALOGA\u00c7\u00c3O &#8211; CCQC<\/th><\/tr><\/thead><tbody><tr><td class=\"has-text-align-left\" data-align=\"left\"><br><br><strong>COMUNICADO N\u00ba<\/strong>: 02 \u00a0 \u00a0 <\/td><\/tr><tr><td class=\"has-text-align-left\" data-align=\"left\"><br><br><strong>ASSUNTO<\/strong>: \u00a0A DPD nao vai usar a linha de 8:00 as 9:00. A biblioteca que estiver no cronograma na parte da manha pode usar a partir de 8:00.<\/td><\/tr><tr><td class=\"has-text-align-left\" data-align=\"left\"><br><strong>A LINHA FGV EM FEVEREIRO<\/strong><br>\u00a0 \u00a0 \u00a0 \u00a0 \u00a0 &#8211; a DPD nao vai usar a linha de 8: as 9:00. A biblioteca que estiver no cronograma na parte da manh\u00e3 pode usar a partir de 8:00 ( 8:00 as 13:00)<br>\u00a0<br>A biblioteca que ainda n\u00e3o enviou os bib ids criados ate dezembro de 99, favor envia-los com urg\u00eancia para CCQC<br>Verificar na intranet, o documento: FGV \/ DG \/ DITI\/ BIBLIODTA &#8211; Relat\u00f3rios das principais atividades realizadas \u00a0em 1999 &#8211; pata tomar conhecimento das informa\u00e7\u00f5es nele contidas.<br><strong>Estat\u00edsticas 2000:<\/strong> envio de estat\u00edstica padronizada pelos catalogadores do sistemas de bibliotecas para CCQC<br>Solicitamos que a estat\u00edsticas, a partir de <strong>MAR\u00c7O<\/strong>, seja enviada da forma proposta para evitar os problemas: descumprimento do prazo de envio estabelecido pela CCQC; Interpreta\u00e7\u00e3o indevida no fornecimento da informa\u00e7\u00e3o; falta de totaliza\u00e7\u00e3o; informa\u00e7\u00f5es na aus\u00eancia do catalogador; informa\u00e7\u00f5es verbais e o n\u00e3o envio do documento registrado tais infoma\u00e7oes; documentos \u00a0atachados que algumas vezes n\u00e3o s\u00e3o recuperados e precisam ser enviados de outra forma. Estes problemas ocorrem apesar de sempre estarmos alertando, durante as reuni\u00f5es de catalogadores.<br>Esclarecemos que os problemas acima n\u00e3o se aplicam a todas as bibliotecas.<br>n\u00e3o estamos invalidando nenhum impresso criado e usado pela pr\u00f3pria biblioteca; os impressos espec\u00edficos abaixo s\u00e3o apenas de envio a CCQC<br>\u00a0<br>Solicitamos ent\u00e3o o envio;<br>\u00a0<br>\u00a0 \u00a0&#8211; estat\u00edsticas quantitativa totalizada de acordo com os impressos abaixo\u00a0<br>\u00a0 \u00a0&#8211; os bib ids separados ( de acordo com o impresso j\u00e1 usado pela biblioteca )\u00a0<br>\u00a0 \u00a0&#8211; o prazo de entrega ate o segundo dia \u00fatil do m\u00eas.<br>\u00a0<br>\u00a0 \u00a0<strong>Primeiro impresso:<\/strong><br>\u00a0Sistema de biblioteca da UFMG\/ Processamento t\u00e9cnico Estat\u00edstica quantitativa totalizada de titulos e itens de monagrafias\/ teses e disserta\u00e7\u00f5es<br>Biblioteca:<br>M\u00eas\/Ano<br>\u00a0<br>METODOLOGIA \u00a0 \u00a0 \u00a0 \u00a0 \u00a0 ITENS \u00a0 \u00a0 \u00a0 COPY \u00a0 \u00a0CATCD \u00a0 \u00a0IMPLANTA\u00c7\u00c3O \u00a0 \u00a0 COOPERA\u00c7\u00c3O\u00a0<br>\u00a0 FGV ( CD OU LINHA)<br>\u00a0<br>\u00a0<br><strong>SEGUNDO IMPRESSO:<\/strong><br>sistemas de bibliotecas da UFMG\/ Processamento t\u00e9cnico Estat\u00edstica quantitativa totalizada de t\u00edtulos de materiais especiais\/ peri\u00f3dicos<br>BIBLIOTECA:<br>M\u00eas\/Ano:<br>\u00a0<br><strong>METODOLOGIA \u00a0 \u00a0 \u00a0COPY UFMG\/FGV \u00a0 \u00a0 \u00a0CATCD LC e outros \u00a0 \u00a0 COOPERA\u00c7\u00c3O \u00a0 \u00a0 \u00a0total geral<\/strong><br><strong>\u00a0 \u00a0FGV(CD linha)<\/strong><br>Materiais \u00a0 \u00a0 \u00a0 \u00a0 \u00a0 \u00a0 \u00a0 \u00a0 \u00a0<br>Arquivo<br>Arquivos de computador<br>Mapas<br>Partituras<br>Plantas<br>Registros sonoros<br>Slides<br>Videos<br>Peri\u00f3dicos<br><strong>TERCEIRO IMPRESSO:<\/strong><br>Sistema de biblioteca da UFMG\/ Processamento t\u00e9cnico Estat\u00edstica quantitativa totalizada de itens de materiais especiais\/ peri\u00f3dicos<br>Biblioteca:<br>M\u00eas\/Ano<br>\u00a0<br><strong>MATERIAIS \u00a0 \u00a0 \u00a0ITENS<\/strong><br>Arquivo<br>Arquivos de computador<br>mapas<br>partituras<br>plantas<br>registros sonoros<br>Slides<br>Videos<br>Peri\u00f3dicos<br>USO DOS INSTRUMENTOS DE \u00a0CATALOGA\u00c7\u00c3O<br>\u00a0 \u00a0 \u00a0&#8211; OCLC CATCD Music &#8211; Escola de Musica<br>\u00a0 \u00a0 \u00a0&#8211; OCLC CATCD Computer Files e Visual Materiais ( Biblioteconomia )<br>\u00a0 \u00a0 \u00a0&#8211; CD FGV &#8211; CCQC e CEDEPLAR<br>\u00a0 \u00a0 \u00a0 &#8211; OCLC CATCD Medical ( \u00e1rea biom\u00e9dica) &#8211; CCQC\u00a0<br>\u00a0LCSH &#8211; 20. e Edi\u00e7ao &#8211; CCQC<br>\u00a0 CATCD Authrities &#8211; CCQC<br>A CCQC tem observado que poucas bibliotecas do sistema solicitam os instrumentos e sao sempre as mesmas bibliotecas a solicitar.<br>\u00a0 \u00a0 Temos instrumentos facilitadores do nosso trabalho e que est\u00e3o ociosos solicitem.<br>A Diretoria da BU esta com o pedido da CCQC de colocar os CDs em rede, mas e um procedimento muito caro e temos que guardar verba.<br>\u00a0<\/td><\/tr><\/tbody><\/table><\/figure>\n","protected":false},"excerpt":{"rendered":"<p>BIBLIOTECA UNIVERSIT\u00c1RIA \u2013 UFMG\u00a0\u00a0\u00a0\u00a0\u00a0\u00a0\u00a0\u00a0\u00a0\u00a0\u00a0\u00a0\u00a0\u00a0\u00a0\u00a0\u00a0\u00a0\u00a0\u00a0\u00a0\u00a0\u00a0\u00a0\u00a0\u00a0\u00a0\u00a0\u00a0\u00a0\u00a0\u00a0\u00a0\u00a0\u00a0\u00a0\u00a0\u00a0\u00a0\u00a0\u00a0\u00a0\u00a0\u00a0\u00a0CENTRAL DE CONTROLE E QUALIDADE DA CATALOGA\u00c7\u00c3O &#8211; CCQC COMUNICADO N\u00ba: 02 \u00a0 \u00a0 ASSUNTO: \u00a0A DPD nao vai usar a linha de 8:00 as 9:00. A biblioteca que estiver no cronograma na parte da manha pode usar a partir de 8:00. A LINHA FGV EM FEVEREIRO\u00a0 \u00a0 \u00a0 \u00a0 \u00a0 &#8211; [&hellip;]<\/p>\n","protected":false},"author":1,"featured_media":0,"parent":0,"menu_order":0,"comment_status":"closed","ping_status":"closed","template":"","meta":{"footnotes":""},"class_list":["post-515","page","type-page","status-publish","hentry"],"_links":{"self":[{"href":"https:\/\/www.bu.ufmg.br\/catalogacao\/wp-json\/wp\/v2\/pages\/515","targetHints":{"allow":["GET"]}}],"collection":[{"href":"https:\/\/www.bu.ufmg.br\/catalogacao\/wp-json\/wp\/v2\/pages"}],"about":[{"href":"https:\/\/www.bu.ufmg.br\/catalogacao\/wp-json\/wp\/v2\/types\/page"}],"author":[{"embeddable":true,"href":"https:\/\/www.bu.ufmg.br\/catalogacao\/wp-json\/wp\/v2\/users\/1"}],"replies":[{"embeddable":true,"href":"https:\/\/www.bu.ufmg.br\/catalogacao\/wp-json\/wp\/v2\/comments?post=515"}],"version-history":[{"count":0,"href":"https:\/\/www.bu.ufmg.br\/catalogacao\/wp-json\/wp\/v2\/pages\/515\/revisions"}],"wp:attachment":[{"href":"https:\/\/www.bu.ufmg.br\/catalogacao\/wp-json\/wp\/v2\/media?parent=515"}],"curies":[{"name":"wp","href":"https:\/\/api.w.org\/{rel}","templated":true}]}}