{"id":508,"date":"2022-04-06T16:46:51","date_gmt":"2022-04-06T19:46:51","guid":{"rendered":"https:\/\/www.bu.ufmg.br\/catalogacao\/?page_id=508"},"modified":"2022-06-13T17:20:50","modified_gmt":"2022-06-13T20:20:50","slug":"vtls-fonte-de-registro","status":"publish","type":"page","link":"https:\/\/www.bu.ufmg.br\/catalogacao\/vtls-fonte-de-registro\/","title":{"rendered":"VTLS &#8211; Fonte de Registro"},"content":{"rendered":"\n<figure class=\"wp-block-table has-medium-font-size\"><table class=\"has-colibri-color-6-color has-text-color has-background\" style=\"background:linear-gradient(100deg,rgb(238,238,238) 0%,rgb(169,184,195) 100%)\"><thead><tr><th class=\"has-text-align-left\" data-align=\"left\">BIBLIOTECA UNIVERSIT\u00c1RIA \u2013 UFMG\u00a0\u00a0\u00a0\u00a0\u00a0\u00a0\u00a0\u00a0\u00a0\u00a0\u00a0\u00a0\u00a0\u00a0\u00a0\u00a0\u00a0\u00a0\u00a0\u00a0\u00a0\u00a0\u00a0\u00a0\u00a0\u00a0\u00a0\u00a0\u00a0\u00a0\u00a0\u00a0\u00a0\u00a0\u00a0\u00a0\u00a0\u00a0\u00a0\u00a0\u00a0\u00a0\u00a0\u00a0\u00a0<br>CENTRAL DE CONTROLE E QUALIDADE DA CATALOGA\u00c7\u00c3O &#8211; CCQC<\/th><\/tr><\/thead><tbody><tr><td class=\"has-text-align-left\" data-align=\"left\"><br><br><strong>COMUNICADO N\u00ba<\/strong>: 14\/99 \u00a0 \u00a0\u00a0<\/td><\/tr><tr><td class=\"has-text-align-left\" data-align=\"left\"><br><br><strong>ASSUNTO<\/strong>: \u00a0Campo VTLS- Fonte de registro<\/td><\/tr><tr><td class=\"has-text-align-left\" data-align=\"left\"><br>Confraterniza\u00e7\u00e3o\u00a0<br>\u00a0 \u00a0 \u00a0 Na nossa primeira reuni\u00e3o de mar\u00e7o- 22\/03\/2000 &#8211; sugiro \u00a0a confraterniza\u00e7\u00e3o do grupo de cataloga\u00e7\u00e3o. Enviem ideias para a CCQC.<br>\u00a0<br>\u00a0Campo VTLS<br>N\u00edvel local &#8211; Fonte de registro<br>\u00a0 Este campo e autom\u00e1tico e indica a fonte do registro, ou seja, a metodologia usada para que um determinado registro entre na base. Apenas o n\u00edvel local 4 e atribu\u00eddo pelo catalogador. n\u00e3o alterar este campo. Ver comunicados, documentos de reuni\u00f5es e resposta da FGV sobre o assunto, j\u00e1 enviados para voc\u00eas.<br>\u00a0<br>\u00a0transfer\u00eancia de registros bibliogr\u00e1ficos do CATCD DA OCLC \u00a0e da LC<br>\u00a0 \u00a0 \u00a0 \u00a0como j\u00e1 foi discutido em reuni\u00f5es em reuni\u00e3o de cataloga\u00e7\u00e3o e em comunicados, o<br>\u00a0 \u00a0 \u00a0 \u00a0catalogador deve ter critica ao trazer o registro para a base da UFMG:<br>\u00a0 \u00a0 \u00a0 \u00a0verificar entradas, principalmente no caso de nomes brasileiros e<br>\u00a0 \u00a0 \u00a0 \u00a0portugu\u00eas, e descri\u00e7\u00e3o. lembrar que a LC integrou os cat\u00e1logos, os<br>\u00a0 \u00a0 \u00a0 \u00a0registros podem ter sido catalogados pelo AACR1. Quanto ao CATCD older<br>\u00a0 \u00a0 \u00a0 \u00a0books, existem v\u00e1rios registros tamb\u00e9m catalogados em AACR1<br>Dia 30\/12 &#8211; a linha FGV esta vaga na parte da manha. Quem se interessar, comunicar com a CCQC.<br>\u00a0<br><strong>cronogramas de\u00a0reuni\u00f5es\u00a0do grupo de\u00a0catalogadores\u00a0da UFMG para 2000<\/strong><br><strong>participantes: CCQC, Catalogadores da UFMG, DPD<\/strong><br><strong>\u00a0<\/strong><br><strong>hor\u00e1rio: sempre inicio as 8:30<\/strong><br>M\u00eas \u00a0 \u00a0 \u00a0 \u00a0 \u00a0 \u00a0 \u00a0 \u00a0 \u00a0 \u00a0 \u00a0 \u00a0 \u00a0Dia<br>Mar\u00e7o \u00a0 \u00a0 \u00a0 \u00a0 \u00a0 \u00a0 \u00a0 \u00a0 \u00a0 \u00a0 \u00a0 \u00a022<br>Abril \u00a0 \u00a0 \u00a0 \u00a0 \u00a0 \u00a0 \u00a0 \u00a0 \u00a0 \u00a0 \u00a0 \u00a0 \u00a0 26<br>Maio \u00a0 \u00a0 \u00a0 \u00a0 \u00a0 \u00a0 \u00a0 \u00a0 \u00a0 \u00a0 \u00a0 \u00a0 \u00a024<br>Junho \u00a0 \u00a0 \u00a0 \u00a0 \u00a0 \u00a0 \u00a0 \u00a0 \u00a0 \u00a0 \u00a0 \u00a021<br>Julho \u00a0 \u00a0 \u00a0 \u00a0 \u00a0 \u00a0 \u00a0 \u00a0 \u00a0 \u00a0 \u00a0 \u00a0 26<br>Agosto \u00a0 \u00a0 \u00a0 \u00a0 \u00a0 \u00a0 \u00a0 \u00a0 \u00a0 \u00a0 \u00a023<br>Setembro \u00a0 \u00a0 \u00a0 \u00a0 \u00a0 \u00a0 \u00a0 \u00a0 20 \u00a0 \u00a0 \u00a0 \u00a0 \u00a0 \u00a0 \u00a0\u00a0<br>Outubro \u00a0 \u00a0 \u00a0 \u00a0 \u00a0 \u00a0 \u00a0 \u00a0 \u00a0 \u00a026<br>Novembro \u00a0 \u00a0 \u00a0 \u00a0 \u00a0 \u00a0 \u00a0 \u00a0 22<br>\u00a0<\/td><\/tr><\/tbody><\/table><\/figure>\n","protected":false},"excerpt":{"rendered":"<p>BIBLIOTECA UNIVERSIT\u00c1RIA \u2013 UFMG\u00a0\u00a0\u00a0\u00a0\u00a0\u00a0\u00a0\u00a0\u00a0\u00a0\u00a0\u00a0\u00a0\u00a0\u00a0\u00a0\u00a0\u00a0\u00a0\u00a0\u00a0\u00a0\u00a0\u00a0\u00a0\u00a0\u00a0\u00a0\u00a0\u00a0\u00a0\u00a0\u00a0\u00a0\u00a0\u00a0\u00a0\u00a0\u00a0\u00a0\u00a0\u00a0\u00a0\u00a0\u00a0CENTRAL DE CONTROLE E QUALIDADE DA CATALOGA\u00c7\u00c3O &#8211; CCQC COMUNICADO N\u00ba: 14\/99 \u00a0 \u00a0\u00a0 ASSUNTO: \u00a0Campo VTLS- Fonte de registro Confraterniza\u00e7\u00e3o\u00a0\u00a0 \u00a0 \u00a0 Na nossa primeira reuni\u00e3o de mar\u00e7o- 22\/03\/2000 &#8211; sugiro \u00a0a confraterniza\u00e7\u00e3o do grupo de cataloga\u00e7\u00e3o. Enviem ideias para a CCQC.\u00a0\u00a0Campo VTLSN\u00edvel local &#8211; Fonte de registro\u00a0 Este campo e [&hellip;]<\/p>\n","protected":false},"author":1,"featured_media":0,"parent":0,"menu_order":0,"comment_status":"closed","ping_status":"closed","template":"","meta":{"footnotes":""},"class_list":["post-508","page","type-page","status-publish","hentry"],"_links":{"self":[{"href":"https:\/\/www.bu.ufmg.br\/catalogacao\/wp-json\/wp\/v2\/pages\/508","targetHints":{"allow":["GET"]}}],"collection":[{"href":"https:\/\/www.bu.ufmg.br\/catalogacao\/wp-json\/wp\/v2\/pages"}],"about":[{"href":"https:\/\/www.bu.ufmg.br\/catalogacao\/wp-json\/wp\/v2\/types\/page"}],"author":[{"embeddable":true,"href":"https:\/\/www.bu.ufmg.br\/catalogacao\/wp-json\/wp\/v2\/users\/1"}],"replies":[{"embeddable":true,"href":"https:\/\/www.bu.ufmg.br\/catalogacao\/wp-json\/wp\/v2\/comments?post=508"}],"version-history":[{"count":0,"href":"https:\/\/www.bu.ufmg.br\/catalogacao\/wp-json\/wp\/v2\/pages\/508\/revisions"}],"wp:attachment":[{"href":"https:\/\/www.bu.ufmg.br\/catalogacao\/wp-json\/wp\/v2\/media?parent=508"}],"curies":[{"name":"wp","href":"https:\/\/api.w.org\/{rel}","templated":true}]}}