{"id":506,"date":"2022-04-06T16:45:31","date_gmt":"2022-04-06T19:45:31","guid":{"rendered":"https:\/\/www.bu.ufmg.br\/catalogacao\/?page_id=506"},"modified":"2022-06-13T17:21:55","modified_gmt":"2022-06-13T20:21:55","slug":"com-13-99-estatisticas-de-bib-ids-a-ccqc","status":"publish","type":"page","link":"https:\/\/www.bu.ufmg.br\/catalogacao\/com-13-99-estatisticas-de-bib-ids-a-ccqc\/","title":{"rendered":"Com: 13\/99 estat\u00edsticas de bib ids a CCQC"},"content":{"rendered":"\n<figure class=\"wp-block-table has-medium-font-size\"><table class=\"has-colibri-color-6-color has-text-color has-background\" style=\"background:linear-gradient(100deg,rgb(238,238,238) 0%,rgb(169,184,195) 100%)\"><thead><tr><th class=\"has-text-align-left\" data-align=\"left\">BIBLIOTECA UNIVERSIT\u00c1RIA \u2013 UFMG\u00a0\u00a0\u00a0\u00a0\u00a0\u00a0\u00a0\u00a0\u00a0\u00a0\u00a0\u00a0\u00a0\u00a0\u00a0\u00a0\u00a0\u00a0\u00a0\u00a0\u00a0\u00a0\u00a0\u00a0\u00a0\u00a0\u00a0\u00a0\u00a0\u00a0\u00a0\u00a0\u00a0\u00a0\u00a0\u00a0\u00a0\u00a0\u00a0\u00a0\u00a0\u00a0\u00a0\u00a0\u00a0<br>CENTRAL DE CONTROLE E QUALIDADE DA CATALOGA\u00c7\u00c3O &#8211; CCQC<\/th><\/tr><\/thead><tbody><tr><td class=\"has-text-align-left\" data-align=\"left\"><br><br><strong>COMUNICADO N\u00ba<\/strong>: \u00a013\/99 \u00a0 \u00a0<\/td><\/tr><tr><td class=\"has-text-align-left\" data-align=\"left\"><br><br><strong>ASSUNTO<\/strong>: \u00a0Bibliotecas na estat\u00edsticas \u00a0e de bib ids para a CCQC.<\/td><\/tr><tr><td class=\"has-text-align-left\" data-align=\"left\"><br>Dia 15\/12 reuni\u00e3o de cataloga\u00e7\u00e3o\u00a0<br>\u00a0 \u00a0 \u00a0 \u00a0 \u00a0 \u00a0 \u00a0 A linha da FGV esta vaga na parte da manha. A biblioteca que se interessar, comunicar com a CCQC<br>\u00a0<br>Dia 23\/12<br>\u00a0 \u00a0 \u00a0 A linha da FGV esta vaga na parte da tarde, A biblioteca que se interessar, comunicar com a CCQC<br>\u00a0<br>\u00a0<br>\u00a0 \u00a0 \u00a0ESTAT\u00cdSTICA<br>\u00a0 \u00a0 \u00a0 \u00a0 \u00a0 Pedimos mais uma vez a colabora\u00e7\u00e3o das bibliotecas no envio de estat\u00edstica e bib ids para \u00a0CCQC ate o segundo dia \u00fatil do m\u00eas. O n\u00e3o cumprimento da data de envio esta comprometendo muito o trabalho de apura\u00e7\u00e3o e de entrega do documento de estat\u00edstica da CCQC<br>\u00a0 \u00a0 \u00a0Avisar a CCQC mesmo o que n\u00e3o tenha estat\u00edstica naquele m\u00eas.<br>\u00a0<br>Bibliotecas do ICEX, F\u00edsica, Museu, TU<br>\u00a0 \u00a0 \u00a0&#8211; antes de enviar as obras para a CCQC, verificar se j\u00e1 existe o registro bibliogr\u00e1fico na nossa base<br>\u00a0<br>bib ids ISBN invalido<br>\u00a0 \u00a0 \u00a0 0280-21760 Engenharia<br>\u00a0 \u00a0 \u00a0 0279-75460 ?????? Esta se item e sem c\u00f3digo de operador. Biblioteca??? favor verificar e corrigir<br>Metodologia de transfer\u00eancia de registros bibliogr\u00e1ficos da web da LC, por copiar e colocar<br>\u00a0 \u00a0 \u00a0 \u00a0&#8211; foi solicitado ao VTLS Am\u00e9ricas, p\u00f3 sugest\u00e3o do vice presidente do VTLS\u00a0<br>\u00a0 \u00a0 \u00a0 \u00a0&#8211; Jack Bazuzi concess\u00e3o de uma licen\u00e7a do Virtua Catalogin VC(<br>\u00a0 \u00a0 \u00a0 \u00a0&#8211; \u00a0corresponde ao EasyCat no Virtua) para UFMG. Segundo Bazuzi, atrav\u00e9s<br>\u00a0 \u00a0 \u00a0 \u00a0&#8211; do VC seria poss\u00edvel transferir o registro na integra. Ficamos aguardando mas\u00a0<br>\u00a0 \u00a0 \u00a0 \u00a0&#8211; infelizmente ainda nao nos foi fornecido. Por isso, resolvem os expandir a\u00a0<br>\u00a0 \u00a0 \u00a0 \u00a0&#8211; rotina de copy\/ paste da web da LC<br>Interface da UFMG x catalogo coletivo da rede<br>\u00a0 \u00a0 \u00a0 &#8211; Os testes com a amostra de nossa base ja esta em andamento na FGV<br>\u00a0 \u00a0 \u00a0 &#8211; Vilma ( FAFICH) fez o teste de inclus\u00e3o de novas autoridade para serem\u00a0<br>\u00a0 \u00a0 \u00a0 &#8211; enviadas para a FGV, atrav\u00e9s da planilha auth. UFMG do EasyCat.<br>Quem tem novas autoridades para enviar: comunicar com a CCQC<br>\u00a0<br>PARA O GRUPO DE MATERIAIS VISUAIS\u00a0<br>Respostas da OCLC<br>\u00a0<br>1) Politica da OCLC para usar o campo 130 &#8211; titulo uniforme &#8211; em registros bibliogr\u00e1ficos de videos<br>\u00a0 \u00a0 \u00a0 -&#8221; Na maioria dos casos voc\u00ea s\u00f3 usara o campo 245. O campo 130 e usado nos caso onde um titulo uniforme e necess\u00e1rio para reunir t\u00edtulos obscuros por ex; Alfred Hitchcock&#8217;s Pasycho. O titulo Psycho e obscuro por Alfred Hitchcock, desta forma sera necess\u00e1rio o campo 130 para Psycho. um ouro caso e quando um mesmo titulo foi usado duas vezes. por ex, Psycho realizado em 1960 em um remake foi feito em 1998 por Gus Van Sant<br>\u00a0<br>2) Qual o c\u00f3digo correto para filmes dublados, por exemplos original em ingl\u00eas e dublado em portugu\u00eas?<br>008\/35-37 p\u00f3<br>041\/a por(reflete a lingu\u00e1 falada no item) \/h eng(lingu\u00e1 origina do item)<br>O subcampo \/d no campo 041 e mais usado em grava\u00e7\u00f5es de v\u00eddeo<br>\u00a0<br>Respostas FAC-LC<br>1) Uso do campo 130 e 245 em videos\u00a0<br>\u00a0 \u00a0&#8221; E nossa politica sempre usar o titulo com a entrada principal, campo 245.<br>\u00a0 \u00a0 \u00a0 O mesmo titulo pode aparecer tanto no campo 130 quanto no campo 245,<br>dependendo da necessidade de usar titulo uniforme.<br>\u00a0 \u00a0 \u00a0 Politica da LC em rela\u00e7\u00e3o ao usar titulo uniforme e tem a ver \u00a0com o que ja existe no catalogo pelo mesmo titulo; eu acredito que outras institui\u00e7\u00f5es usam para reunir sob um cabe\u00e7alhos todas as varia\u00e7\u00f5es de um titulo. E muito usado cataloga\u00e7\u00e3o de musica.&#8221;<br>\u00a0<\/td><\/tr><\/tbody><\/table><\/figure>\n","protected":false},"excerpt":{"rendered":"<p>BIBLIOTECA UNIVERSIT\u00c1RIA \u2013 UFMG\u00a0\u00a0\u00a0\u00a0\u00a0\u00a0\u00a0\u00a0\u00a0\u00a0\u00a0\u00a0\u00a0\u00a0\u00a0\u00a0\u00a0\u00a0\u00a0\u00a0\u00a0\u00a0\u00a0\u00a0\u00a0\u00a0\u00a0\u00a0\u00a0\u00a0\u00a0\u00a0\u00a0\u00a0\u00a0\u00a0\u00a0\u00a0\u00a0\u00a0\u00a0\u00a0\u00a0\u00a0\u00a0CENTRAL DE CONTROLE E QUALIDADE DA CATALOGA\u00c7\u00c3O &#8211; CCQC COMUNICADO N\u00ba: \u00a013\/99 \u00a0 \u00a0 ASSUNTO: \u00a0Bibliotecas na estat\u00edsticas \u00a0e de bib ids para a CCQC. Dia 15\/12 reuni\u00e3o de cataloga\u00e7\u00e3o\u00a0\u00a0 \u00a0 \u00a0 \u00a0 \u00a0 \u00a0 \u00a0 A linha da FGV esta vaga na parte da manha. A biblioteca que se interessar, comunicar [&hellip;]<\/p>\n","protected":false},"author":1,"featured_media":0,"parent":0,"menu_order":0,"comment_status":"closed","ping_status":"closed","template":"","meta":{"footnotes":""},"class_list":["post-506","page","type-page","status-publish","hentry"],"_links":{"self":[{"href":"https:\/\/www.bu.ufmg.br\/catalogacao\/wp-json\/wp\/v2\/pages\/506","targetHints":{"allow":["GET"]}}],"collection":[{"href":"https:\/\/www.bu.ufmg.br\/catalogacao\/wp-json\/wp\/v2\/pages"}],"about":[{"href":"https:\/\/www.bu.ufmg.br\/catalogacao\/wp-json\/wp\/v2\/types\/page"}],"author":[{"embeddable":true,"href":"https:\/\/www.bu.ufmg.br\/catalogacao\/wp-json\/wp\/v2\/users\/1"}],"replies":[{"embeddable":true,"href":"https:\/\/www.bu.ufmg.br\/catalogacao\/wp-json\/wp\/v2\/comments?post=506"}],"version-history":[{"count":0,"href":"https:\/\/www.bu.ufmg.br\/catalogacao\/wp-json\/wp\/v2\/pages\/506\/revisions"}],"wp:attachment":[{"href":"https:\/\/www.bu.ufmg.br\/catalogacao\/wp-json\/wp\/v2\/media?parent=506"}],"curies":[{"name":"wp","href":"https:\/\/api.w.org\/{rel}","templated":true}]}}