{"id":400,"date":"2022-04-05T16:37:51","date_gmt":"2022-04-05T19:37:51","guid":{"rendered":"https:\/\/www.bu.ufmg.br\/catalogacao\/?page_id=400"},"modified":"2022-05-26T17:30:13","modified_gmt":"2022-05-26T20:30:13","slug":"padronizacao-de-teses","status":"publish","type":"page","link":"https:\/\/www.bu.ufmg.br\/catalogacao\/padronizacao-de-teses\/","title":{"rendered":"Padroniza\u00e7\u00e3o de teses"},"content":{"rendered":"\n<figure class=\"wp-block-table has-medium-font-size\"><table class=\"has-colibri-color-6-color has-text-color has-background\" style=\"background:linear-gradient(100deg,rgb(238,238,238) 0%,rgb(169,184,195) 100%)\"><thead><tr><th class=\"has-text-align-left\" data-align=\"left\">BIBLIOTECA UNIVERSIT\u00c1RIA \u2013 UFMG\u00a0\u00a0\u00a0\u00a0\u00a0\u00a0\u00a0\u00a0\u00a0\u00a0\u00a0\u00a0\u00a0\u00a0\u00a0\u00a0\u00a0\u00a0\u00a0\u00a0\u00a0\u00a0\u00a0\u00a0\u00a0\u00a0\u00a0\u00a0\u00a0\u00a0\u00a0\u00a0\u00a0\u00a0\u00a0\u00a0\u00a0\u00a0\u00a0\u00a0\u00a0\u00a0\u00a0\u00a0\u00a0<br>CENTRAL DE CONTROLE E QUALIDADE DA CATALOGA\u00c7\u00c3O &#8211; CCQC<\/th><\/tr><\/thead><tbody><tr><td class=\"has-text-align-left\" data-align=\"left\"><br><br><strong>COMUNICADO N\u00ba<\/strong>: \u00a05\/92 \u00a0 \u00a0<strong>DATA<\/strong>: 03\/08\/1992<\/td><\/tr><tr><td class=\"has-text-align-left\" data-align=\"left\"><br><br><strong>ASSUNTO<\/strong>: \u00a0Padroniza\u00e7\u00e3o de teses\u00a0<\/td><\/tr><tr><td class=\"has-text-align-left\" data-align=\"left\">\u00a0 \u00a0 <br>Funda\u00e7\u00e3o Get\u00falio Vargas<br>\u00a0 \u00a0 \u00a0 \u00a0 \u00a0 \u00a0 \u00a0 \u00a0 \u00a0 \u00a0 \u00a0 \u00a0 \u00a0 \u00a0 \u00a0 \u00a0 \u00a0 \u00a0 \u00a0 \u00a0 \u00a0 \u00a0 \u00a0 \u00a0 \u00a0Rede Bibliodata\/ Calco<br>\u00a0<br>\u00a0 \u00a0 \u00a0 \u00a0 \u00a0 \u00a0 \u00a0 \u00a0 \u00a0 \u00a0 \u00a0 \u00a0 \u00a0 \u00a0 \u00a0 \u00a0 Padroniza\u00e7\u00e3o De Teses<br>\u00a0 \u00a0 \u00a0 \u00a0 \u00a0<br>\u00a0 \u00a0 \u00a0 O grupo de trabalho de Cataloga\u00e7\u00e3o da Rede BIBLIODATA\/CALCO, considerando as sugest\u00f5es recebidas sobre padroniza\u00e7\u00e3o de teses, comunica que:<br>\u00a0<br>\u00a0 \u00a0 \u00a0 A partir desta data, teses e disserta\u00e7\u00f5es dever\u00e3o receber tratamento de manuscrito e n\u00e3o de monografia, a fim de padronizar-las pela regra do capitulo 4 da AACR2.<br>\u00a0<br>\u00a0 \u00a0 \u00a0 \u00a0 \u00a0 \u00a0 \u00a0 \u00a0 \u00a0 \u00a0Observar os itens discriminados a seguir:<br>\u00a0<br>\u00a0 \u00a0 \u00a0 \u00a0 \u00a0 1- \u00a0 \u00a0DADOS FIXOS<br>\u00a0<br>1.1 \u00a0 No campo &#8220;Tipo de registro&#8221; devera ser codificado manuscrito.<br>OBSERVA\u00c7\u00c3O: Os demais campos dever\u00e3o ser preenchidos de acordo com instru\u00e7\u00f5es do manual CALCO\/MONOGRAFIAS,V.1<br>\u00a0 \u00a0 \u00a0 \u00a0 \u00a0 \u00a0 \u00a0 \u00a0 \u00a0DGM= [manuscrito]<br>\u00a0 \u00a0 2. \u00c1REA DE DATA:<br>2.1 \u00a0Constara apenas a data de publica\u00e7\u00e3o, que figura na pagina-de-rosto ou, na falta desta, na capa ou outra fonte de informa\u00e7\u00e3o que substitua.<br>260$c data<br>\u00a0<br>3. \u00c1REA DE NOTAS (500)<br>Par\u00e1grafos obrigat\u00f3rios:<br>3.1 Orientadores e co-orientadores (paragrafo 500)<br>\u00a0<br>Ex: Orientadora: Zilah Xavier de Almeida<br>\u00a0 \u00a0 \u00a0Co-orientador:Ruben Cesar Kenert<br>\u00a0<br>\u00a0 \u00a0 \u00a0 \u00a0 \u00a0 NOTA: Dois orientadores: separar por, (virgula)<br>\u00a0 \u00a0 OBSERVA\u00c7\u00c3O: Orientadores e co-orientadores ser\u00e3o registrados como aparecem pagina-de-rosto. Se n\u00e3o constarem da pagina-de-rosto, busca-los em outra fonte de informa\u00e7\u00e3o da obra( ex: capa, agradecimentos, folha de assinatura).<br>\u00a0 \u00a0 \u00a0 Se somente o orientador constar da pagina-de-rosto, n\u00e3o e necess\u00e1rio buscar o orientado.<br>\u00a0<br>\u00a0<br>\u00a0 \u00a0 \u00a0 \u00a0 \u00a0 \u00a0 \u00a0 \u00a0 \u00a0 \u00a0 \u00a0 \u00a0 \u00a03.2 Tese ou disserta\u00e7\u00e3o (paragrafo 502)<br>\u00a0<br>Ex: Tese ( doutorado) &#8211; Universidade Estadual de Campinas, Departamento de Ci\u00eancias Sociais, 1990.<br>\u00a0<br>OBSERVA\u00c7\u00c3O. A data que aparece na nota e o ano de defesa da tese. Se coincidir com a data de publica\u00e7\u00e3o ou se n\u00e3o constar de publica\u00e7\u00e3o, n\u00e3o registra-la.<br>\u00a0<br>\u00a0 \u00a0 \u00a0 \u00a0 Paragrafo opcional:<br>\u00a0<br>3.3 Bibliografia ( paragrafo 504)<br>\u00a0Ex: Bibliografia; F.219 &#8211; 225<br>\u00a0<br>NOTA: Se houver necessidade, a Biblioteca poder\u00e1 registrar \u00e1rea de concentra\u00e7\u00e3o no paragrafo 500, de acordo com a Rela\u00e7\u00e3o de siglas para Bibliografia ou no paragrafo 670<br>(termo livre).\u00a0<br>\u00a0<br>4) ENTRADAS SECUNDARIAS:<br>\u00a0<br>4.1 \u00a0Orientadores e co-orientadores (paragrafo 700)<br>Os orientadores e co-orientadores ser\u00e3o obrigatoriamente desdobradas na pista.<br>\u00a0<br>Ex: 1 Malferrati, Carlos Jose<br>4.2 Institui\u00e7\u00f5es (paragrafo 710)<br>\u00a0 \u00a0 \u00a0As institui\u00e7\u00f5es ser\u00e3o obrigatoriamente desdobradas na pista. Em rela\u00e7\u00e3o a entrada de Universidade, Observar o Manual CALCO\/AUTORIDADE, pagina B19, item 1.5.<br>\u00a0<br>\u00a0 \u00a0 \u00a0 \u00a0 \u00a0 \u00a0 \u00a0 Ex: Universidade do Rio Grande do Sul. Faculdade de Ci\u00eancias Econ\u00f4micas. Instituto de Estudos e Pesquisa Econ\u00f4micas.<br>\u00a0<br>\u00a0 X Universidade do Rio Grande Do Sul, Faculdade de Ci\u00eancias Econ\u00f4micas. Instituto de estudos e pesquisas econ\u00f4micas.<br>\u00a0<br>OBSERVA\u00c7\u00c3O: No caso da universidade possuir mais de uma unidade com o mesmo nome, n\u00e3o retirar a hierarquia da unidade administrativa intermediaria.<br>\u00a0<br>Ex: Universidade de s\u00e3o Paulo. Faculdade de Medicina. Departamento de patologia.<br>\u00a0 \u00a0 \u00a0 \u00a0Universidade de s\u00e3o paulo. Faculdade de Medicina Veterin\u00e1ria e Zootecnia.<br>Departamento de Patologia.<br>\u00a0<br>\u00a0 \u00a0 \u00a0 \u00a0 \u00a0 NOTA: As bibliotecas que forem catalogar teses, dever\u00e3o encaminhar o disquete a FUNDA\u00c7\u00c3O GET\u00daLIO VARGAS com o objetivo de atualizar o programa de entrada de dados.<br>\u00a0 \u00a0 \u00a0 \u00a0 \u00a0 \u00a0 \u00a0 \u00a0 \u00a0 \u00a0 \u00a0 \u00a0 \u00a0 \u00a0 \u00a0 \u00a0 \u00a0 \u00a0 \u00a0 \u00a0 \u00a0 \u00a0 \u00a0 DISSERTA\u00c7\u00d5ES E TESES<br>\u00a0<br>Solicitamos a colabora\u00e7\u00e3o das bibliotecas Cooperantes da Rede Bibliodata\/ Calco, no sentido de observarem os itens abaixo:<br>\u00a0 \u00a0 \u00a0 \u00a0 &#8211; Usar a forma disserta\u00e7\u00e3o para o grau de mestrado e a forma tese somente para grau de doutorado e livre-doc\u00eancia ( ver legisla\u00e7\u00e3o em anexo).<br>\u00a0 \u00a0 \u00a0 \u00a0 \u00a0&#8211; \u00a0Quanto aos demais pa\u00edses, usar a forma encontrada na pagina-de-rosto, transcrevendo-a em portugu\u00eas.<br>\u00a0 \u00a0 \u00a0 \u00a0 \u00a0&#8211; Trabalhos de professor titular, c\u00e1tedra, concurso publico, tratar como monografia.<br>\u00a0<br>\u00a0<\/td><\/tr><\/tbody><\/table><\/figure>\n","protected":false},"excerpt":{"rendered":"<p>BIBLIOTECA UNIVERSIT\u00c1RIA \u2013 UFMG\u00a0\u00a0\u00a0\u00a0\u00a0\u00a0\u00a0\u00a0\u00a0\u00a0\u00a0\u00a0\u00a0\u00a0\u00a0\u00a0\u00a0\u00a0\u00a0\u00a0\u00a0\u00a0\u00a0\u00a0\u00a0\u00a0\u00a0\u00a0\u00a0\u00a0\u00a0\u00a0\u00a0\u00a0\u00a0\u00a0\u00a0\u00a0\u00a0\u00a0\u00a0\u00a0\u00a0\u00a0\u00a0CENTRAL DE CONTROLE E QUALIDADE DA CATALOGA\u00c7\u00c3O &#8211; CCQC COMUNICADO N\u00ba: \u00a05\/92 \u00a0 \u00a0DATA: 03\/08\/1992 ASSUNTO: \u00a0Padroniza\u00e7\u00e3o de teses\u00a0 \u00a0 \u00a0 Funda\u00e7\u00e3o Get\u00falio Vargas\u00a0 \u00a0 \u00a0 \u00a0 \u00a0 \u00a0 \u00a0 \u00a0 \u00a0 \u00a0 \u00a0 \u00a0 \u00a0 \u00a0 \u00a0 \u00a0 \u00a0 \u00a0 \u00a0 \u00a0 \u00a0 \u00a0 \u00a0 \u00a0 \u00a0Rede Bibliodata\/ Calco\u00a0\u00a0 \u00a0 \u00a0 [&hellip;]<\/p>\n","protected":false},"author":1,"featured_media":0,"parent":0,"menu_order":0,"comment_status":"closed","ping_status":"closed","template":"","meta":{"footnotes":""},"class_list":["post-400","page","type-page","status-publish","hentry"],"_links":{"self":[{"href":"https:\/\/www.bu.ufmg.br\/catalogacao\/wp-json\/wp\/v2\/pages\/400","targetHints":{"allow":["GET"]}}],"collection":[{"href":"https:\/\/www.bu.ufmg.br\/catalogacao\/wp-json\/wp\/v2\/pages"}],"about":[{"href":"https:\/\/www.bu.ufmg.br\/catalogacao\/wp-json\/wp\/v2\/types\/page"}],"author":[{"embeddable":true,"href":"https:\/\/www.bu.ufmg.br\/catalogacao\/wp-json\/wp\/v2\/users\/1"}],"replies":[{"embeddable":true,"href":"https:\/\/www.bu.ufmg.br\/catalogacao\/wp-json\/wp\/v2\/comments?post=400"}],"version-history":[{"count":0,"href":"https:\/\/www.bu.ufmg.br\/catalogacao\/wp-json\/wp\/v2\/pages\/400\/revisions"}],"wp:attachment":[{"href":"https:\/\/www.bu.ufmg.br\/catalogacao\/wp-json\/wp\/v2\/media?parent=400"}],"curies":[{"name":"wp","href":"https:\/\/api.w.org\/{rel}","templated":true}]}}