{"id":398,"date":"2022-04-05T16:35:53","date_gmt":"2022-04-05T19:35:53","guid":{"rendered":"https:\/\/www.bu.ufmg.br\/catalogacao\/?page_id=398"},"modified":"2022-05-26T17:28:43","modified_gmt":"2022-05-26T20:28:43","slug":"comunicado-6-99","status":"publish","type":"page","link":"https:\/\/www.bu.ufmg.br\/catalogacao\/comunicado-6-99\/","title":{"rendered":"Comunicado 6\/99"},"content":{"rendered":"\n<figure class=\"wp-block-table has-medium-font-size\"><table class=\"has-colibri-color-6-color has-text-color has-background\" style=\"background:linear-gradient(100deg,rgb(238,238,238) 0%,rgb(169,184,195) 100%)\"><thead><tr><th class=\"has-text-align-left\" data-align=\"left\">BIBLIOTECA UNIVERSIT\u00c1RIA \u2013 UFMG\u00a0\u00a0\u00a0\u00a0\u00a0\u00a0\u00a0\u00a0\u00a0\u00a0\u00a0\u00a0\u00a0\u00a0\u00a0\u00a0\u00a0\u00a0\u00a0\u00a0\u00a0\u00a0\u00a0\u00a0\u00a0\u00a0\u00a0\u00a0\u00a0\u00a0\u00a0\u00a0\u00a0\u00a0\u00a0\u00a0\u00a0\u00a0\u00a0\u00a0\u00a0\u00a0\u00a0\u00a0\u00a0<br>CENTRAL DE CONTROLE E QUALIDADE DA CATALOGA\u00c7\u00c3O &#8211; CCQC<\/th><\/tr><\/thead><tbody><tr><td class=\"has-text-align-left\" data-align=\"left\"><br><br><strong>COMUNICADO N\u00ba<\/strong>: \u00a0 6\/99 \u00a0 \u00a0<\/td><\/tr><tr><td class=\"has-text-align-left\" data-align=\"left\"><br><br><strong>ASSUNTO<\/strong>: \u00a0CANCELAMENTO A REUNI\u00c3O DA CATALOGA\u00c7\u00c3O DO DIA 21\/07\/99<br><br>MUITOS CATALOGADORES EST\u00c3O DE FERIAS<\/td><\/tr><tr><td class=\"has-text-align-left\" data-align=\"left\">\u00a0<br><strong>FAFICH<\/strong>:<br>0268- 3356 (falta um digito-buffer de 28.06.99<br>0266-51160 (falta um digito)-buffer de 12.06.99<br>0266-51560 (buffer de 12.06.99)<br>0266.52560\u00a0(buffer de 12.06.99)<br>0266.03360 (buffer de 10.06.99)<br>0266.66860 (buffer de 14.06.99)<br>0266.68960 (buffer de 14.06.99<br>0266. 29460(buffer de 07.07.99)<br>\u00a0<br>Escola de Educa\u00e7ao fisica:<br>0267-16660 ( falta um digito- buffer de 19.06.99<br>0267- 16660 ( falta um digito- buffer de 21.06.99<br>\u00a0<br>icex;<br>0265-32260 ( buffer de 15.06.99)<br>\u00a0<br>TU:<br>0266-95660 ( falta um digito-buffer de 16.06.990<br>ODONTOLOGIA:<br>0039-06760 ( buffer de 17.06.99)<br>\u00a0<br>ENGENHARIA:<br>0048-01360 ( buffer de 07.06.99)<br>Errata do documento da\u00a0reuni\u00e3o\u00a0do grupo de\u00a0cataloga\u00e7\u00e3o\u00a0da UFMG<br>\u00a0 onde se l\u00ea linha FGV<br>\u00a0 \u00a0 \u00a0 \u00a0Quando\u00a0n\u00e3o\u00a0conseguimos fazer a\u00a0conex\u00e3o\u00a0com a FGV significa que a base bibliodata pode estar\u00a0em\u00a0manuten\u00e7\u00e3o<br>\u00a0 \u00a0 \u00a0 \u00a0 \u00a0 \u00a0 No caso de demora na pequisa ou\u00a0transfer\u00eancia\u00a0de dados pode ser excesso de trafego<br>\u00a0<br>\u00a0<br>\u00a0<br>\u00a0<br>CATCD da OCLC:\u00a0est\u00e3o\u00a0dispon\u00edveis\u00a0na CCQC, A biblioteca que desejar usar, favor agendar<br>\u00a0 \u00a0 \u00a0 \u00a0 \u00a0 \u00a0 \u00a0 Em\u00a0rela\u00e7\u00e3o\u00a0a\u00a0estat\u00edstica\u00a0solicitamos:<br>\u00a0 \u00a0 -O favor de fornecer os totais nas\u00a0estat\u00edsticas<br>\u00a0 \u00a0 -enviar ate o segundo doa\u00a0\u00fatil<br>\u00a0 \u00a0 -as catalogadoras com\u00a0hor\u00e1rios\u00a0diferenciados, deixar a pasta de\u00a0estat\u00edstica\u00a0de modo que outra pessoa\u00a0ter acesso e dar\u00a0informa\u00e7\u00f5es\u00a0quando solicitadas pela CCQC, por motivo de duvida<br>\u00a0<br>Campo 546 &#8211; Nota de\u00a0lingu\u00e1\u00a0(R)<br>\u00a0 \u00a0 \u00a0 \u00a0 \u00a0 \u00a0 \u00a0 \u00a0 \u00a0 \u00a0 \u00a0 Indicador 1 Indefinido<br>\u00a0 \u00a0 \u00a0 \u00a0 \u00a0 \u00a0 \u00a0 \u00a0 \u00a0 \u00a0 \u00a0=branco<br>\u00a0<br>\u00a0<br>O campo 546 contem a \u00a0nota textual de\u00a0lingu\u00e1\u00a0do material descrito<br>Informa\u00e7ao codificada referente a\u00a0lingu\u00e1: 008\/35-37 e campo 041<br>\u00a0 Ex: 546 texto em\u00a0franc\u00eas<br>\u00a0 \u00a0546 texto em\u00a0ingl\u00eas\u00a0e\u00a0alem\u00e3o<br>\u00a0 Substitui o campo 500 no que se refere a nota de\u00a0lingu\u00e1<br>\u00a0\u00a0ATEN\u00c7\u00c3O: Enviamos esta\u00a0quest\u00e3o\u00a0para a REDE e recebemos como resposta que este campo sera\u00a0estudado. quando chegar a resposta definitiva, vamos rever<br><br>Pesquisar de nomes de autores compostos unidos por\u00a0h\u00edfen<br>\u00a0 \u00a0 \u00a0&#8211; fazer a pesquisa, tanto pelo autor ou por palavra chave, como nome composto e\u00a0n\u00e3o\u00a0por parte\u00a0do nome porque o resultado corresponde a falsa\u00a0recupera\u00e7\u00e3o.<br>\u00a0<br>\u00a0<\/td><\/tr><\/tbody><\/table><\/figure>\n","protected":false},"excerpt":{"rendered":"<p>BIBLIOTECA UNIVERSIT\u00c1RIA \u2013 UFMG\u00a0\u00a0\u00a0\u00a0\u00a0\u00a0\u00a0\u00a0\u00a0\u00a0\u00a0\u00a0\u00a0\u00a0\u00a0\u00a0\u00a0\u00a0\u00a0\u00a0\u00a0\u00a0\u00a0\u00a0\u00a0\u00a0\u00a0\u00a0\u00a0\u00a0\u00a0\u00a0\u00a0\u00a0\u00a0\u00a0\u00a0\u00a0\u00a0\u00a0\u00a0\u00a0\u00a0\u00a0\u00a0CENTRAL DE CONTROLE E QUALIDADE DA CATALOGA\u00c7\u00c3O &#8211; CCQC COMUNICADO N\u00ba: \u00a0 6\/99 \u00a0 \u00a0 ASSUNTO: \u00a0CANCELAMENTO A REUNI\u00c3O DA CATALOGA\u00c7\u00c3O DO DIA 21\/07\/99 MUITOS CATALOGADORES EST\u00c3O DE FERIAS \u00a0FAFICH:0268- 3356 (falta um digito-buffer de 28.06.990266-51160 (falta um digito)-buffer de 12.06.990266-51560 (buffer de 12.06.99)0266.52560\u00a0(buffer de 12.06.99)0266.03360 (buffer de 10.06.99)0266.66860 (buffer de 14.06.99)0266.68960 [&hellip;]<\/p>\n","protected":false},"author":1,"featured_media":0,"parent":0,"menu_order":0,"comment_status":"closed","ping_status":"closed","template":"","meta":{"footnotes":""},"class_list":["post-398","page","type-page","status-publish","hentry"],"_links":{"self":[{"href":"https:\/\/www.bu.ufmg.br\/catalogacao\/wp-json\/wp\/v2\/pages\/398","targetHints":{"allow":["GET"]}}],"collection":[{"href":"https:\/\/www.bu.ufmg.br\/catalogacao\/wp-json\/wp\/v2\/pages"}],"about":[{"href":"https:\/\/www.bu.ufmg.br\/catalogacao\/wp-json\/wp\/v2\/types\/page"}],"author":[{"embeddable":true,"href":"https:\/\/www.bu.ufmg.br\/catalogacao\/wp-json\/wp\/v2\/users\/1"}],"replies":[{"embeddable":true,"href":"https:\/\/www.bu.ufmg.br\/catalogacao\/wp-json\/wp\/v2\/comments?post=398"}],"version-history":[{"count":0,"href":"https:\/\/www.bu.ufmg.br\/catalogacao\/wp-json\/wp\/v2\/pages\/398\/revisions"}],"wp:attachment":[{"href":"https:\/\/www.bu.ufmg.br\/catalogacao\/wp-json\/wp\/v2\/media?parent=398"}],"curies":[{"name":"wp","href":"https:\/\/api.w.org\/{rel}","templated":true}]}}