{"id":390,"date":"2022-04-05T15:27:42","date_gmt":"2022-04-05T18:27:42","guid":{"rendered":"https:\/\/www.bu.ufmg.br\/catalogacao\/?page_id=390"},"modified":"2022-05-27T16:40:05","modified_gmt":"2022-05-27T19:40:05","slug":"campo-440-830-eventos-e-series","status":"publish","type":"page","link":"https:\/\/www.bu.ufmg.br\/catalogacao\/campo-440-830-eventos-e-series\/","title":{"rendered":"Campo 440 &#8211; 830 &#8211;   Eventos e S\u00e9ries"},"content":{"rendered":"\n<figure class=\"wp-block-table has-medium-font-size\"><table class=\"has-colibri-color-6-color has-text-color has-background\" style=\"background:linear-gradient(100deg,rgb(238,238,238) 0%,rgb(169,184,195) 100%)\"><thead><tr><th class=\"has-text-align-left\" data-align=\"left\">BIBLIOTECA UNIVERSIT\u00c1RIA \u2013 UFMG\u00a0\u00a0\u00a0\u00a0\u00a0\u00a0\u00a0\u00a0\u00a0\u00a0\u00a0\u00a0\u00a0\u00a0\u00a0\u00a0\u00a0\u00a0\u00a0\u00a0\u00a0\u00a0\u00a0\u00a0\u00a0\u00a0\u00a0\u00a0\u00a0\u00a0\u00a0\u00a0\u00a0\u00a0\u00a0\u00a0\u00a0\u00a0\u00a0\u00a0\u00a0\u00a0\u00a0\u00a0\u00a0<br>CENTRAL DE CONTROLE E QUALIDADE DA CATALOGA\u00c7\u00c3O &#8211; CCQC<\/th><\/tr><\/thead><tbody><tr><td class=\"has-text-align-left\" data-align=\"left\"><br><br><strong>COMUNICADO N\u00ba<\/strong>: 11 \u00a0 \u00a0 \u00a0<strong>DATA<\/strong>: 13\/06\/2008<\/td><\/tr><tr><td class=\"has-text-align-left\" data-align=\"left\"><br><br><strong>ASSUNTO<\/strong>: \u00a0Eventos e Series\u00a0<\/td><\/tr><tr><td class=\"has-text-align-left\" data-align=\"left\"><br>Orienta\u00e7\u00e3o para inser\u00e7\u00e3o de eventos e series no RBM<br>\u00a0<br>1) EVENTOS:<br>\u00a0Eventos que entram diretamente pelo seu nome:<br>\u00a0 \u00a0 \u00a0Exemplo:<br><br>\u00a0 \u00a0 \u00a0 \u00a0\u00a0Semin\u00e1rio\u00a0Nacional de Bibliotecas\u00a0Universit\u00e1ria<br>\u00a0<br>Ao pesquisar o evento na base tela &#8221; cadastro&#8221; nome autoridade&#8221;, somente o\u00a0conte\u00fado\u00a0do\u00a0c\u00f3digo\u00a0de\u00a0subcampo $a deve ir para o RBM. Os demais subcampos $n $d $e\u00a0$c\u00a0dever\u00e3o\u00a0ser\u00a0inclu\u00eddos\u00a0diretamente no RBM.<br>\u00a0<br>Eventos que entram de forma subordinada a um nome de entidade:<br>\u00a0 \u00a0 \u00a0 \u00a0 \u00a0Exemplo:<br><br>\u00a0 \u00a0 \u00a0 \u00a0 American Chemical Society. National Meeting<br>Ao pesquisar o evento na base tela &#8221; cadastro&#8221; nome autoridade&#8221;, somente o\u00a0conte\u00fado\u00a0do\u00a0c\u00f3digo\u00a0de\u00a0subcampo $a deve ir para o RBM. Os demais subcampos $n $d $c $c\u00a0dever\u00e3o\u00a0ser\u00a0inclu\u00eddos\u00a0diretamente no RBM.<br>\u00a0<br>2) SERIES:<br>\u00a0<br>Campo 440 &#8211; Titulo de serie<br>Ao pesquisar o evento na base tela &#8221; cadastro&#8221; nome autoridade&#8221;, somente o\u00a0conte\u00fado\u00a0do\u00a0c\u00f3digo\u00a0de\u00a0subcampo $a $n $p devem ir para o RBM. O\u00a0c\u00f3digo\u00a0de subcampo $v deve\u00a0ser\u00a0inclu\u00eddo\u00a0diretamente no RBM.<br>\u00a0<br>Campo 830 &#8211; entrada secundaria de serie &#8211; titulo uniforme<br><br>Ao pesquisar o evento na base tela &#8221; cadastro&#8221; nome autoridade&#8221;, somente o\u00a0conte\u00fado\u00a0do\u00a0c\u00f3digo\u00a0de\u00a0subcampo $a devem ir para o RBM. O\u00a0c\u00f3digo\u00a0de subcampo $v deve ser\u00a0inclu\u00eddo\u00a0diretamente no RBM.<br>\u00a0<br>Quando a serie e\/ ou evento pesquisada estiver com subcampos, importar autoridade do CD FGV, caso\u00a0n\u00e3o\u00a0encontre criar uma\u00a0tempor\u00e1ria, seguindo metodologia abaixo:<br>\u00a0<\/td><\/tr><\/tbody><\/table><\/figure>\n\n\n\n<figure class=\"wp-block-image size-large\"><img loading=\"lazy\" decoding=\"async\" width=\"745\" height=\"1024\" src=\"https:\/\/www.bu.ufmg.br\/catalogacao\/wp-content\/uploads\/2022\/04\/pin-745x1024.jpg\" alt=\"\" class=\"wp-image-392\" srcset=\"https:\/\/www.bu.ufmg.br\/catalogacao\/wp-content\/uploads\/2022\/04\/pin-745x1024.jpg 745w, https:\/\/www.bu.ufmg.br\/catalogacao\/wp-content\/uploads\/2022\/04\/pin-218x300.jpg 218w, https:\/\/www.bu.ufmg.br\/catalogacao\/wp-content\/uploads\/2022\/04\/pin-768x1056.jpg 768w, https:\/\/www.bu.ufmg.br\/catalogacao\/wp-content\/uploads\/2022\/04\/pin-1117x1536.jpg 1117w, https:\/\/www.bu.ufmg.br\/catalogacao\/wp-content\/uploads\/2022\/04\/pin-1489x2048.jpg 1489w, https:\/\/www.bu.ufmg.br\/catalogacao\/wp-content\/uploads\/2022\/04\/pin.jpg 1700w\" sizes=\"auto, (max-width: 745px) 100vw, 745px\" \/><\/figure>\n","protected":false},"excerpt":{"rendered":"<p>BIBLIOTECA UNIVERSIT\u00c1RIA \u2013 UFMG\u00a0\u00a0\u00a0\u00a0\u00a0\u00a0\u00a0\u00a0\u00a0\u00a0\u00a0\u00a0\u00a0\u00a0\u00a0\u00a0\u00a0\u00a0\u00a0\u00a0\u00a0\u00a0\u00a0\u00a0\u00a0\u00a0\u00a0\u00a0\u00a0\u00a0\u00a0\u00a0\u00a0\u00a0\u00a0\u00a0\u00a0\u00a0\u00a0\u00a0\u00a0\u00a0\u00a0\u00a0\u00a0CENTRAL DE CONTROLE E QUALIDADE DA CATALOGA\u00c7\u00c3O &#8211; CCQC COMUNICADO N\u00ba: 11 \u00a0 \u00a0 \u00a0DATA: 13\/06\/2008 ASSUNTO: \u00a0Eventos e Series\u00a0 Orienta\u00e7\u00e3o para inser\u00e7\u00e3o de eventos e series no RBM\u00a01) EVENTOS:\u00a0Eventos que entram diretamente pelo seu nome:\u00a0 \u00a0 \u00a0Exemplo: \u00a0 \u00a0 \u00a0 \u00a0\u00a0Semin\u00e1rio\u00a0Nacional de Bibliotecas\u00a0Universit\u00e1ria\u00a0Ao pesquisar o evento na base tela &#8221; cadastro&#8221; [&hellip;]<\/p>\n","protected":false},"author":1,"featured_media":0,"parent":0,"menu_order":0,"comment_status":"closed","ping_status":"closed","template":"","meta":{"footnotes":""},"class_list":["post-390","page","type-page","status-publish","hentry"],"_links":{"self":[{"href":"https:\/\/www.bu.ufmg.br\/catalogacao\/wp-json\/wp\/v2\/pages\/390","targetHints":{"allow":["GET"]}}],"collection":[{"href":"https:\/\/www.bu.ufmg.br\/catalogacao\/wp-json\/wp\/v2\/pages"}],"about":[{"href":"https:\/\/www.bu.ufmg.br\/catalogacao\/wp-json\/wp\/v2\/types\/page"}],"author":[{"embeddable":true,"href":"https:\/\/www.bu.ufmg.br\/catalogacao\/wp-json\/wp\/v2\/users\/1"}],"replies":[{"embeddable":true,"href":"https:\/\/www.bu.ufmg.br\/catalogacao\/wp-json\/wp\/v2\/comments?post=390"}],"version-history":[{"count":0,"href":"https:\/\/www.bu.ufmg.br\/catalogacao\/wp-json\/wp\/v2\/pages\/390\/revisions"}],"wp:attachment":[{"href":"https:\/\/www.bu.ufmg.br\/catalogacao\/wp-json\/wp\/v2\/media?parent=390"}],"curies":[{"name":"wp","href":"https:\/\/api.w.org\/{rel}","templated":true}]}}