{"id":360,"date":"2022-04-04T16:35:02","date_gmt":"2022-04-04T19:35:02","guid":{"rendered":"https:\/\/www.bu.ufmg.br\/catalogacao\/?page_id=360"},"modified":"2022-05-26T17:22:14","modified_gmt":"2022-05-26T20:22:14","slug":"autoridades-remissivas-na-web","status":"publish","type":"page","link":"https:\/\/www.bu.ufmg.br\/catalogacao\/autoridades-remissivas-na-web\/","title":{"rendered":"Autoridades remissivas na web"},"content":{"rendered":"\n<figure class=\"wp-block-table has-medium-font-size\"><table class=\"has-colibri-color-6-color has-text-color has-background\" style=\"background:linear-gradient(100deg,rgb(238,238,238) 0%,rgb(169,184,195) 100%)\"><thead><tr><th class=\"has-text-align-left\" data-align=\"left\">BIBLIOTECA UNIVERSIT\u00c1RIA \u2013 UFMG\u00a0\u00a0\u00a0\u00a0\u00a0\u00a0\u00a0\u00a0\u00a0\u00a0\u00a0\u00a0\u00a0\u00a0\u00a0\u00a0\u00a0\u00a0\u00a0\u00a0\u00a0\u00a0\u00a0\u00a0\u00a0\u00a0\u00a0\u00a0\u00a0\u00a0\u00a0\u00a0\u00a0\u00a0\u00a0\u00a0\u00a0\u00a0\u00a0\u00a0\u00a0\u00a0\u00a0\u00a0\u00a0<br>CENTRAL DE CONTROLE E QUALIDADE DA CATALOGA\u00c7\u00c3O &#8211; CCQC<\/th><\/tr><\/thead><tbody><tr><td class=\"has-text-align-left\" data-align=\"left\"><br><br><strong>COMUNICADO N\u00ba<\/strong>: \u00a004 \u00a0 <strong>DATA<\/strong>: 12\/06\/00<\/td><\/tr><tr><td class=\"has-text-align-left\" data-align=\"left\"><br><br><strong>ASSUNTO<\/strong>: \u00a0Autoridades e remissivas na web<\/td><\/tr><tr><td class=\"has-text-align-left\" data-align=\"left\">\u00a0<br><strong>Autoridades e remissivas na web<\/strong><br>\u00a0 \u00a0 Em decorr\u00eancia da primeira carga de autoridades pedimos verificar a exibi\u00e7\u00e3o na web de autoridades pedimos verificar a exibi\u00e7\u00e3o na web de autoridades com referencias cruzadas<br>Pesquise: Abreu,M. C\u00e9lia de<br>Aparece em numero. Ocorr\u00eancia [-] \u00a0 Abreu, M. C\u00e9lia de\u00a0<br>Aparece a tela referencia cruzadas<br>[-] significa forma anulada<br>\u00a0<br><strong>Lembrete:<\/strong><br>\u00a0<br>Apesar de j\u00e1 ter sido colocado em reuni\u00e3o, gostar\u00edamos de lembrar o comando tamb\u00e9m para o caso de cabe\u00e7alhos de assuntos como termos livres criados na UFMG<br>-ao fazer tamb\u00e9m de assuntos; n\u00fameros da linha espa\u00e7o a -para ver o registro <strong>MARC<\/strong> de autoridades e verificar se tem o campo 040 UFMG se tiver, apos o comando tamb\u00e9m \/2 UFMG de acordo com o manual de entrada de dados<\/td><\/tr><\/tbody><\/table><\/figure>\n","protected":false},"excerpt":{"rendered":"<p>BIBLIOTECA UNIVERSIT\u00c1RIA \u2013 UFMG\u00a0\u00a0\u00a0\u00a0\u00a0\u00a0\u00a0\u00a0\u00a0\u00a0\u00a0\u00a0\u00a0\u00a0\u00a0\u00a0\u00a0\u00a0\u00a0\u00a0\u00a0\u00a0\u00a0\u00a0\u00a0\u00a0\u00a0\u00a0\u00a0\u00a0\u00a0\u00a0\u00a0\u00a0\u00a0\u00a0\u00a0\u00a0\u00a0\u00a0\u00a0\u00a0\u00a0\u00a0\u00a0CENTRAL DE CONTROLE E QUALIDADE DA CATALOGA\u00c7\u00c3O &#8211; CCQC COMUNICADO N\u00ba: \u00a004 \u00a0 DATA: 12\/06\/00 ASSUNTO: \u00a0Autoridades e remissivas na web \u00a0Autoridades e remissivas na web\u00a0 \u00a0 Em decorr\u00eancia da primeira carga de autoridades pedimos verificar a exibi\u00e7\u00e3o na web de autoridades pedimos verificar a exibi\u00e7\u00e3o na web de autoridades com referencias [&hellip;]<\/p>\n","protected":false},"author":1,"featured_media":0,"parent":0,"menu_order":0,"comment_status":"closed","ping_status":"closed","template":"","meta":{"footnotes":""},"class_list":["post-360","page","type-page","status-publish","hentry"],"_links":{"self":[{"href":"https:\/\/www.bu.ufmg.br\/catalogacao\/wp-json\/wp\/v2\/pages\/360","targetHints":{"allow":["GET"]}}],"collection":[{"href":"https:\/\/www.bu.ufmg.br\/catalogacao\/wp-json\/wp\/v2\/pages"}],"about":[{"href":"https:\/\/www.bu.ufmg.br\/catalogacao\/wp-json\/wp\/v2\/types\/page"}],"author":[{"embeddable":true,"href":"https:\/\/www.bu.ufmg.br\/catalogacao\/wp-json\/wp\/v2\/users\/1"}],"replies":[{"embeddable":true,"href":"https:\/\/www.bu.ufmg.br\/catalogacao\/wp-json\/wp\/v2\/comments?post=360"}],"version-history":[{"count":0,"href":"https:\/\/www.bu.ufmg.br\/catalogacao\/wp-json\/wp\/v2\/pages\/360\/revisions"}],"wp:attachment":[{"href":"https:\/\/www.bu.ufmg.br\/catalogacao\/wp-json\/wp\/v2\/media?parent=360"}],"curies":[{"name":"wp","href":"https:\/\/api.w.org\/{rel}","templated":true}]}}