{"id":345,"date":"2022-04-04T15:46:09","date_gmt":"2022-04-04T18:46:09","guid":{"rendered":"https:\/\/www.bu.ufmg.br\/catalogacao\/?page_id=345"},"modified":"2022-05-26T16:57:34","modified_gmt":"2022-05-26T19:57:34","slug":"sites-de-interesse-z39-50-no-pergamum","status":"publish","type":"page","link":"https:\/\/www.bu.ufmg.br\/catalogacao\/sites-de-interesse-z39-50-no-pergamum\/","title":{"rendered":"Sites de interesse: Z39.50 no Pergamum"},"content":{"rendered":"\n<figure class=\"wp-block-table has-medium-font-size\"><table class=\"has-colibri-color-6-color has-text-color has-background\" style=\"background:linear-gradient(100deg,rgb(238,238,238) 0%,rgb(169,184,195) 100%)\"><thead><tr><th class=\"has-text-align-left\" data-align=\"left\">BIBLIOTECA UNIVERSIT\u00c1RIA \u2013 UFMG\u00a0\u00a0\u00a0\u00a0\u00a0\u00a0\u00a0\u00a0\u00a0\u00a0\u00a0\u00a0\u00a0\u00a0\u00a0\u00a0\u00a0\u00a0\u00a0\u00a0\u00a0\u00a0\u00a0\u00a0\u00a0\u00a0\u00a0\u00a0 \u00a0\u00a0\u00a0\u00a0\u00a0\u00a0\u00a0\u00a0\u00a0\u00a0\u00a0\u00a0\u00a0\u00a0\u00a0\u00a0\u00a0\u00a0\u00a0\u00a0\u00a0\u00a0\u00a0\u00a0\u00a0\u00a0\u00a0\u00a0\u00a0\u00a0\u00a0\u00a0\u00a0<br>CENTRAL DE CONTROLE E QUALIDADE DA CATALOGA\u00c7\u00c3O &#8211; CCQC<\/th><\/tr><\/thead><tbody><tr><td class=\"has-text-align-left\" data-align=\"left\"><br><br><strong>COMUNICADO N\u00ba<\/strong>:\u00a0 04\u00a0\u00a0\u00a0\u00a0\u00a0\u00a0\u00a0\u00a0\u00a0\u00a0\u00a0 \u00a0<strong>DATA<\/strong>:\u00a0 02\/04\/08<\/td><\/tr><tr><td class=\"has-text-align-left\" data-align=\"left\"><br><br><strong>ASSUNTO<\/strong>:\u00a0 Sites de interesse; Z39.50 no Pergamum\u00a0\u00a0\u00a0\u00a0\u00a0\u00a0\u00a0<\/td><\/tr><tr><td class=\"has-text-align-left\" data-align=\"left\">Sites de muito interesse:<br>Site da IFLA ISBDs&nbsp;&nbsp;<br>http:\/\/www.ifla.org\/VI\/3\/nd1\/isbdlist.htm<br>Site da IFLA contendo a nova ISBD<br>http:\/\/www.ifla.org\/VII\/s13\/pubs\/ISBD_consolidated_2007.pdf<br>&nbsp;<br>Site da documenta\u00e7\u00e3o MARC<br>A LC disponibilizou online&nbsp; o MARC 21: Formato para dados bibliogr\u00e1ficos &#8211; edi\u00e7\u00e3o completa e atualizada at\u00e9 2007 e o MARC 21: Formato para dados de autoridades<br>Antes, s\u00f3 o formato conciso estava dispon\u00edvel online.<br>http:\/\/www.loc.gov\/marc\/&nbsp;<br>&nbsp;<br>Sobre o FRBR:<br>&nbsp;http:\/\/www.ifla.org\/VII\/s13\/frbr\/frbr.pdf<br>http:\/\/www.loc.gov\/catdir\/cpso\/o-que-e-frbr.pdf<br>As palestras do evento em comemora\u00e7\u00e3o ao Dia do Bibliotec\u00e1rio ser\u00e3o disponibilizadas no site da BU; aten\u00e7\u00e3o ao texto da palestra sobre o&nbsp; FRBR<br>Sobre FRAD<br>http:\/\/www.ifla.org\/VII\/d4\/FRANAR-ConceptualModel-2ndReview.pdf<br>&nbsp;<br>Sobre o novo c\u00f3digo de cataloga\u00e7\u00e3o &#8211; RDA &#8211; Resources Access and Description ( fundamentado pelo FRBR e FRAD)<br>&nbsp;<br>http:\/\/www.collectionscanada.gc.ca\/jsc\/rda.html<br>http:\/\/www.rdaonline.org<br>&nbsp;<br>Recursos para cataloga\u00e7\u00e3o<br><a href=\"http:\/\/slis.cua.edu\/ihy\/catmeta.htm\">http:\/\/slis.cua.edu\/ihy\/catmeta.htm<\/a><br>&nbsp;<br>Diretrizes para codificar o l\u00edder\/06<br><a href=\"http:\/\/www.loc.gov\/marc\/ldr06guide.html\">http:\/\/www.loc.gov\/marc\/ldr06guide.html<\/a><br>&nbsp;<br>Tradu\u00e7\u00e3o para o espanhol<br><a href=\"http:\/\/biblioteca.uv.es\/intranet\/mil\/cata\/pautas\/LDR06.htm\">http:\/\/biblioteca.uv.es\/intranet\/mil\/cata\/pautas\/LDR06.htm<\/a><br>&nbsp;<br>Documento:<br>&nbsp;Documento atachado sobre como usar o protocolo Z3950 no Pergamum,&nbsp; elaborado por Jackie ( Automa\u00e7\u00e3o) e testado por Vilma (FAFICH)<\/td><\/tr><\/tbody><\/table><\/figure>\n","protected":false},"excerpt":{"rendered":"<p>BIBLIOTECA UNIVERSIT\u00c1RIA \u2013 UFMG\u00a0\u00a0\u00a0\u00a0\u00a0\u00a0\u00a0\u00a0\u00a0\u00a0\u00a0\u00a0\u00a0\u00a0\u00a0\u00a0\u00a0\u00a0\u00a0\u00a0\u00a0\u00a0\u00a0\u00a0\u00a0\u00a0\u00a0\u00a0 \u00a0\u00a0\u00a0\u00a0\u00a0\u00a0\u00a0\u00a0\u00a0\u00a0\u00a0\u00a0\u00a0\u00a0\u00a0\u00a0\u00a0\u00a0\u00a0\u00a0\u00a0\u00a0\u00a0\u00a0\u00a0\u00a0\u00a0\u00a0\u00a0\u00a0\u00a0\u00a0\u00a0CENTRAL DE CONTROLE E QUALIDADE DA CATALOGA\u00c7\u00c3O &#8211; CCQC COMUNICADO N\u00ba:\u00a0 04\u00a0\u00a0\u00a0\u00a0\u00a0\u00a0\u00a0\u00a0\u00a0\u00a0\u00a0 \u00a0DATA:\u00a0 02\/04\/08 ASSUNTO:\u00a0 Sites de interesse; Z39.50 no Pergamum\u00a0\u00a0\u00a0\u00a0\u00a0\u00a0\u00a0 Sites de muito interesse:Site da IFLA ISBDs&nbsp;&nbsp;http:\/\/www.ifla.org\/VI\/3\/nd1\/isbdlist.htmSite da IFLA contendo a nova ISBDhttp:\/\/www.ifla.org\/VII\/s13\/pubs\/ISBD_consolidated_2007.pdf&nbsp;Site da documenta\u00e7\u00e3o MARCA LC disponibilizou online&nbsp; o MARC 21: Formato para dados bibliogr\u00e1ficos &#8211; edi\u00e7\u00e3o completa e [&hellip;]<\/p>\n","protected":false},"author":1,"featured_media":0,"parent":0,"menu_order":0,"comment_status":"closed","ping_status":"closed","template":"","meta":{"footnotes":""},"class_list":["post-345","page","type-page","status-publish","hentry"],"_links":{"self":[{"href":"https:\/\/www.bu.ufmg.br\/catalogacao\/wp-json\/wp\/v2\/pages\/345","targetHints":{"allow":["GET"]}}],"collection":[{"href":"https:\/\/www.bu.ufmg.br\/catalogacao\/wp-json\/wp\/v2\/pages"}],"about":[{"href":"https:\/\/www.bu.ufmg.br\/catalogacao\/wp-json\/wp\/v2\/types\/page"}],"author":[{"embeddable":true,"href":"https:\/\/www.bu.ufmg.br\/catalogacao\/wp-json\/wp\/v2\/users\/1"}],"replies":[{"embeddable":true,"href":"https:\/\/www.bu.ufmg.br\/catalogacao\/wp-json\/wp\/v2\/comments?post=345"}],"version-history":[{"count":0,"href":"https:\/\/www.bu.ufmg.br\/catalogacao\/wp-json\/wp\/v2\/pages\/345\/revisions"}],"wp:attachment":[{"href":"https:\/\/www.bu.ufmg.br\/catalogacao\/wp-json\/wp\/v2\/media?parent=345"}],"curies":[{"name":"wp","href":"https:\/\/api.w.org\/{rel}","templated":true}]}}