{"id":274,"date":"2022-04-01T16:20:44","date_gmt":"2022-04-01T19:20:44","guid":{"rendered":"https:\/\/www.bu.ufmg.br\/catalogacao\/?page_id=274"},"modified":"2022-05-19T21:56:08","modified_gmt":"2022-05-20T00:56:08","slug":"campos-502-246-740-comunicado-08-2001","status":"publish","type":"page","link":"https:\/\/www.bu.ufmg.br\/catalogacao\/campos-502-246-740-comunicado-08-2001\/","title":{"rendered":"Campos 502 , 246, 740 &#8211; Comunicado  08\/2001"},"content":{"rendered":"\n<figure class=\"wp-block-table has-medium-font-size\"><table class=\"has-colibri-color-6-color has-text-color has-background\" style=\"background:linear-gradient(100deg,rgb(238,238,238) 0%,rgb(169,184,195) 100%)\"><thead><tr><th class=\"has-text-align-left\" data-align=\"left\">BIBLIOTECA UNIVERSIT\u00c1RIA \u2013 UFMG\u00a0\u00a0\u00a0\u00a0\u00a0\u00a0\u00a0\u00a0\u00a0\u00a0\u00a0\u00a0\u00a0\u00a0\u00a0\u00a0\u00a0\u00a0\u00a0\u00a0\u00a0\u00a0\u00a0\u00a0\u00a0\u00a0\u00a0\u00a0\u00a0\u00a0\u00a0\u00a0\u00a0\u00a0\u00a0\u00a0\u00a0\u00a0\u00a0\u00a0\u00a0\u00a0\u00a0\u00a0\u00a0<br>CENTRAL DE CONTROLE E QUALIDADE DA CATALOGA\u00c7\u00c3O &#8211; CCQC<\/th><\/tr><\/thead><tbody><tr><td class=\"has-text-align-left\" data-align=\"left\"><br><\/td><\/tr><tr><td class=\"has-text-align-left\" data-align=\"left\"><strong>COMUNICADO N\u00ba: <\/strong>08 \u00a0 \u00a0 \u00a0<strong>DATA:<\/strong> 13\/12\/2001<\/td><\/tr><tr><td class=\"has-text-align-left\" data-align=\"left\"><strong>ASSUNTO: \u00a0<\/strong>Diversos<\/td><\/tr><tr><td class=\"has-text-align-left\" data-align=\"left\"><br><strong>ATEN\u00c7\u00c3O<\/strong>: \u00a0N\u00e3o se esque\u00e7am do c\u00f3digo do operador e do campo 090.<br>\u00a0<br><strong>CAMPO 246<\/strong><br>N\u00e3o incluir o campo 246 em registros de carga pois, o mesmo foi criado a partir de 1994. nesse caso prevalece o <strong>campo 740.<\/strong><br><br><strong>DISSERTA\u00c7\u00d5ES<\/strong>\u00a0<br>No caso de disserta\u00e7\u00f5es defendidas na escola de governo de Minas Gerais,<br>Funda\u00e7\u00e3o Jo\u00e3o Pinheiro a entrada correta deve ser:<br>Funda\u00e7\u00e3o Jo\u00e3o Pinheiro. \/b escola de governo de Minas Gerais\u00a0<br>Aten\u00e7\u00e3o: a escola esta subordinada a funda\u00e7\u00e3o.<br>\u00a0<br><strong>AUTORIDADE:<\/strong><br>O manual para entrada de registros de autoridades em formato MARC continua dispon\u00edvel para empr\u00e9stimos e\/ ou consulta.<br>\u00a0<br><strong>PONTUA\u00c7\u00c3O:<\/strong><br>Com rela\u00e7\u00e3o a regra sobre pontua\u00e7\u00e3o: o uso do travess\u00e3o e h\u00edfen: a configura\u00e7\u00e3o exibida para estes sinais e tipogr\u00e1fica ou seja, e conforme o teclado de cada m\u00e1quina. portanto, pode aparecer: \u00a0&#8211; ou assim_. O importante e saber quando usar.<br>Ver item 0.3 ISBD(G) e regra 1.OC do AACR2.<br><strong>ENTREVISTAS<\/strong><br>Tratamento de obras que tratam de entrevistas: observar a <strong>regra 21.25<\/strong> do AACR2. O Cutter de entrevista para at\u00e9 3 (tr\u00eas) entrevistados o Cutter \u00e9 do ENTREVISTADOR.<br>(Colabora\u00e7\u00e3o: Bibliotec\u00e1rias da Letras)<br>\u00a0<br>\/own e \/all<br>O registro bibliogr\u00e1fico s\u00f3 aparece no<strong> own<\/strong> ap\u00f3s a inclus\u00e3o do item. o mesmo\u00a0acontece com o holding: o registro bibliogr\u00e1fico sem item ou holding s\u00f3 aparece no <strong>\/all.<\/strong><br>\u00a0<\/td><\/tr><\/tbody><\/table><\/figure>\n","protected":false},"excerpt":{"rendered":"<p>BIBLIOTECA UNIVERSIT\u00c1RIA \u2013 UFMG\u00a0\u00a0\u00a0\u00a0\u00a0\u00a0\u00a0\u00a0\u00a0\u00a0\u00a0\u00a0\u00a0\u00a0\u00a0\u00a0\u00a0\u00a0\u00a0\u00a0\u00a0\u00a0\u00a0\u00a0\u00a0\u00a0\u00a0\u00a0\u00a0\u00a0\u00a0\u00a0\u00a0\u00a0\u00a0\u00a0\u00a0\u00a0\u00a0\u00a0\u00a0\u00a0\u00a0\u00a0\u00a0CENTRAL DE CONTROLE E QUALIDADE DA CATALOGA\u00c7\u00c3O &#8211; CCQC COMUNICADO N\u00ba: 08 \u00a0 \u00a0 \u00a0DATA: 13\/12\/2001 ASSUNTO: \u00a0Diversos ATEN\u00c7\u00c3O: \u00a0N\u00e3o se esque\u00e7am do c\u00f3digo do operador e do campo 090.\u00a0CAMPO 246N\u00e3o incluir o campo 246 em registros de carga pois, o mesmo foi criado a partir de 1994. nesse caso prevalece o [&hellip;]<\/p>\n","protected":false},"author":1,"featured_media":0,"parent":0,"menu_order":0,"comment_status":"closed","ping_status":"closed","template":"","meta":{"footnotes":""},"class_list":["post-274","page","type-page","status-publish","hentry"],"_links":{"self":[{"href":"https:\/\/www.bu.ufmg.br\/catalogacao\/wp-json\/wp\/v2\/pages\/274","targetHints":{"allow":["GET"]}}],"collection":[{"href":"https:\/\/www.bu.ufmg.br\/catalogacao\/wp-json\/wp\/v2\/pages"}],"about":[{"href":"https:\/\/www.bu.ufmg.br\/catalogacao\/wp-json\/wp\/v2\/types\/page"}],"author":[{"embeddable":true,"href":"https:\/\/www.bu.ufmg.br\/catalogacao\/wp-json\/wp\/v2\/users\/1"}],"replies":[{"embeddable":true,"href":"https:\/\/www.bu.ufmg.br\/catalogacao\/wp-json\/wp\/v2\/comments?post=274"}],"version-history":[{"count":0,"href":"https:\/\/www.bu.ufmg.br\/catalogacao\/wp-json\/wp\/v2\/pages\/274\/revisions"}],"wp:attachment":[{"href":"https:\/\/www.bu.ufmg.br\/catalogacao\/wp-json\/wp\/v2\/media?parent=274"}],"curies":[{"name":"wp","href":"https:\/\/api.w.org\/{rel}","templated":true}]}}