{"id":272,"date":"2022-04-01T16:19:32","date_gmt":"2022-04-01T19:19:32","guid":{"rendered":"https:\/\/www.bu.ufmg.br\/catalogacao\/?page_id=272"},"modified":"2022-05-19T21:58:09","modified_gmt":"2022-05-20T00:58:09","slug":"campo-500-e-504-bibliografia-indices-apendices-e-anexos","status":"publish","type":"page","link":"https:\/\/www.bu.ufmg.br\/catalogacao\/campo-500-e-504-bibliografia-indices-apendices-e-anexos\/","title":{"rendered":"Campo 500 e 504 &#8211; Bibliografia, \u00cdndices  Ap\u00eandices e Anexos"},"content":{"rendered":"\n<figure class=\"wp-block-table has-medium-font-size\"><table class=\"has-colibri-color-6-color has-text-color has-background\" style=\"background:linear-gradient(100deg,rgb(238,238,238) 0%,rgb(169,184,195) 100%)\"><thead><tr><th class=\"has-text-align-left\" data-align=\"left\">BIBLIOTECA UNIVERSIT\u00c1RIA \u2013 UFMG\u00a0\u00a0\u00a0\u00a0\u00a0\u00a0\u00a0\u00a0\u00a0\u00a0\u00a0\u00a0\u00a0\u00a0\u00a0\u00a0\u00a0\u00a0\u00a0\u00a0\u00a0\u00a0\u00a0\u00a0\u00a0\u00a0\u00a0\u00a0\u00a0\u00a0\u00a0\u00a0\u00a0\u00a0\u00a0\u00a0\u00a0\u00a0\u00a0\u00a0\u00a0\u00a0\u00a0\u00a0\u00a0<br>CENTRAL DE CONTROLE E QUALIDADE DA CATALOGA\u00c7\u00c3O &#8211; CCQC<\/th><\/tr><\/thead><tbody><tr><td class=\"has-text-align-left\" data-align=\"left\"><br><\/td><\/tr><tr><td class=\"has-text-align-left\" data-align=\"left\"><strong>COMUNICADO N\u00ba:<\/strong> 2008 \u00a0 \u00a0 \u00a0D<strong>ATA:<\/strong> 29\/04\/2008<\/td><\/tr><tr><td class=\"has-text-align-left\" data-align=\"left\"><strong>ASSUNTO: \u00a0<\/strong>Campo 5XX<\/td><\/tr><tr><td class=\"has-text-align-left\" data-align=\"left\"><br>Tendo em vista as d\u00favidas encaminhadas a CCQC, esclarecemos o uso dos campos 500 e 504 para bibliografia, \u00edndices, ap\u00eandices e anexos.<br>\u00a0<br><strong>O campo 500 &#8211; Nota gerais<\/strong><br>\u00a0 \u00a0Usar para: \u00cdndices e anexo.<br>\u00a0 \u00a0Exemplos:<br>\u00a0 \u00a0 \u00a0 \u00a0500## $a Inclui \u00edndice<br>\u00a0 \u00a0 \u00a0 \u00a0500## $a Inclui anexo<br><strong>504 &#8211; Notas de bibliografia, ap\u00eandice e\/ ou \u00edndice<\/strong><br>\u00a0 \u00a0Usar para: Bibliografia, bibliografia combinada com \u00edndice<br>Exemplos:<br>\u00a0 \u00a0504 ## $a Inclui bibliografia<br>\u00a0 \u00a0504 ## $a Bibliografia: p. 156 &#8211; 162<br>\u00a0 \u00a0504 ## $a Inclui Bibliografia e \u00edndice<br>\u00a0 \u00a0504 ## $a Inclui ap\u00eandice<\/td><\/tr><\/tbody><\/table><\/figure>\n","protected":false},"excerpt":{"rendered":"<p>BIBLIOTECA UNIVERSIT\u00c1RIA \u2013 UFMG\u00a0\u00a0\u00a0\u00a0\u00a0\u00a0\u00a0\u00a0\u00a0\u00a0\u00a0\u00a0\u00a0\u00a0\u00a0\u00a0\u00a0\u00a0\u00a0\u00a0\u00a0\u00a0\u00a0\u00a0\u00a0\u00a0\u00a0\u00a0\u00a0\u00a0\u00a0\u00a0\u00a0\u00a0\u00a0\u00a0\u00a0\u00a0\u00a0\u00a0\u00a0\u00a0\u00a0\u00a0\u00a0CENTRAL DE CONTROLE E QUALIDADE DA CATALOGA\u00c7\u00c3O &#8211; CCQC COMUNICADO N\u00ba: 2008 \u00a0 \u00a0 \u00a0DATA: 29\/04\/2008 ASSUNTO: \u00a0Campo 5XX Tendo em vista as d\u00favidas encaminhadas a CCQC, esclarecemos o uso dos campos 500 e 504 para bibliografia, \u00edndices, ap\u00eandices e anexos.\u00a0O campo 500 &#8211; Nota gerais\u00a0 \u00a0Usar para: \u00cdndices e anexo.\u00a0 \u00a0Exemplos:\u00a0 [&hellip;]<\/p>\n","protected":false},"author":1,"featured_media":0,"parent":0,"menu_order":0,"comment_status":"closed","ping_status":"closed","template":"","meta":{"footnotes":""},"class_list":["post-272","page","type-page","status-publish","hentry"],"_links":{"self":[{"href":"https:\/\/www.bu.ufmg.br\/catalogacao\/wp-json\/wp\/v2\/pages\/272","targetHints":{"allow":["GET"]}}],"collection":[{"href":"https:\/\/www.bu.ufmg.br\/catalogacao\/wp-json\/wp\/v2\/pages"}],"about":[{"href":"https:\/\/www.bu.ufmg.br\/catalogacao\/wp-json\/wp\/v2\/types\/page"}],"author":[{"embeddable":true,"href":"https:\/\/www.bu.ufmg.br\/catalogacao\/wp-json\/wp\/v2\/users\/1"}],"replies":[{"embeddable":true,"href":"https:\/\/www.bu.ufmg.br\/catalogacao\/wp-json\/wp\/v2\/comments?post=272"}],"version-history":[{"count":0,"href":"https:\/\/www.bu.ufmg.br\/catalogacao\/wp-json\/wp\/v2\/pages\/272\/revisions"}],"wp:attachment":[{"href":"https:\/\/www.bu.ufmg.br\/catalogacao\/wp-json\/wp\/v2\/media?parent=272"}],"curies":[{"name":"wp","href":"https:\/\/api.w.org\/{rel}","templated":true}]}}