{"id":187,"date":"2022-03-30T17:12:51","date_gmt":"2022-03-30T20:12:51","guid":{"rendered":"https:\/\/www.bu.ufmg.br\/catalogacao\/?page_id=187"},"modified":"2022-05-19T21:03:43","modified_gmt":"2022-05-20T00:03:43","slug":"campo-260-data-somente-na-ficha-catalografica","status":"publish","type":"page","link":"https:\/\/www.bu.ufmg.br\/catalogacao\/campo-260-data-somente-na-ficha-catalografica\/","title":{"rendered":"Campo 260 &#8211; Data somente na ficha catalogr\u00e1fica"},"content":{"rendered":"\n<figure class=\"wp-block-table has-medium-font-size\"><table class=\"has-colibri-color-6-color has-text-color has-background\" style=\"background:linear-gradient(100deg,rgb(238,238,238) 0%,rgb(169,184,195) 100%)\"><thead><tr><th class=\"has-text-align-left\" data-align=\"left\">BIBLIOTECA UNIVERSIT\u00c1RIA \u2013 UFMG\u00a0\u00a0\u00a0\u00a0\u00a0\u00a0\u00a0\u00a0\u00a0\u00a0\u00a0\u00a0\u00a0\u00a0\u00a0\u00a0\u00a0\u00a0\u00a0\u00a0\u00a0\u00a0\u00a0\u00a0\u00a0\u00a0\u00a0\u00a0\u00a0\u00a0\u00a0\u00a0\u00a0\u00a0\u00a0\u00a0\u00a0\u00a0\u00a0\u00a0\u00a0\u00a0\u00a0\u00a0\u00a0<br>CENTRAL DE CONTROLE E QUALIDADE DA CATALOGA\u00c7\u00c3O &#8211; CCQC<\/th><\/tr><\/thead><tbody><tr><td class=\"has-text-align-left\" data-align=\"left\"><br><\/td><\/tr><tr><td class=\"has-text-align-left\" data-align=\"left\"><strong>COMUNICADO N\u00ba:<\/strong> 5\u00a0\u00a0\u00a0\u00a0\u00a0\u00a0\u00a0\u00a0\u00a0\u00a0 <strong>DATA: <\/strong>23\/04\/2008<\/td><\/tr><tr><td class=\"has-text-align-left\" data-align=\"left\"><strong>ASSUNTO: <\/strong>Data somente na ficha catalogr\u00e1fica<\/td><\/tr><tr><td class=\"has-text-align-left\" data-align=\"left\"><br>Prezados catalogadores,<br>\u00a0<br>Baseado na sugest\u00e3o\/orienta\u00e7\u00e3o da Prof\u00aa Ant\u00f4nia Mem\u00f3ria, solicitamos a todos que, no caso em que a data aparecer <strong>somente na ficha catalogr\u00e1fica <\/strong>da obra<strong>, <\/strong>us\u00e1-la sem colchetes no campo 260 e incluir uma nota 500 \u201cdata da cataloga\u00e7\u00e3o na fonte\u201d.<br>\u00a0<br>Exemplo:<br>260## Belo Horizonte : Itatiaia, <strong>2005.<\/strong><br>500## <strong>Data da cataloga\u00e7\u00e3o na fonte<\/strong><br>\u00a0<br>Abaixo orienta\u00e7\u00e3o da Prof\u00aa Ant\u00f4nia Mem\u00f3ria:<br>\u00a0<br>\u201cSe o C\u00f3digo apresenta v\u00e1rias possibilidades de registro de datas de publica\u00e7\u00e3o, distribui\u00e7\u00e3o etc. que n\u00e3o aparecem de alguma forma no item que est\u00e1 sendo catalogado e que n\u00e3o existe mais a possibilidade de se usar\u00a0 [s.d.] como anos atr\u00e1s, porque n\u00e3o registrar a \u00fanica data dispon\u00edvel, aquela que aparece na ficha catalogr\u00e1fica? Se o catalogador pode at\u00e9 fazer pesquisa fora do item, ou mesmo descobrir uma poss\u00edvel data atrav\u00e9s do texto e aproximar at\u00e9 s\u00e9culo, porque n\u00e3o usar a da ficha que est\u00e1 ali impressa? Se a gente sabe que o editor usa a palavra 2a. edi\u00e7\u00e3o, 3a. edi\u00e7\u00e3o etc. etc., mesmo que a gente saiba que se trata de reimpress\u00e3o e n\u00e3o contestamos, porque? <strong>Porque estamos retratando o item para os usu\u00e1rios, exatamente como ele nos apresenta<\/strong>. <strong>As \u00e1reas da descri\u00e7\u00e3o s\u00e3o \u00e1reas de transcri\u00e7\u00e3o, n\u00e3o podemos esquecer disto.<\/strong><br><strong>Minha opini\u00e3o: n\u00e3o usar colchetes e nem interroga\u00e7\u00e3o na \u00fanica data que o item nos fornece, pois a ficha catalogr\u00e1fica deve aparecer nas preliminares, fonte principal de informa\u00e7\u00e3o para esta 4a. \u00e1rea de descri\u00e7\u00e3o<\/strong>. <strong>O que voc\u00eas acham de usar uma nota a respeito, sem ofender o editor? Como: Data da cataloga\u00e7\u00e3o na fonte<\/strong>.<br>Nunca pensei nesta possibilidade, mas Nota \u00e9 para aquilo que n\u00e3o foi poss\u00edvel registrar na \u00e1rea adequada. j\u00e1 que sabemos do pouco caso de muitos dos nossos editores em continuar usando t\u00e3o mal as regras de editora\u00e7\u00e3o.<br>Informe como decidiram. Gosto de aprender sempre, principalmente com quem est\u00e1 no dia a dia da pr\u00e1tica de cataloga\u00e7\u00e3o.\u201d<br>\u00a0\u00a0\u00a0\u00a0\u00a0\u00a0\u00a0 Ant\u00f4nia Mem\u00f3ria<\/td><\/tr><\/tbody><\/table><\/figure>\n","protected":false},"excerpt":{"rendered":"<p>BIBLIOTECA UNIVERSIT\u00c1RIA \u2013 UFMG\u00a0\u00a0\u00a0\u00a0\u00a0\u00a0\u00a0\u00a0\u00a0\u00a0\u00a0\u00a0\u00a0\u00a0\u00a0\u00a0\u00a0\u00a0\u00a0\u00a0\u00a0\u00a0\u00a0\u00a0\u00a0\u00a0\u00a0\u00a0\u00a0\u00a0\u00a0\u00a0\u00a0\u00a0\u00a0\u00a0\u00a0\u00a0\u00a0\u00a0\u00a0\u00a0\u00a0\u00a0\u00a0CENTRAL DE CONTROLE E QUALIDADE DA CATALOGA\u00c7\u00c3O &#8211; CCQC COMUNICADO N\u00ba: 5\u00a0\u00a0\u00a0\u00a0\u00a0\u00a0\u00a0\u00a0\u00a0\u00a0 DATA: 23\/04\/2008 ASSUNTO: Data somente na ficha catalogr\u00e1fica Prezados catalogadores,\u00a0Baseado na sugest\u00e3o\/orienta\u00e7\u00e3o da Prof\u00aa Ant\u00f4nia Mem\u00f3ria, solicitamos a todos que, no caso em que a data aparecer somente na ficha catalogr\u00e1fica da obra, us\u00e1-la sem colchetes no campo 260 e [&hellip;]<\/p>\n","protected":false},"author":1,"featured_media":0,"parent":0,"menu_order":0,"comment_status":"closed","ping_status":"closed","template":"","meta":{"footnotes":""},"class_list":["post-187","page","type-page","status-publish","hentry"],"_links":{"self":[{"href":"https:\/\/www.bu.ufmg.br\/catalogacao\/wp-json\/wp\/v2\/pages\/187","targetHints":{"allow":["GET"]}}],"collection":[{"href":"https:\/\/www.bu.ufmg.br\/catalogacao\/wp-json\/wp\/v2\/pages"}],"about":[{"href":"https:\/\/www.bu.ufmg.br\/catalogacao\/wp-json\/wp\/v2\/types\/page"}],"author":[{"embeddable":true,"href":"https:\/\/www.bu.ufmg.br\/catalogacao\/wp-json\/wp\/v2\/users\/1"}],"replies":[{"embeddable":true,"href":"https:\/\/www.bu.ufmg.br\/catalogacao\/wp-json\/wp\/v2\/comments?post=187"}],"version-history":[{"count":0,"href":"https:\/\/www.bu.ufmg.br\/catalogacao\/wp-json\/wp\/v2\/pages\/187\/revisions"}],"wp:attachment":[{"href":"https:\/\/www.bu.ufmg.br\/catalogacao\/wp-json\/wp\/v2\/media?parent=187"}],"curies":[{"name":"wp","href":"https:\/\/api.w.org\/{rel}","templated":true}]}}