{"id":185,"date":"2022-03-30T17:10:43","date_gmt":"2022-03-30T20:10:43","guid":{"rendered":"https:\/\/www.bu.ufmg.br\/catalogacao\/?page_id=185"},"modified":"2022-05-19T21:01:59","modified_gmt":"2022-05-20T00:01:59","slug":"campo-245-entrada-de-dados","status":"publish","type":"page","link":"https:\/\/www.bu.ufmg.br\/catalogacao\/campo-245-entrada-de-dados\/","title":{"rendered":"Campo 245 &#8211; Entrada de dados"},"content":{"rendered":"\n<figure class=\"wp-block-table has-medium-font-size\"><table class=\"has-colibri-color-6-color has-text-color has-background\" style=\"background:linear-gradient(100deg,rgb(238,238,238) 0%,rgb(169,184,195) 100%)\"><thead><tr><th class=\"has-text-align-left\" data-align=\"left\">BIBLIOTECA UNIVERSIT\u00c1RIA \u2013 UFMG\u00a0 \u00a0 \u00a0 \u00a0 \u00a0 \u00a0 \u00a0 \u00a0 \u00a0 \u00a0 \u00a0 \u00a0 \u00a0 \u00a0 \u00a0 \u00a0 \u00a0 \u00a0 \u00a0 \u00a0 \u00a0 \u00a0 \u00a0<br>CENTRAL DE CONTROLE E QUALIDADE DA CATALOGA\u00c7\u00c3O &#8211; CCQC<\/th><\/tr><\/thead><tbody><tr><td class=\"has-text-align-left\" data-align=\"left\"><br><\/td><\/tr><tr><td class=\"has-text-align-left\" data-align=\"left\"><strong>COMUNICADO N\u00ba:<\/strong> 5\u00a0\u00a0\u00a0\u00a0\u00a0\u00a0\u00a0\u00a0\u00a0\u00a0\u00a0\u00a0\u00a0\u00a0\u00a0 \u00a0<strong>DATA:<\/strong>\u00a0 03\/12\/2007<\/td><\/tr><tr><td class=\"has-text-align-left\" data-align=\"left\"><strong>ASSUNTO:<\/strong>\u00a0 \u00a0Entrada de dados\u00a0<\/td><\/tr><tr><td class=\"has-text-align-left\" data-align=\"left\"><br><strong>Obra com mais de tr\u00eas autores:<\/strong><br>Campo 245: no $c colocar o nome do primeiro autor &#8230; [et al.]<br>Nota 500: Outros autores:\u00a0\u00a0\u00a0<br>Incluir \u201cOutros autores\u201d no 7XX<br>Exemplo:<br>245 00 $a Algoritmos estruturados \/c Harry Farrer &#8230; [et al.]<br>500 ## $a Outros autores: Christiano Gon\u00e7alves Becker, Eduardo Chaves Faria, Helton F\u00e1bio de Matos, Marcos Augusto dos Santos, Miriam Louren\u00e7o Maia<br>700\u00a0 1# Becker, Christiano Gon\u00e7alves<br>700\u00a0 1# Faria, Eduardo Chaves<br>700\u00a0 1# Matos, Helton F\u00e1bio de<br>700\u00a0 1# Santos, Marcos Augusto dos<br>700\u00a0 1# Maia, Miriam Louren\u00e7o<br>\u00a0<br><strong>Disserta\u00e7\u00f5es e Teses com projetos de pesquisa e artigos:<\/strong><br>245 T\u00edtulo da folha de rosto<br>501 Nota \u201dCom:\u201d<br>740 T\u00edtulo do projeto ou artigo<br>Exemplo:<br>245 10 $a Programa de sa\u00fade da fam\u00edlia $h [manuscrito] : $b as pr\u00e1ticas de cuidados dos problemas de sa\u00fade mental \/ $c Aparecida Ros\u00e2ngela Silveira.<br>501 ## $a Com o projeto de pesquisa: A assist\u00eancia \u00e0 sa\u00fade mental no programa de sa\u00fade da fam\u00edlia : utopia ou possibilidade? &#8211; Os cuidados prim\u00e1rios em sa\u00fade mental: uma revis\u00e3o bibliogr\u00e1fica.<br>740 22 $a A assist\u00eancia \u00e0 sa\u00fade mental no programa de sa\u00fade da fam\u00edlia : utopia ou possibilidade?<br>740 32 $a Os cuidados prim\u00e1rios em sa\u00fade mental: uma revis\u00e3o bibliogr\u00e1fica.<br>\u00a0<br>Campo 300 \u00a0&#8211; \u00a0abreviatura de folha e encadernado<br>$a 108 f., enc. : $b tab.<br>\u00a0<br>Disserta\u00e7\u00f5es e Teses : Campo 502 ( n\u00edvel )<br>$a Disserta\u00e7\u00e3o (<strong>m<\/strong>estrado)<br>$a Tese (<strong>d<\/strong>outorado)<\/td><\/tr><\/tbody><\/table><\/figure>\n","protected":false},"excerpt":{"rendered":"<p>BIBLIOTECA UNIVERSIT\u00c1RIA \u2013 UFMG\u00a0 \u00a0 \u00a0 \u00a0 \u00a0 \u00a0 \u00a0 \u00a0 \u00a0 \u00a0 \u00a0 \u00a0 \u00a0 \u00a0 \u00a0 \u00a0 \u00a0 \u00a0 \u00a0 \u00a0 \u00a0 \u00a0 \u00a0CENTRAL DE CONTROLE E QUALIDADE DA CATALOGA\u00c7\u00c3O &#8211; CCQC COMUNICADO N\u00ba: 5\u00a0\u00a0\u00a0\u00a0\u00a0\u00a0\u00a0\u00a0\u00a0\u00a0\u00a0\u00a0\u00a0\u00a0\u00a0 \u00a0DATA:\u00a0 03\/12\/2007 ASSUNTO:\u00a0 \u00a0Entrada de dados\u00a0 Obra com mais de tr\u00eas autores:Campo 245: no $c colocar o nome [&hellip;]<\/p>\n","protected":false},"author":1,"featured_media":0,"parent":0,"menu_order":0,"comment_status":"closed","ping_status":"closed","template":"","meta":{"footnotes":""},"class_list":["post-185","page","type-page","status-publish","hentry"],"_links":{"self":[{"href":"https:\/\/www.bu.ufmg.br\/catalogacao\/wp-json\/wp\/v2\/pages\/185","targetHints":{"allow":["GET"]}}],"collection":[{"href":"https:\/\/www.bu.ufmg.br\/catalogacao\/wp-json\/wp\/v2\/pages"}],"about":[{"href":"https:\/\/www.bu.ufmg.br\/catalogacao\/wp-json\/wp\/v2\/types\/page"}],"author":[{"embeddable":true,"href":"https:\/\/www.bu.ufmg.br\/catalogacao\/wp-json\/wp\/v2\/users\/1"}],"replies":[{"embeddable":true,"href":"https:\/\/www.bu.ufmg.br\/catalogacao\/wp-json\/wp\/v2\/comments?post=185"}],"version-history":[{"count":0,"href":"https:\/\/www.bu.ufmg.br\/catalogacao\/wp-json\/wp\/v2\/pages\/185\/revisions"}],"wp:attachment":[{"href":"https:\/\/www.bu.ufmg.br\/catalogacao\/wp-json\/wp\/v2\/media?parent=185"}],"curies":[{"name":"wp","href":"https:\/\/api.w.org\/{rel}","templated":true}]}}