{"id":1617,"date":"2025-07-28T13:50:10","date_gmt":"2025-07-28T16:50:10","guid":{"rendered":"https:\/\/www.bu.ufmg.br\/catalogacao\/?page_id=1617"},"modified":"2025-07-28T13:50:11","modified_gmt":"2025-07-28T16:50:11","slug":"inventario","status":"publish","type":"page","link":"https:\/\/www.bu.ufmg.br\/catalogacao\/inventario\/","title":{"rendered":"Invent\u00e1rio"},"content":{"rendered":"\n<p class=\"has-colibri-color-6-color has-text-color has-link-color has-medium-font-size wp-elements-07287783b708174da5ea46d6fd072db9\"><a href=\"https:\/\/www.bu.ufmg.br\/catalogacao\/wp-content\/uploads\/2025\/07\/Instalacao-do-coletor-OPTICON-OPN2001.pdf\" data-type=\"link\" data-id=\"https:\/\/www.bu.ufmg.br\/catalogacao\/wp-content\/uploads\/2025\/07\/Instalacao-do-coletor-OPTICON-OPN2001.pdf\"><img loading=\"lazy\" decoding=\"async\" width=\"50\" height=\"47\" class=\"wp-image-1116\" style=\"width: 50px;\" src=\"https:\/\/www.bu.ufmg.br\/catalogacao\/wp-content\/uploads\/2022\/05\/icone-pdf-1.png\" alt=\"\"><\/a> Instala\u00e7\u00e3o do coletor de c\u00f3digo de barras OPTICON &#8211; OPN2001<\/p>\n\n\n\n<p class=\"has-colibri-color-6-color has-text-color has-link-color has-medium-font-size wp-elements-0a70bc0b3ddfeb74aa1ad902f7f6c33a\"><a href=\"https:\/\/www.bu.ufmg.br\/catalogacao\/wp-content\/uploads\/2025\/07\/Utilizacao-do-coletor-OPTICON-OPN2001.pdf\"><img loading=\"lazy\" decoding=\"async\" width=\"50\" height=\"47\" class=\"wp-image-1116\" style=\"width: 50px;\" src=\"https:\/\/www.bu.ufmg.br\/catalogacao\/wp-content\/uploads\/2022\/05\/icone-pdf-1.png\" alt=\"\"><\/a> Leitura do acervo utilizando os coletores OPTICON &#8211; OPN2001<\/p>\n\n\n\n<p class=\"has-colibri-color-6-color has-text-color has-link-color has-medium-font-size wp-elements-65c15fa94e3c32c5cc2199cae2ba9b81\"><a href=\"https:\/\/www.bu.ufmg.br\/catalogacao\/wp-content\/uploads\/2025\/07\/Processo_inventario_UFMG.pdf\"><img loading=\"lazy\" decoding=\"async\" width=\"50\" height=\"47\" class=\"wp-image-1116\" style=\"width: 50px;\" src=\"https:\/\/www.bu.ufmg.br\/catalogacao\/wp-content\/uploads\/2022\/05\/icone-pdf-1.png\" alt=\"\"><\/a> Metodologia para o invent\u00e1rio no sistema Pergamum Web<\/p>\n\n\n\n<p><\/p>\n","protected":false},"excerpt":{"rendered":"<p>Instala\u00e7\u00e3o do coletor de c\u00f3digo de barras OPTICON &#8211; OPN2001 Leitura do acervo utilizando os coletores OPTICON &#8211; OPN2001 Metodologia para o invent\u00e1rio no sistema Pergamum Web<\/p>\n","protected":false},"author":4,"featured_media":0,"parent":0,"menu_order":0,"comment_status":"closed","ping_status":"closed","template":"","meta":{"footnotes":""},"class_list":["post-1617","page","type-page","status-publish","hentry"],"_links":{"self":[{"href":"https:\/\/www.bu.ufmg.br\/catalogacao\/wp-json\/wp\/v2\/pages\/1617","targetHints":{"allow":["GET"]}}],"collection":[{"href":"https:\/\/www.bu.ufmg.br\/catalogacao\/wp-json\/wp\/v2\/pages"}],"about":[{"href":"https:\/\/www.bu.ufmg.br\/catalogacao\/wp-json\/wp\/v2\/types\/page"}],"author":[{"embeddable":true,"href":"https:\/\/www.bu.ufmg.br\/catalogacao\/wp-json\/wp\/v2\/users\/4"}],"replies":[{"embeddable":true,"href":"https:\/\/www.bu.ufmg.br\/catalogacao\/wp-json\/wp\/v2\/comments?post=1617"}],"version-history":[{"count":0,"href":"https:\/\/www.bu.ufmg.br\/catalogacao\/wp-json\/wp\/v2\/pages\/1617\/revisions"}],"wp:attachment":[{"href":"https:\/\/www.bu.ufmg.br\/catalogacao\/wp-json\/wp\/v2\/media?parent=1617"}],"curies":[{"name":"wp","href":"https:\/\/api.w.org\/{rel}","templated":true}]}}