{"id":293,"date":"2018-03-06T17:10:21","date_gmt":"2018-03-06T17:10:21","guid":{"rendered":"https:\/\/www.bu.ufmg.br\/bu_atual\/?page_id=293"},"modified":"2021-05-06T14:44:56","modified_gmt":"2021-05-06T14:44:56","slug":"periodicos","status":"publish","type":"page","link":"https:\/\/www.bu.ufmg.br\/bu_atual\/especiais-e-raros\/periodicos\/","title":{"rendered":"Peri\u00f3dicos"},"content":{"rendered":"<p>Compostos por peri\u00f3dicos antigos publicados em Minas Gerais; pelo Jornal P\u00e3o de Santo Ant\u00f4nio e Voz Ativa; pelo seman\u00e1rio &#8220;Bin\u00f4mio: Sombra e \u00c1gua Fresca&#8221;; por peri\u00f3dicos cient\u00edficos europeus dos s\u00e9culos 18 e 19 e pela cole\u00e7\u00e3o de resenhas de peri\u00f3dicos do diplomata e jornalista Joaquim Nabuco Linhares.<\/p>\n","protected":false},"excerpt":{"rendered":"<p>Compostos por peri\u00f3dicos antigos publicados em Minas Gerais; pelo Jornal P\u00e3o de Santo Ant\u00f4nio e Voz Ativa; pelo seman\u00e1rio &#8220;Bin\u00f4mio: Sombra e \u00c1gua Fresca&#8221;; por peri\u00f3dicos cient\u00edficos europeus dos s\u00e9culos 18 e 19 e pela cole\u00e7\u00e3o de resenhas de peri\u00f3dicos do diplomata e jornalista Joaquim Nabuco Linhares.<\/p>\n","protected":false},"author":1,"featured_media":0,"parent":132,"menu_order":0,"comment_status":"closed","ping_status":"closed","template":"page-lista-fotos.php","meta":{"_acf_changed":false,"footnotes":""},"class_list":["post-293","page","type-page","status-publish","hentry"],"acf":[],"_links":{"self":[{"href":"https:\/\/www.bu.ufmg.br\/bu_atual\/wp-json\/wp\/v2\/pages\/293","targetHints":{"allow":["GET"]}}],"collection":[{"href":"https:\/\/www.bu.ufmg.br\/bu_atual\/wp-json\/wp\/v2\/pages"}],"about":[{"href":"https:\/\/www.bu.ufmg.br\/bu_atual\/wp-json\/wp\/v2\/types\/page"}],"author":[{"embeddable":true,"href":"https:\/\/www.bu.ufmg.br\/bu_atual\/wp-json\/wp\/v2\/users\/1"}],"replies":[{"embeddable":true,"href":"https:\/\/www.bu.ufmg.br\/bu_atual\/wp-json\/wp\/v2\/comments?post=293"}],"version-history":[{"count":6,"href":"https:\/\/www.bu.ufmg.br\/bu_atual\/wp-json\/wp\/v2\/pages\/293\/revisions"}],"predecessor-version":[{"id":3571,"href":"https:\/\/www.bu.ufmg.br\/bu_atual\/wp-json\/wp\/v2\/pages\/293\/revisions\/3571"}],"up":[{"embeddable":true,"href":"https:\/\/www.bu.ufmg.br\/bu_atual\/wp-json\/wp\/v2\/pages\/132"}],"wp:attachment":[{"href":"https:\/\/www.bu.ufmg.br\/bu_atual\/wp-json\/wp\/v2\/media?parent=293"}],"curies":[{"name":"wp","href":"https:\/\/api.w.org\/{rel}","templated":true}]}}

Periódicos

<p>Compostos por periódicos antigos publicados em Minas Gerais; pelo Jornal Pão de Santo Antônio e Voz Ativa; pelo semanário &#8220;Binômio: Sombra e Água Fresca&#8221;; por periódicos científicos europeus dos séculos 18 e 19 e pela coleção de resenhas de periódicos do diplomata e jornalista Joaquim Nabuco Linhares.</p>
