{"id":79,"date":"2022-10-10T21:40:08","date_gmt":"2022-10-11T00:40:08","guid":{"rendered":"https:\/\/www.bu.ufmg.br\/bcentral\/?page_id=79"},"modified":"2024-09-20T12:38:47","modified_gmt":"2024-09-20T15:38:47","slug":"pagamento-de-taxas-e-multas-gru","status":"publish","type":"page","link":"https:\/\/www.bu.ufmg.br\/bcentral\/pagamento-de-taxas-e-multas-gru\/","title":{"rendered":"Pagamento de Taxas e Multas (GRU)"},"content":{"rendered":"\n<h2 class=\"wp-block-heading animated backInLeft has-text-color\" style=\"color:#9cbe9c\"><strong>Taxas e Multas<\/strong><\/h2>\n\n\n\n<p>Refere-se aos valores cobrados dos usu\u00e1rios em raz\u00e3o do n\u00e3o retorno, no prazo estipulado, de materiais emprestados (como livros ou chaves de arm\u00e1rios) ou da necessidade de reposi\u00e7\u00e3o de chaves perdidas.<\/p>\n\n\n\n<p>Aten\u00e7\u00e3o: o c\u00e1lculo das multas inicia-se no momento em que o material \u00e9 devolvido em atraso. Por isso, \u00e9 fundamental manter as devolu\u00e7\u00f5es em dia para evitar a cobran\u00e7a de taxas adicionais.<\/p>\n\n\n\n<p>Para informa\u00e7\u00f5es mais detalhadas, confira o conte\u00fado abaixo:<\/p>\n\n\n\n<h2 class=\"wp-block-heading animated backInLeft has-text-color\" style=\"color:#9cbe9c\"><strong><strong>Valor da Multa<\/strong><\/strong><\/h2>\n\n\n\n<div id=\"wp-block-themeisle-blocks-accordion-f45e9a70\" class=\"wp-block-themeisle-blocks-accordion exclusive is-style-boxed\">\n<details class=\"wp-block-themeisle-blocks-accordion-item\"><summary class=\"wp-block-themeisle-blocks-accordion-item__title\"><div><strong>Empr\u00e9stimo Domiciliar<\/strong><\/div><\/summary><div class=\"wp-block-themeisle-blocks-accordion-item__content\">\n<p>Valor: R$ 1,00 por dia e por obra.<\/p>\n<\/div><\/details>\n\n\n\n<details class=\"wp-block-themeisle-blocks-accordion-item\"><summary class=\"wp-block-themeisle-blocks-accordion-item__title\"><div><strong>Empr\u00e9stimo entre Bibliotecas<\/strong><\/div><\/summary><div class=\"wp-block-themeisle-blocks-accordion-item__content\">\n<p>Valor: R$ 1,00 por dia e por obra.<\/p>\n<\/div><\/details>\n\n\n\n<details class=\"wp-block-themeisle-blocks-accordion-item\"><summary class=\"wp-block-themeisle-blocks-accordion-item__title\"><div><strong>Empr\u00e9stimo Cole\u00e7\u00e3o de Reserva<\/strong><\/div><\/summary><div class=\"wp-block-themeisle-blocks-accordion-item__content\">\n<p>Valor: R$ 1,00 por hora e por obra.<\/p>\n<\/div><\/details>\n\n\n\n<details class=\"wp-block-themeisle-blocks-accordion-item\"><summary class=\"wp-block-themeisle-blocks-accordion-item__title\"><div><strong>Empr\u00e9stimo Especial<\/strong><\/div><\/summary><div class=\"wp-block-themeisle-blocks-accordion-item__content\">\n<p>Valor: R$ 1,00 por hora e por obra.<\/p>\n<\/div><\/details>\n\n\n\n<details class=\"wp-block-themeisle-blocks-accordion-item\"><summary class=\"wp-block-themeisle-blocks-accordion-item__title\"><div><strong>Multa Pernoite Escaninho<\/strong><\/div><\/summary><div class=\"wp-block-themeisle-blocks-accordion-item__content\">\n<p>Valor: R$ 5,00 por dia.<\/p>\n<\/div><\/details>\n\n\n\n<details class=\"wp-block-themeisle-blocks-accordion-item\"><summary class=\"wp-block-themeisle-blocks-accordion-item__title\"><div><strong>Perda da Chave de Arm\u00e1rio<\/strong><\/div><\/summary><div class=\"wp-block-themeisle-blocks-accordion-item__content\">\n<p>Valor: R$ 10,00 por unidade.<\/p>\n<\/div><\/details>\n\n\n\n<details class=\"wp-block-themeisle-blocks-accordion-item\"><summary class=\"wp-block-themeisle-blocks-accordion-item__title\"><div><strong>Taxa por n\u00e3o devolu\u00e7\u00e3o da chave do arm\u00e1rio por v\u00e1rios dias<\/strong><\/div><\/summary><div class=\"wp-block-themeisle-blocks-accordion-item__content\">\n<p>Al\u00e9m da cobran\u00e7a da multa por dia \u00e9 cobrado tamb\u00e9m a troca do segredo da chave.<\/p>\n<\/div><\/details>\n<\/div>\n\n\n\n<h2 class=\"wp-block-heading animated backInLeft has-text-color\" style=\"color:#9cbe9c\"><strong><strong><strong>Guia de Recolhimento da Uni\u00e3o (GRU)<\/strong><\/strong><\/strong><\/h2>\n\n\n\n<p>A <strong>Guia de Recolhimento da Uni\u00e3o<\/strong> (GRU) \u00e9 um dos documentos institu\u00eddos pelo Minist\u00e9rio da Fazenda (atual Minist\u00e9rio da Economia), para o <strong>recolhimento das receitas de \u00f3rg\u00e3os p\u00fablicos, autarquias e funda\u00e7\u00f5es<\/strong>, tais como taxas, alugu\u00e9is de im\u00f3veis p\u00fablicos, servi\u00e7os administrativos e educacionais, entre outras. <\/p>\n\n\n\n<p>A GRU foi desenvolvida com o objetivo de <strong>facilitar a cobran\u00e7a de servi\u00e7os p\u00fablicos<\/strong>, e de atender ao disposto no <strong>art. 98&nbsp;da Lei n\u00ba 10.707\/2003<\/strong> \u2013 LDO, tendo sido autorizada pelo <strong>Decreto n\u00ba 4.950\/2004.<\/strong><\/p>\n\n\n\n<p>Os d\u00e9bitos com a biblioteca dever\u00e3o ser quitados <strong>via Guia de Recolhimento da Uni\u00e3o (GRU).<\/strong>&nbsp; <\/p>\n\n\n\n<p>Para consultar e emitir sua GUIA GRU:<\/p>\n\n\n\n<ul class=\"wp-block-list\">\n<li>Acesse o <a rel=\"noreferrer noopener\" href=\"https:\/\/catalogobiblioteca.ufmg.br\/pergamum\/biblioteca\/index.php\" target=\"_blank\">Cat\u00e1logo Online UFMG<\/a> e no canto superior direito da p\u00e1gina, clique em &#8220;Acesso ao Usu\u00e1rio&#8221;;<\/li>\n\n\n\n<li>Para acessar o o cat\u00e1logo online, voc\u00ea pode utilizar o QR CODE: <\/li>\n\n\n\n<li><img loading=\"lazy\" decoding=\"async\" width=\"150\" height=\"150\" class=\"wp-image-3059\" style=\"width: 150px;\" src=\"https:\/\/www.bu.ufmg.br\/bcentral\/wp-content\/uploads\/2024\/09\/Design-sem-nome-32.jpg\" alt=\"\" srcset=\"https:\/\/www.bu.ufmg.br\/bcentral\/wp-content\/uploads\/2024\/09\/Design-sem-nome-32.jpg 1080w, https:\/\/www.bu.ufmg.br\/bcentral\/wp-content\/uploads\/2024\/09\/Design-sem-nome-32-300x300.jpg 300w, https:\/\/www.bu.ufmg.br\/bcentral\/wp-content\/uploads\/2024\/09\/Design-sem-nome-32-1024x1024.jpg 1024w, https:\/\/www.bu.ufmg.br\/bcentral\/wp-content\/uploads\/2024\/09\/Design-sem-nome-32-150x150.jpg 150w, https:\/\/www.bu.ufmg.br\/bcentral\/wp-content\/uploads\/2024\/09\/Design-sem-nome-32-768x768.jpg 768w, https:\/\/www.bu.ufmg.br\/bcentral\/wp-content\/uploads\/2024\/09\/Design-sem-nome-32-60x60.jpg 60w\" sizes=\"auto, (max-width: 150px) 100vw, 150px\" \/><\/li>\n\n\n\n<li>Em seguida, no &#8220;Menu Servi\u00e7os\/Empr\u00e9stimo&#8221;, selecione a op\u00e7\u00e3o &#8220;D\u00e9bitos&#8221; e emita a Guia GRU de pagamento da multa. <\/li>\n\n\n\n<li>Efetue o pagamento no Banco do Brasil e <strong>envie o comprovante de pagamento e a GRU<\/strong> para a biblioteca que for propriet\u00e1ria do material quitado: <\/li>\n\n\n\n<li>Se o material quitado for da Biblioteca Central, envie o comprovante e a GRU para o e-mail: <a href=\"mailto:bcentral-referencia@bu.ufmg.br\">bcentral-referencia@bu.ufmg.br<\/a> .<\/li>\n\n\n\n<li>Se o material quitado for de outra biblioteca da UFMG, <a href=\"https:\/\/www.bu.ufmg.br\/bu_atual\/bibliotecas\/\">confira a lista de e-mails para envio referente as demais bibliotecas da UFMG<\/a>.<\/li>\n<\/ul>\n\n\n\n<h2 class=\"wp-block-heading animated backInLeft has-text-color\" style=\"color:#9cbe9c\"><strong><strong><strong><strong>Reposi\u00e7\u00e3o de livros danificados ou perdidos<\/strong><\/strong><\/strong><\/strong><\/h2>\n\n\n\n<p>Em caso de perda, extravio ou dano irrepar\u00e1vel ao material emprestado, o usu\u00e1rio dever\u00e1 informar imediatamente a biblioteca propriet\u00e1ria sobre o ocorrido.<\/p>\n\n\n\n<p>O exemplar perdido, danificado ou extraviado dever\u00e1 ser substitu\u00eddo por outro de mesmo t\u00edtulo e edi\u00e7\u00e3o, ou por uma edi\u00e7\u00e3o mais recente.<\/p>\n\n\n\n<p>N\u00e3o \u00e9 necess\u00e1rio que o material seja novo, mas deve estar em boas condi\u00e7\u00f5es de conserva\u00e7\u00e3o, com a capa e o miolo firmes, sem rasgos, fungos, rasuras, carimbos ou etiquetas de outra institui\u00e7\u00e3o.<\/p>\n\n\n\n<p>Se o material n\u00e3o estiver dispon\u00edvel no mercado por ser uma obra esgotada, consulte o bibliotec\u00e1rio da unidade para que seja sugerido outro t\u00edtulo apropriado como substitui\u00e7\u00e3o.<\/p>\n\n\n\n<p>Em caso de danos ao material, n\u00e3o tente repar\u00e1-lo. O conserto deve ser realizado exclusivamente por um profissional especializado da biblioteca.<\/p>\n\n\n\n<p>Para agendar a reposi\u00e7\u00e3o do material, entre em contato com a Biblioteca Central por e-mail: <a href=\"mailto:bu-bcentral@ufmg.br\">bu-bcentral@ufmg.br<\/a>.<\/p>\n","protected":false},"excerpt":{"rendered":"<p>Taxas e Multas Refere-se aos valores cobrados dos usu\u00e1rios em raz\u00e3o do n\u00e3o retorno, no prazo estipulado, de materiais emprestados &hellip; <\/p>\n","protected":false},"author":1,"featured_media":1509,"parent":0,"menu_order":0,"comment_status":"closed","ping_status":"closed","template":"","meta":{"_themeisle_gutenberg_block_has_review":false,"footnotes":""},"class_list":["post-79","page","type-page","status-publish","has-post-thumbnail","hentry"],"_links":{"self":[{"href":"https:\/\/www.bu.ufmg.br\/bcentral\/wp-json\/wp\/v2\/pages\/79","targetHints":{"allow":["GET"]}}],"collection":[{"href":"https:\/\/www.bu.ufmg.br\/bcentral\/wp-json\/wp\/v2\/pages"}],"about":[{"href":"https:\/\/www.bu.ufmg.br\/bcentral\/wp-json\/wp\/v2\/types\/page"}],"author":[{"embeddable":true,"href":"https:\/\/www.bu.ufmg.br\/bcentral\/wp-json\/wp\/v2\/users\/1"}],"replies":[{"embeddable":true,"href":"https:\/\/www.bu.ufmg.br\/bcentral\/wp-json\/wp\/v2\/comments?post=79"}],"version-history":[{"count":54,"href":"https:\/\/www.bu.ufmg.br\/bcentral\/wp-json\/wp\/v2\/pages\/79\/revisions"}],"predecessor-version":[{"id":3060,"href":"https:\/\/www.bu.ufmg.br\/bcentral\/wp-json\/wp\/v2\/pages\/79\/revisions\/3060"}],"wp:featuredmedia":[{"embeddable":true,"href":"https:\/\/www.bu.ufmg.br\/bcentral\/wp-json\/wp\/v2\/media\/1509"}],"wp:attachment":[{"href":"https:\/\/www.bu.ufmg.br\/bcentral\/wp-json\/wp\/v2\/media?parent=79"}],"curies":[{"name":"wp","href":"https:\/\/api.w.org\/{rel}","templated":true}]}}