{"id":76,"date":"2022-10-10T21:40:08","date_gmt":"2022-10-11T00:40:08","guid":{"rendered":"https:\/\/www.bu.ufmg.br\/bcentral\/?page_id=76"},"modified":"2024-11-29T12:37:28","modified_gmt":"2024-11-29T15:37:28","slug":"cadasto-de-usuarios","status":"publish","type":"page","link":"https:\/\/www.bu.ufmg.br\/bcentral\/cadasto-de-usuarios\/","title":{"rendered":"Cadastro de Usu\u00e1rios"},"content":{"rendered":"\n<p>O cadastro dos usu\u00e1rios \u00e9 feito pelas <a href=\"https:\/\/www.bu.ufmg.br\/bu_atual\/bibliotecas\/\" target=\"_blank\" rel=\"noreferrer noopener\">bibliotecas da UFMG<\/a>, conforme a categoria de usu\u00e1rio e seu v\u00ednculo com a universidade. Assim, o cadastro de alunos, professores, servidores e contratados \u00e9 feito pela biblioteca da Unidade Acad\u00eamica \u00e0 qual esses usu\u00e1rios est\u00e3o vinculados.<\/p>\n\n\n\n<p>A Biblioteca Central \u00e9 respons\u00e1vel pelo cadastro dos\u00a0alunos dos cursos de gradua\u00e7\u00e3o do Instituto de Ci\u00eancias Exatas, do Instituto de Ci\u00eancias Biol\u00f3gicas e tamb\u00e9m pelo cadastro dos<strong> <\/strong>servidores t\u00e9cnico-administrativos e contratados lotados em Unidades da UFMG que n\u00e3o apresentam biblioteca.<\/p>\n\n\n\n<p>Para efetivar seu cadastro, envie a solicita\u00e7\u00e3o para o e-mail do Setor de Refer\u00eancia: <a href=\"mailto:bcentral-referencia@bu.ufmg.br\">bcentral-referencia@bu.ufmg.br<\/a>, conforme as orienta\u00e7\u00f5es a seguir:&nbsp;<\/p>\n\n\n\n<div id=\"wp-block-themeisle-blocks-accordion-c86241ea\" class=\"wp-block-themeisle-blocks-accordion exclusive is-style-boxed\">\n<details class=\"wp-block-themeisle-blocks-accordion-item\"><summary class=\"wp-block-themeisle-blocks-accordion-item__title\"><div><strong>Alunos dos cursos de gradua\u00e7\u00e3o do Instituto de Ci\u00eancias Exatas e Instituto de Ci\u00eancias Biol\u00f3gicas<\/strong><\/div><\/summary><div class=\"wp-block-themeisle-blocks-accordion-item__content\">\n<p>Documentos e informa\u00e7\u00f5es necess\u00e1rias:<\/p>\n\n\n\n<ul class=\"wp-block-list\">\n<li>Certificado de aprova\u00e7\u00e3o no treinamento online sobre o sistema de bibliotecas. (<a href=\"https:\/\/virtual.ufmg.br\/plataforma\/course\/view.php?id=233\" target=\"_blank\" rel=\"noreferrer noopener\">Voc\u00ea pode acessar o certificado<\/a> com o login e senha do Portal <a href=\"https:\/\/sistemas.ufmg.br\/idp\/login.jsp\" data-type=\"URL\" data-id=\"https:\/\/sistemas.ufmg.br\/idp\/login.jsp\" target=\"_blank\" rel=\"noreferrer noopener\">MinhaUFMG<\/a>);<\/li>\n\n\n\n<li>Comprovante de matr\u00edcula mais recente;&nbsp;<\/li>\n\n\n\n<li>N\u00famero do CPF;<\/li>\n\n\n\n<li>E-mail institucional (@ufmg);<\/li>\n\n\n\n<li>N\u00famero de telefone com c\u00f3digo de \u00e1rea (preferencialmente celular).<\/li>\n<\/ul>\n<\/div><\/details>\n\n\n\n<details class=\"wp-block-themeisle-blocks-accordion-item\"><summary class=\"wp-block-themeisle-blocks-accordion-item__title\"><div><strong>Professores e servidores t\u00e9cnico-administrativos lotados em Unidades da UFMG que n\u00e3o apresentam biblioteca<\/strong><\/div><\/summary><div class=\"wp-block-themeisle-blocks-accordion-item__content\">\n<p>Documentos e informa\u00e7\u00f5es necess\u00e1rias:<\/p>\n\n\n\n<ul class=\"wp-block-list\">\n<li>Certificado de aprova\u00e7\u00e3o no treinamento online. (<a href=\"https:\/\/virtual.ufmg.br\/plataforma\/course\/view.php?id=233\" target=\"_blank\" rel=\"noreferrer noopener\">Voc\u00ea pode acessar o certificado<\/a> com o login e senha do Portal <a href=\"https:\/\/sistemas.ufmg.br\/idp\/login.jsp\" data-type=\"URL\" data-id=\"https:\/\/sistemas.ufmg.br\/idp\/login.jsp\" target=\"_blank\" rel=\"noreferrer noopener\">MinhaUFMG<\/a>);<\/li>\n\n\n\n<li>N\u00famero SIAPE;<\/li>\n\n\n\n<li>Documento de identifica\u00e7\u00e3o com foto;<\/li>\n\n\n\n<li>E-mail institucional (@ufmg);<\/li>\n\n\n\n<li>N\u00famero de telefone com c\u00f3digo de \u00e1rea (preferencialmente celular);<\/li>\n\n\n\n<li>Nome e telefone do Departamento \/ Setor de trabalho.<\/li>\n<\/ul>\n<\/div><\/details>\n\n\n\n<details class=\"wp-block-themeisle-blocks-accordion-item\"><summary class=\"wp-block-themeisle-blocks-accordion-item__title\"><div><strong>Funcion\u00e1rios contratados de Unidades da UFMG que n\u00e3o apresentam biblioteca<\/strong><\/div><\/summary><div class=\"wp-block-themeisle-blocks-accordion-item__content\">\n<p>Documentos e informa\u00e7\u00f5es necess\u00e1rias:<\/p>\n\n\n\n<ul class=\"wp-block-list\">\n<li>Carta emitida pela empresa contratada, <a rel=\"noreferrer noopener\" href=\"https:\/\/www.bu.ufmg.br\/bu_atual\/wp-content\/uploads\/2018\/03\/Modelo-de-Carta-para-Terceirizados.pdf\" target=\"_blank\">conforme o modelo dispon\u00edvel para download;<\/a><\/li>\n\n\n\n<li>Documento de identifica\u00e7\u00e3o com foto;<\/li>\n\n\n\n<li>N\u00famero de telefone com c\u00f3digo de \u00e1rea (preferencialmente celular);<\/li>\n\n\n\n<li>Nome do Departamento\/Setor de trabalho;<\/li>\n\n\n\n<li>Telefone do Setor de trabalho.<\/li>\n<\/ul>\n\n\n\n<p><strong>Observa\u00e7\u00e3o: <\/strong>Alunos, professores e servidores t\u00e9cnico-administrativos que j\u00e1 t\u00eam cadastro anterior n\u00e3o precisam fazer o treinamento online do Sistema de Bibliotecas da UFMG.<\/p>\n<\/div><\/details>\n<\/div>\n","protected":false},"excerpt":{"rendered":"<p>O cadastro dos usu\u00e1rios \u00e9 feito pelas bibliotecas da UFMG, conforme a categoria de usu\u00e1rio e seu v\u00ednculo com a &hellip; <\/p>\n","protected":false},"author":1,"featured_media":1444,"parent":0,"menu_order":0,"comment_status":"closed","ping_status":"closed","template":"","meta":{"_themeisle_gutenberg_block_has_review":false,"footnotes":""},"class_list":["post-76","page","type-page","status-publish","has-post-thumbnail","hentry"],"_links":{"self":[{"href":"https:\/\/www.bu.ufmg.br\/bcentral\/wp-json\/wp\/v2\/pages\/76","targetHints":{"allow":["GET"]}}],"collection":[{"href":"https:\/\/www.bu.ufmg.br\/bcentral\/wp-json\/wp\/v2\/pages"}],"about":[{"href":"https:\/\/www.bu.ufmg.br\/bcentral\/wp-json\/wp\/v2\/types\/page"}],"author":[{"embeddable":true,"href":"https:\/\/www.bu.ufmg.br\/bcentral\/wp-json\/wp\/v2\/users\/1"}],"replies":[{"embeddable":true,"href":"https:\/\/www.bu.ufmg.br\/bcentral\/wp-json\/wp\/v2\/comments?post=76"}],"version-history":[{"count":12,"href":"https:\/\/www.bu.ufmg.br\/bcentral\/wp-json\/wp\/v2\/pages\/76\/revisions"}],"predecessor-version":[{"id":3364,"href":"https:\/\/www.bu.ufmg.br\/bcentral\/wp-json\/wp\/v2\/pages\/76\/revisions\/3364"}],"wp:featuredmedia":[{"embeddable":true,"href":"https:\/\/www.bu.ufmg.br\/bcentral\/wp-json\/wp\/v2\/media\/1444"}],"wp:attachment":[{"href":"https:\/\/www.bu.ufmg.br\/bcentral\/wp-json\/wp\/v2\/media?parent=76"}],"curies":[{"name":"wp","href":"https:\/\/api.w.org\/{rel}","templated":true}]}}

Cadastro de Usuários

<p>O cadastro dos usuários é feito pelas <a href="https://www.bu.ufmg.br/bu_atual/bibliotecas/" target="_blank" rel="noreferrer noopener">bibliotecas da UFMG</a>, conforme a categoria de usuário e seu vínculo com a universidade. Assim, o cadastro de alunos, professores, servidores e contratados é feito pela biblioteca da Unidade Acadêmica à qual esses usuários estão vinculados.</p>



<p>A Biblioteca Central é responsável pelo cadastro dos alunos dos cursos de graduação do Instituto de Ciências Exatas, do Instituto de Ciências Biológicas e também pelo cadastro dos<strong> </strong>servidores técnico-administrativos e contratados lotados em Unidades da UFMG que não apresentam biblioteca.</p>



<p>Para efetivar seu cadastro, envie a solicitação para o e-mail do Setor de Referência: <a href="mailto:bcentral-referencia@bu.ufmg.br">bcentral-referencia@bu.ufmg.br</a>, conforme as orientações a seguir:&nbsp;</p>



<div id="wp-block-themeisle-blocks-accordion-c86241ea" class="wp-block-themeisle-blocks-accordion exclusive is-style-boxed">
<details class="wp-block-themeisle-blocks-accordion-item"><summary class="wp-block-themeisle-blocks-accordion-item__title"><div><strong>Alunos dos cursos de graduação do Instituto de Ciências Exatas e Instituto de Ciências Biológicas</strong></div></summary><div class="wp-block-themeisle-blocks-accordion-item__content">
<p>Documentos e informações necessárias:</p>



<ul class="wp-block-list">
<li>Certificado de aprovação no treinamento online sobre o sistema de bibliotecas. (<a href="https://virtual.ufmg.br/plataforma/course/view.php?id=233" target="_blank" rel="noreferrer noopener">Você pode acessar o certificado</a> com o login e senha do Portal <a href="https://sistemas.ufmg.br/idp/login.jsp" data-type="URL" data-id="https://sistemas.ufmg.br/idp/login.jsp" target="_blank" rel="noreferrer noopener">MinhaUFMG</a>);</li>



<li>Comprovante de matrícula mais recente;&nbsp;</li>



<li>Número do CPF;</li>



<li>E-mail institucional (@ufmg);</li>



<li>Número de telefone com código de área (preferencialmente celular).</li>
</ul>
</div></details>



<details class="wp-block-themeisle-blocks-accordion-item"><summary class="wp-block-themeisle-blocks-accordion-item__title"><div><strong>Professores e servidores técnico-administrativos lotados em Unidades da UFMG que não apresentam biblioteca</strong></div></summary><div class="wp-block-themeisle-blocks-accordion-item__content">
<p>Documentos e informações necessárias:</p>



<ul class="wp-block-list">
<li>Certificado de aprovação no treinamento online. (<a href="https://virtual.ufmg.br/plataforma/course/view.php?id=233" target="_blank" rel="noreferrer noopener">Você pode acessar o certificado</a> com o login e senha do Portal <a href="https://sistemas.ufmg.br/idp/login.jsp" data-type="URL" data-id="https://sistemas.ufmg.br/idp/login.jsp" target="_blank" rel="noreferrer noopener">MinhaUFMG</a>);</li>



<li>Número SIAPE;</li>



<li>Documento de identificação com foto;</li>



<li>E-mail institucional (@ufmg);</li>



<li>Número de telefone com código de área (preferencialmente celular);</li>



<li>Nome e telefone do Departamento / Setor de trabalho.</li>
</ul>
</div></details>



<details class="wp-block-themeisle-blocks-accordion-item"><summary class="wp-block-themeisle-blocks-accordion-item__title"><div><strong>Funcionários contratados de Unidades da UFMG que não apresentam biblioteca</strong></div></summary><div class="wp-block-themeisle-blocks-accordion-item__content">
<p>Documentos e informações necessárias:</p>



<ul class="wp-block-list">
<li>Carta emitida pela empresa contratada, <a rel="noreferrer noopener" href="https://www.bu.ufmg.br/bu_atual/wp-content/uploads/2018/03/Modelo-de-Carta-para-Terceirizados.pdf" target="_blank">conforme o modelo disponível para download;</a></li>



<li>Documento de identificação com foto;</li>



<li>Número de telefone com código de área (preferencialmente celular);</li>



<li>Nome do Departamento/Setor de trabalho;</li>



<li>Telefone do Setor de trabalho.</li>
</ul>



<p><strong>Observação: </strong>Alunos, professores e servidores técnico-administrativos que já têm cadastro anterior não precisam fazer o treinamento online do Sistema de Bibliotecas da UFMG.</p>
</div></details>
</div>

<p>O cadastro dos usuários é feito pelas bibliotecas da UFMG, conforme a categoria de usuário e seu vínculo com a &hellip; </p>
