{"id":55,"date":"2022-10-10T21:35:03","date_gmt":"2022-10-11T00:35:03","guid":{"rendered":"https:\/\/www.bu.ufmg.br\/bcentral\/?page_id=55"},"modified":"2024-09-30T14:08:13","modified_gmt":"2024-09-30T17:08:13","slug":"missao-visao-valores-e-objetivos-2","status":"publish","type":"page","link":"https:\/\/www.bu.ufmg.br\/bcentral\/missao-visao-valores-e-objetivos-2\/","title":{"rendered":"Miss\u00e3o, Vis\u00e3o, Valores e Objetivos"},"content":{"rendered":"\n<h2 class=\"wp-block-heading animated backInLeft has-text-color\" style=\"color:#9cbe9c\"><strong>Miss\u00e3o<\/strong><\/h2>\n\n\n\n<p>Administrar, organizar, preservar e disseminar os recursos informais, a fim de promover a produ\u00e7\u00e3o do conhecimento para as atividades educacionais, cient\u00edficas, sociais, culturais e tecnol\u00f3gicas e o desenvolvimento da institui\u00e7\u00e3o e da sociedade.<\/p>\n\n\n\n<h2 class=\"wp-block-heading animated backInLeft has-text-color\" style=\"color:#9cbe9c\"><strong><strong>Vis\u00e3o<\/strong><\/strong><\/h2>\n\n\n\n<p>Ser uma refer\u00eancia de excel\u00eancia na gest\u00e3o de recursos informacionais e na presta\u00e7\u00e3o de servi\u00e7os \u00e0 comunidade interna e externa da UFMG.<\/p>\n\n\n\n<h2 class=\"wp-block-heading animated backInLeft has-text-color\" style=\"color:#9cbe9c\"><strong><strong><strong>Valores<\/strong><\/strong><\/strong><\/h2>\n\n\n\n<p>O ser humano, o patrim\u00f4nio material e\u00a0 cultural, a gest\u00e3o democr\u00e1tica, a inclus\u00e3o social, a inova\u00e7\u00e3o, a diversidade, a\u00a0 responsabilidade socioinformacional, a sustentabilidade social, os princ\u00edpios constitucionais \u2014 especialmente aqueles estabelecidos no art. 37 (legalidade, impessoalidade, moralidade, publicidade e efici\u00eancia) \u2014 e o c\u00f3digo de \u00e9tica do servidor p\u00fablico federal, com o objetivo de preservar o interesse p\u00fablico.<\/p>\n\n\n\n<h2 class=\"wp-block-heading animated backInLeft has-text-color\" style=\"color:#9cbe9c\"><strong><strong><strong>Objetivos<\/strong><\/strong><\/strong><\/h2>\n\n\n\n<ul class=\"wp-block-list\">\n<li>Proporcionar aos docentes e aos discentes dos cursos de gradua\u00e7\u00e3o do Instituto de Ci\u00eancias Biol\u00f3gicas (ICB), e aos docentes e discentes dos cursos de gradua\u00e7\u00e3o do Instituto de Ci\u00eancias Exatas (ICEx) o acesso aos recursos informacionais de suas respectivas \u00e1reas do conhecimento, oferecendo-lhes material bibliogr\u00e1fico e instala\u00e7\u00f5es adequadas para pesquisa, estudo e a extens\u00e3o.\u00a0<\/li>\n<\/ul>\n\n\n\n<ul class=\"wp-block-list\">\n<li>Atender \u00e0s necessidades informacionais dos funcion\u00e1rios alocados em unidades da UFMG, diretamente vinculadas \u00e0 administra\u00e7\u00e3o central da Reitoria.<\/li>\n<\/ul>\n\n\n\n<p><\/p>\n","protected":false},"excerpt":{"rendered":"<p>Miss\u00e3o Administrar, organizar, preservar e disseminar os recursos informais, a fim de promover a produ\u00e7\u00e3o do conhecimento para as atividades &hellip; <\/p>\n","protected":false},"author":1,"featured_media":1368,"parent":0,"menu_order":0,"comment_status":"closed","ping_status":"closed","template":"","meta":{"_themeisle_gutenberg_block_has_review":false,"footnotes":""},"class_list":["post-55","page","type-page","status-publish","has-post-thumbnail","hentry"],"_links":{"self":[{"href":"https:\/\/www.bu.ufmg.br\/bcentral\/wp-json\/wp\/v2\/pages\/55","targetHints":{"allow":["GET"]}}],"collection":[{"href":"https:\/\/www.bu.ufmg.br\/bcentral\/wp-json\/wp\/v2\/pages"}],"about":[{"href":"https:\/\/www.bu.ufmg.br\/bcentral\/wp-json\/wp\/v2\/types\/page"}],"author":[{"embeddable":true,"href":"https:\/\/www.bu.ufmg.br\/bcentral\/wp-json\/wp\/v2\/users\/1"}],"replies":[{"embeddable":true,"href":"https:\/\/www.bu.ufmg.br\/bcentral\/wp-json\/wp\/v2\/comments?post=55"}],"version-history":[{"count":10,"href":"https:\/\/www.bu.ufmg.br\/bcentral\/wp-json\/wp\/v2\/pages\/55\/revisions"}],"predecessor-version":[{"id":3195,"href":"https:\/\/www.bu.ufmg.br\/bcentral\/wp-json\/wp\/v2\/pages\/55\/revisions\/3195"}],"wp:featuredmedia":[{"embeddable":true,"href":"https:\/\/www.bu.ufmg.br\/bcentral\/wp-json\/wp\/v2\/media\/1368"}],"wp:attachment":[{"href":"https:\/\/www.bu.ufmg.br\/bcentral\/wp-json\/wp\/v2\/media?parent=55"}],"curies":[{"name":"wp","href":"https:\/\/api.w.org\/{rel}","templated":true}]}}