{"id":52,"date":"2022-10-10T21:35:03","date_gmt":"2022-10-11T00:35:03","guid":{"rendered":"https:\/\/www.bu.ufmg.br\/bcentral\/?page_id=52"},"modified":"2024-09-18T11:45:54","modified_gmt":"2024-09-18T14:45:54","slug":"diferenca-entre-bc-e-bu","status":"publish","type":"page","link":"https:\/\/www.bu.ufmg.br\/bcentral\/diferenca-entre-bc-e-bu\/","title":{"rendered":"Rela\u00e7\u00e3o entre BC e BU"},"content":{"rendered":"\n<p>A Biblioteca Universit\u00e1ria (BU) \u00e9 um <strong>\u00f3rg\u00e3o suplementar vinculado \u00e0 Reitoria<\/strong>, e tem como fun\u00e7\u00e3o <strong>coordenar tecnicamente as 26 bibliotecas setoriais do Sistema de Bibliotecas da UFMG (SB\/UFMG).<\/strong>\u00a0<\/p>\n\n\n\n<p>A Biblioteca Central (BC) \u00e9 uma <strong>biblioteca setorial que\u00a0integra o SB\/UFMG<\/strong>, e est\u00e1 subordinada t\u00e9cnica\u00a0 e administrativamente \u00e0 BU. A BC atende diretamente os estudantes de gradua\u00e7\u00e3o do Instituto de Ci\u00eancias Biol\u00f3gicas (ICB) e do Instituto de Ci\u00eancias Exatas (ICEx), tanto na presta\u00e7\u00e3o de\u00a0 servi\u00e7os como na gest\u00e3o dos recursos informacionais.\u00a0<\/p>\n\n\n\n<div class=\"wp-block-group\"><div class=\"wp-block-group__inner-container is-layout-flow wp-block-group-is-layout-flow\">\n<p><strong>O pr\u00e9dio da Biblioteca Central abriga:<\/strong><\/p>\n\n\n\n<ul class=\"wp-block-list\">\n<li>Diretoria da BU e setores administrativos;<\/li>\n\n\n\n<li>Biblioteca Central e setores administrativos;<\/li>\n\n\n\n<li>Espa\u00e7os para estudos, leitura e acervos;<\/li>\n\n\n\n<li>Cole\u00e7\u00f5es especiais;<\/li>\n\n\n\n<li>Outros setores vinculados \u00e0 Reitoria.<\/li>\n<\/ul>\n\n\n\n<p>Se desejar, voc\u00ea pode acessar os sites oficiais da BU e da UFMG clicando em um dos bot\u00f5es a seguir:<\/p>\n<\/div><\/div>\n\n\n\n<div style=\"height:36px\" aria-hidden=\"true\" class=\"wp-block-spacer\"><\/div>\n\n\n\n<div class=\"wp-block-group\"><div class=\"wp-block-group__inner-container is-layout-constrained wp-block-group-is-layout-constrained\">\n<div class=\"wp-block-buttons has-custom-font-size animated bounce has-medium-font-size is-horizontal is-content-justification-center is-layout-flex wp-container-core-buttons-is-layout-ddb39544 wp-block-buttons-is-layout-flex\">\n<div class=\"wp-block-button has-custom-width wp-block-button__width-50 is-style-outline is-style-outline--1\"><a class=\"wp-block-button__link has-white-color has-text-color has-background wp-element-button\" href=\"https:\/\/www.bu.ufmg.br\/bu_atual\/\" style=\"background-color:#9cbe9c\" target=\"_blank\" rel=\"noreferrer noopener\">Sistema de Bibliotecas UFMG<\/a><\/div>\n\n\n\n<div class=\"wp-block-button has-custom-width wp-block-button__width-50 is-style-outline is-style-outline--2\"><a class=\"wp-block-button__link has-white-color has-text-color has-background wp-element-button\" href=\"https:\/\/ufmg.br\/\" style=\"background-color:#9cbe9c\" target=\"_blank\" rel=\"noreferrer noopener\">Site da UFMG<\/a><\/div>\n<\/div>\n<\/div><\/div>\n\n\n\n<p><\/p>\n","protected":false},"excerpt":{"rendered":"<p>A Biblioteca Universit\u00e1ria (BU) \u00e9 um \u00f3rg\u00e3o suplementar vinculado \u00e0 Reitoria, e tem como fun\u00e7\u00e3o coordenar tecnicamente as 26 bibliotecas &hellip; <\/p>\n","protected":false},"author":1,"featured_media":474,"parent":0,"menu_order":0,"comment_status":"closed","ping_status":"closed","template":"","meta":{"_themeisle_gutenberg_block_has_review":false,"footnotes":""},"class_list":["post-52","page","type-page","status-publish","has-post-thumbnail","hentry"],"_links":{"self":[{"href":"https:\/\/www.bu.ufmg.br\/bcentral\/wp-json\/wp\/v2\/pages\/52","targetHints":{"allow":["GET"]}}],"collection":[{"href":"https:\/\/www.bu.ufmg.br\/bcentral\/wp-json\/wp\/v2\/pages"}],"about":[{"href":"https:\/\/www.bu.ufmg.br\/bcentral\/wp-json\/wp\/v2\/types\/page"}],"author":[{"embeddable":true,"href":"https:\/\/www.bu.ufmg.br\/bcentral\/wp-json\/wp\/v2\/users\/1"}],"replies":[{"embeddable":true,"href":"https:\/\/www.bu.ufmg.br\/bcentral\/wp-json\/wp\/v2\/comments?post=52"}],"version-history":[{"count":54,"href":"https:\/\/www.bu.ufmg.br\/bcentral\/wp-json\/wp\/v2\/pages\/52\/revisions"}],"predecessor-version":[{"id":3009,"href":"https:\/\/www.bu.ufmg.br\/bcentral\/wp-json\/wp\/v2\/pages\/52\/revisions\/3009"}],"wp:featuredmedia":[{"embeddable":true,"href":"https:\/\/www.bu.ufmg.br\/bcentral\/wp-json\/wp\/v2\/media\/474"}],"wp:attachment":[{"href":"https:\/\/www.bu.ufmg.br\/bcentral\/wp-json\/wp\/v2\/media?parent=52"}],"curies":[{"name":"wp","href":"https:\/\/api.w.org\/{rel}","templated":true}]}}

Relação entre BC e BU

<p>A Biblioteca Universitária (BU) é um <strong>órgão suplementar vinculado à Reitoria</strong>, e tem como função <strong>coordenar tecnicamente as 26 bibliotecas setoriais do Sistema de Bibliotecas da UFMG (SB/UFMG).</strong> </p>



<p>A Biblioteca Central (BC) é uma <strong>biblioteca setorial que integra o SB/UFMG</strong>, e está subordinada técnica  e administrativamente à BU. A BC atende diretamente os estudantes de graduação do Instituto de Ciências Biológicas (ICB) e do Instituto de Ciências Exatas (ICEx), tanto na prestação de  serviços como na gestão dos recursos informacionais. </p>



<div class="wp-block-group"><div class="wp-block-group__inner-container is-layout-flow wp-block-group-is-layout-flow">
<p><strong>O prédio da Biblioteca Central abriga:</strong></p>



<ul class="wp-block-list">
<li>Diretoria da BU e setores administrativos;</li>



<li>Biblioteca Central e setores administrativos;</li>



<li>Espaços para estudos, leitura e acervos;</li>



<li>Coleções especiais;</li>



<li>Outros setores vinculados à Reitoria.</li>
</ul>



<p>Se desejar, você pode acessar os sites oficiais da BU e da UFMG clicando em um dos botões a seguir:</p>
</div></div>



<div style="height:36px" aria-hidden="true" class="wp-block-spacer"></div>



<div class="wp-block-group"><div class="wp-block-group__inner-container is-layout-constrained wp-block-group-is-layout-constrained">
<div class="wp-block-buttons has-custom-font-size animated bounce has-medium-font-size is-horizontal is-content-justification-center is-layout-flex wp-container-core-buttons-is-layout-ddb39544 wp-block-buttons-is-layout-flex">
<div class="wp-block-button has-custom-width wp-block-button__width-50 is-style-outline is-style-outline--1"><a class="wp-block-button__link has-white-color has-text-color has-background wp-element-button" href="https://www.bu.ufmg.br/bu_atual/" style="background-color:#9cbe9c" target="_blank" rel="noreferrer noopener">Sistema de Bibliotecas UFMG</a></div>



<div class="wp-block-button has-custom-width wp-block-button__width-50 is-style-outline is-style-outline--2"><a class="wp-block-button__link has-white-color has-text-color has-background wp-element-button" href="https://ufmg.br/" style="background-color:#9cbe9c" target="_blank" rel="noreferrer noopener">Site da UFMG</a></div>
</div>
</div></div>



<p></p>

<p>A Biblioteca Universitária (BU) é um órgão suplementar vinculado à Reitoria, e tem como função coordenar tecnicamente as 26 bibliotecas &hellip; </p>
