{"id":2607,"date":"2022-11-27T18:14:23","date_gmt":"2022-11-27T21:14:23","guid":{"rendered":"https:\/\/www.bu.ufmg.br\/bcentral\/?page_id=2607"},"modified":"2024-09-27T13:20:45","modified_gmt":"2024-09-27T16:20:45","slug":"fica-a-dica","status":"publish","type":"page","link":"https:\/\/www.bu.ufmg.br\/bcentral\/fica-a-dica\/","title":{"rendered":"Fica a dica"},"content":{"rendered":"\n<p>O objetivo do &#8220;Fica a Dica&#8221; \u00e9 fornecer orienta\u00e7\u00f5es de pesquisa e compartilhar informa\u00e7\u00f5es relevantes com os utilizadores, abrangendo tanto dicas de relacionadas a pesquisas como a divulga\u00e7\u00e3o de eventos culturais que ocorrem na UFMG.<\/p>\n\n\n\n<p>Confira a seguir:<\/p>\n\n\n\n<div id=\"wp-block-themeisle-blocks-accordion-3ca5de11\" class=\"wp-block-themeisle-blocks-accordion exclusive is-style-boxed\">\n<details class=\"wp-block-themeisle-blocks-accordion-item\"><summary class=\"wp-block-themeisle-blocks-accordion-item__title\"><div><strong>Solicite seu atendimento por e-mail<\/strong> <strong>ou aqui no site<\/strong><\/div><\/summary><div class=\"wp-block-themeisle-blocks-accordion-item__content\">\n<p>Voc\u00ea pode solicitar declara\u00e7\u00e3o de nada consta, cadastro ou orienta\u00e7\u00f5es atrav\u00e9s do e-mail bcentral-referencia@bu.ufmg.br. Outra op\u00e7\u00e3o \u00e9 utilizar este site, na aba &#8220;Servi\u00e7os&#8221;.<\/p>\n<\/div><\/details>\n\n\n\n<details class=\"wp-block-themeisle-blocks-accordion-item\"><summary class=\"wp-block-themeisle-blocks-accordion-item__title\"><div><strong>Cole\u00e7\u00e3o livros eletr\u00f4nicos Editora Springer<\/strong><\/div><\/summary><div class=\"wp-block-themeisle-blocks-accordion-item__content\">\n<p>No portal de peri\u00f3dicos, \u00e9 poss\u00edvel realizar pesquisas por livros eletr\u00f4nicos. A Editora Springer, por exemplo, disponibiliza o acesso a uma vasta cole\u00e7\u00e3o de livros mediante login e senha. Para visualizar a lista de livros dispon\u00edveis, basta procurar no portal pelo termo &#8220;ACERVO &#8211; Lista de livros&#8221; e, em seguida, selecionar a op\u00e7\u00e3o da editora no campo EDITOR\/FORNECEDOR. Com isso, \u00e9 poss\u00edvel gerar uma lista que cont\u00e9m aproximadamente 56.000 t\u00edtulos.<\/p>\n\n\n\n<p>Adicionalmente, alguns dos livros impressos da Editora Springer que fazem parte do acervo da Biblioteca Central tamb\u00e9m est\u00e3o dispon\u00edveis em formato eletr\u00f4nico no Portal da Capes. Para encontr\u00e1-los, basta realizar uma pesquisa pelo t\u00edtulo ou pelo nome do autor no portal.<\/p>\n\n\n\n<p><strong>Detalhes da Base<\/strong><\/p>\n\n\n\n<p><a href=\"https:\/\/buscador-periodicos-capes-gov-br.ez27.periodicos.capes.gov.br\/V\/XLLR8PXPPQAB7UB38AU55EM3CYRH72BI7P74MXNRRKSG36TUHJ-03040?func=native-link&amp;resource=CAP04251\"><strong>Springer Book Archives<\/strong><\/a><\/p>\n\n\n\n<figure class=\"wp-block-table is-style-regular\"><table><tbody><tr><td><strong>Nome alternativo:&nbsp;&nbsp;<\/strong><\/td><td>Springer Link<\/td><\/tr><tr><td><strong>Tipo de Base de dados:&nbsp;&nbsp;<\/strong><\/td><td>Livros<\/td><\/tr><tr><td><strong>Descri\u00e7\u00e3o:&nbsp;&nbsp;<\/strong><\/td><td>O Portal de Peri\u00f3dicos da Capes disponibiliza para os usu\u00e1rios a cole\u00e7\u00e3o Springer Books Archives com 56.286 t\u00edtulos de livros publicados de 1856 at\u00e9 2004. Trata-se de uma cole\u00e7\u00e3o multidisciplinar com cobertura em \u00e1reas como Ci\u00eancias do Comportamento, Ci\u00eancias Biom\u00e9dicas e da Vida, Neg\u00f3cios e Economia, Qu\u00edmica e Materiais, Ci\u00eancias da Computa\u00e7\u00e3o, Ci\u00eancias da Terra e do Meio Ambiente, Engenharia, Humanidades Ci\u00eancias Sociais e Direito, Matem\u00e1tica e Estat\u00edstica, Medicina e F\u00edsica e Astronomia. O conte\u00fado pode ser localizado pela op\u00e7\u00e3o &#8220;Buscar Base&#8221; ou &#8220;Buscar Livro&#8221;.<\/td><\/tr><tr><td><strong>Idioma:&nbsp;&nbsp;<\/strong><\/td><td>ENGLISH<\/td><\/tr><tr><td><strong>Editor:&nbsp;&nbsp;<\/strong><\/td><td>Springer Nature<\/td><\/tr><tr><td><strong>Nome alternativo do editor:&nbsp;&nbsp;<\/strong><\/td><td>Springer Link<\/td><\/tr><tr><td><strong>Dicas de pesquisa via Metalib:&nbsp;&nbsp;<\/strong><\/td><td>Fa\u00e7a a busca pelo sobrenome do autor para recuperar todas as varia\u00e7\u00f5es. Buscas por ISSN devem ser feitas com o formato xxxx-xxxx. Tais buscas recuperam  somente peri\u00f3dicos, e n\u00e3o artigos.<\/td><\/tr><tr><td><strong>Sistema utilizado:&nbsp;&nbsp;<\/strong><\/td><td>PORTAL DE PERI\u00d3DICOS<\/td><\/tr><\/tbody><\/table><\/figure>\n<\/div><\/details>\n\n\n\n<details class=\"wp-block-themeisle-blocks-accordion-item\"><summary class=\"wp-block-themeisle-blocks-accordion-item__title\"><div><strong>Per\u00edodo de Chuva<\/strong><\/div><\/summary><div class=\"wp-block-themeisle-blocks-accordion-item__content\">\n<p>Durante o per\u00edodo de chuvas, tenha cuidado para n\u00e3o molhar o material que levar emprestado. Nessa \u00e9poca, pode solicitar uma sacola pl\u00e1stica ao atendente do Setor de Empr\u00e9stimo da Biblioteca Central para proteger os livros.<\/p>\n<\/div><\/details>\n<\/div>\n\n\n\n<figure class=\"wp-block-image size-full\"><img loading=\"lazy\" decoding=\"async\" width=\"900\" height=\"600\" src=\"https:\/\/www.bu.ufmg.br\/bcentral\/wp-content\/uploads\/2022\/11\/image-21.png\" alt=\"\" class=\"wp-image-2619\" srcset=\"https:\/\/www.bu.ufmg.br\/bcentral\/wp-content\/uploads\/2022\/11\/image-21.png 900w, https:\/\/www.bu.ufmg.br\/bcentral\/wp-content\/uploads\/2022\/11\/image-21-300x200.png 300w, https:\/\/www.bu.ufmg.br\/bcentral\/wp-content\/uploads\/2022\/11\/image-21-768x512.png 768w, https:\/\/www.bu.ufmg.br\/bcentral\/wp-content\/uploads\/2022\/11\/image-21-90x60.png 90w, https:\/\/www.bu.ufmg.br\/bcentral\/wp-content\/uploads\/2022\/11\/image-21-370x247.png 370w, https:\/\/www.bu.ufmg.br\/bcentral\/wp-content\/uploads\/2022\/11\/image-21-776x517.png 776w\" sizes=\"auto, (max-width: 900px) 100vw, 900px\" \/><\/figure>\n\n\n\n<div style=\"height:42px\" aria-hidden=\"true\" class=\"wp-block-spacer\"><\/div>\n\n\n\n<p><\/p>\n\n\n\n<p><strong>Ficou com alguma d\u00favida?<\/strong> Envie uma&nbsp;<a rel=\"noreferrer noopener\" href=\"https:\/\/www.bu.ufmg.br\/bcentral\/fale-conosco\/\" target=\"_blank\">mensagem para a equipe da Biblioteca Central da UFMG<\/a>&nbsp;ou veja nossa<a href=\"https:\/\/www.bu.ufmg.br\/bcentral\/equipe-e-contatos\/\" target=\"_blank\" rel=\"noreferrer noopener\">&nbsp;lista de contatos.<\/a><\/p>\n","protected":false},"excerpt":{"rendered":"<p>O objetivo do &#8220;Fica a Dica&#8221; \u00e9 fornecer orienta\u00e7\u00f5es de pesquisa e compartilhar informa\u00e7\u00f5es relevantes com os utilizadores, abrangendo tanto &hellip; <\/p>\n","protected":false},"author":1,"featured_media":2619,"parent":0,"menu_order":0,"comment_status":"closed","ping_status":"closed","template":"","meta":{"_themeisle_gutenberg_block_has_review":false,"footnotes":""},"class_list":["post-2607","page","type-page","status-publish","has-post-thumbnail","hentry"],"_links":{"self":[{"href":"https:\/\/www.bu.ufmg.br\/bcentral\/wp-json\/wp\/v2\/pages\/2607","targetHints":{"allow":["GET"]}}],"collection":[{"href":"https:\/\/www.bu.ufmg.br\/bcentral\/wp-json\/wp\/v2\/pages"}],"about":[{"href":"https:\/\/www.bu.ufmg.br\/bcentral\/wp-json\/wp\/v2\/types\/page"}],"author":[{"embeddable":true,"href":"https:\/\/www.bu.ufmg.br\/bcentral\/wp-json\/wp\/v2\/users\/1"}],"replies":[{"embeddable":true,"href":"https:\/\/www.bu.ufmg.br\/bcentral\/wp-json\/wp\/v2\/comments?post=2607"}],"version-history":[{"count":12,"href":"https:\/\/www.bu.ufmg.br\/bcentral\/wp-json\/wp\/v2\/pages\/2607\/revisions"}],"predecessor-version":[{"id":3190,"href":"https:\/\/www.bu.ufmg.br\/bcentral\/wp-json\/wp\/v2\/pages\/2607\/revisions\/3190"}],"wp:featuredmedia":[{"embeddable":true,"href":"https:\/\/www.bu.ufmg.br\/bcentral\/wp-json\/wp\/v2\/media\/2619"}],"wp:attachment":[{"href":"https:\/\/www.bu.ufmg.br\/bcentral\/wp-json\/wp\/v2\/media?parent=2607"}],"curies":[{"name":"wp","href":"https:\/\/api.w.org\/{rel}","templated":true}]}}