{"id":2417,"date":"2022-11-26T17:34:09","date_gmt":"2022-11-26T20:34:09","guid":{"rendered":"https:\/\/www.bu.ufmg.br\/bcentral\/?page_id=2417"},"modified":"2024-09-19T14:04:48","modified_gmt":"2024-09-19T17:04:48","slug":"sugestao-para-aquisicao-para-o-acervo","status":"publish","type":"page","link":"https:\/\/www.bu.ufmg.br\/bcentral\/sugestao-para-aquisicao-para-o-acervo\/","title":{"rendered":"Sugest\u00f5es de Novas Aquisi\u00e7\u00f5es para o Acervo"},"content":{"rendered":"\n<h2 class=\"wp-block-heading has-text-color\" style=\"color:#9cbe9c\"><strong>Qual t\u00edtulo voc\u00ea indica para integrar o acervo da biblioteca? <\/strong><\/h2>\n\n\n\n<p>Utilize o formul\u00e1rio abaixo para inserir seus dados e as informa\u00e7\u00f5es sobre o t\u00edtulo que gostaria de sugerir para compra.<\/p>\n\n\n\n<p><strong>Orienta\u00e7\u00f5es<\/strong>:<\/p>\n\n\n\n<ul class=\"wp-block-list\">\n<li>Apenas um t\u00edtulo por formul\u00e1rio. Caso tenha mais de uma sugest\u00e3o, preencha-o novamente;<\/li>\n\n\n\n<li>A sugest\u00e3o deve ser de um t\u00edtulo que ainda n\u00e3o fa\u00e7a parte do acervo das bibliotecas do Sistema de Bibliotecas da UFMG. Antes de envi\u00e1-la, consulte o cat\u00e1logo online para verificar se o t\u00edtulo j\u00e1 est\u00e1 dispon\u00edvel em alguma biblioteca do Sistema. Caso exista, mas esteja emprestado, voc\u00ea pode utilizar o <strong><a href=\"https:\/\/www.bu.ufmg.br\/bcentral\/reserva-de-emprestimos\/\" target=\"_blank\" rel=\"noreferrer noopener\">servi\u00e7o de reserva<\/a><\/strong>;<\/li>\n\n\n\n<li>A sugest\u00e3o ser\u00e1 avaliada pela BC, que decidir\u00e1 sobre a aquisi\u00e7\u00e3o do t\u00edtulo;<\/li>\n\n\n\n<li>As aquisi\u00e7\u00f5es est\u00e3o sujeitas \u00e0 disponibilidade or\u00e7ament\u00e1ria.<\/li>\n<\/ul>\n\n\n\n<p class=\"has-small-font-size\">*  Campos com preenchimento obrigat\u00f3rio<\/p>\n\n\n\n<div id=\"wp-block-themeisle-blocks-form-f13b73a6\" class=\"wp-block-themeisle-blocks-form\" data-option-name=\"2417_f13b73a6\"><form class=\"otter-form__container\">\n<div id=\"wp-block-themeisle-blocks-form-input-222c38f7\" class=\"wp-block-themeisle-blocks-form-input\"><label for=\"wp-block-themeisle-blocks-form-input-222c38f7-input\" class=\"otter-form-input-label\"><span class=\"otter-form-input-label__label\">Nome do requisitante<\/span><span class=\"required\">*<\/span><\/label><input type=\"text\" id=\"wp-block-themeisle-blocks-form-input-222c38f7-input\" required placeholder=\"Digite seu nome\" class=\"otter-form-input\"\/><\/div>\n\n\n\n<div id=\"wp-block-themeisle-blocks-form-input-3f94e481\" class=\"wp-block-themeisle-blocks-form-input\"><label for=\"wp-block-themeisle-blocks-form-input-3f94e481-input\" class=\"otter-form-input-label\"><span class=\"otter-form-input-label__label\">Email<\/span><span class=\"required\">*<\/span><\/label><input type=\"email\" id=\"wp-block-themeisle-blocks-form-input-3f94e481-input\" required placeholder=\"Digite seu email\" class=\"otter-form-input\"\/><\/div>\n\n\n\n<div id=\"wp-block-themeisle-blocks-form-input-a2b0d64b\" class=\"wp-block-themeisle-blocks-form-input\"><label for=\"wp-block-themeisle-blocks-form-input-a2b0d64b-input\" class=\"otter-form-input-label\"><span class=\"otter-form-input-label__label\">V\u00ednculo com a UFMG<\/span><\/label><input type=\"text\" id=\"wp-block-themeisle-blocks-form-input-a2b0d64b-input\" placeholder=\"Docente\/Discente\/Comunidade externa\/Funcion\u00e1rio\" class=\"otter-form-input\"\/><\/div>\n\n\n\n<div id=\"wp-block-themeisle-blocks-form-input-760a41e2\" class=\"wp-block-themeisle-blocks-form-input\"><label for=\"wp-block-themeisle-blocks-form-input-760a41e2-input\" class=\"otter-form-input-label\"><span class=\"otter-form-input-label__label\">T\u00edtulo sugerido<\/span><span class=\"required\">*<\/span><\/label><input type=\"text\" id=\"wp-block-themeisle-blocks-form-input-760a41e2-input\" required placeholder=\"Digite o nome da obra\" class=\"otter-form-input\"\/><\/div>\n\n\n\n<div id=\"wp-block-themeisle-blocks-form-input-be55029e\" class=\"wp-block-themeisle-blocks-form-input\"><label for=\"wp-block-themeisle-blocks-form-input-be55029e-input\" class=\"otter-form-input-label\"><span class=\"otter-form-input-label__label\">Autor(es)<\/span><span class=\"required\">*<\/span><\/label><input type=\"text\" id=\"wp-block-themeisle-blocks-form-input-be55029e-input\" required placeholder=\"Digite o(s) nome(s) do(s) autor(es) \" class=\"otter-form-input\"\/><\/div>\n\n\n\n<div id=\"wp-block-themeisle-blocks-form-input-679a5796\" class=\"wp-block-themeisle-blocks-form-input\"><label for=\"wp-block-themeisle-blocks-form-input-679a5796-input\" class=\"otter-form-input-label\"><span class=\"otter-form-input-label__label\">Editora<\/span><\/label><input type=\"text\" id=\"wp-block-themeisle-blocks-form-input-679a5796-input\" placeholder=\"\" class=\"otter-form-input\"\/><\/div>\n\n\n\n<div id=\"wp-block-themeisle-blocks-form-input-9173a787\" class=\"wp-block-themeisle-blocks-form-input\"><label for=\"wp-block-themeisle-blocks-form-input-9173a787-input\" class=\"otter-form-input-label\"><span class=\"otter-form-input-label__label\">ISBN ou ISSN<\/span><span class=\"required\">*<\/span><\/label><input type=\"text\" id=\"wp-block-themeisle-blocks-form-input-9173a787-input\" required placeholder=\"Digite o c\u00f3digo ISBN ou ISSN\" class=\"otter-form-input\"\/><\/div>\n\n\n\n<div id=\"wp-block-themeisle-blocks-form-textarea-6a8614cd\" class=\"wp-block-themeisle-blocks-form-textarea\"><label for=\"wp-block-themeisle-blocks-form-textarea-6a8614cd-input\" class=\"otter-form-textarea-label\"><span class=\"otter-form-textarea-label__label\"> Justificativa \/ Coment\u00e1rios<\/span><\/label><textarea id=\"wp-block-themeisle-blocks-form-textarea-6a8614cd-input\" placeholder=\"Espa\u00e7o dispon\u00edvel para informa\u00e7\u00f5es complementares, por exemplo: sugest\u00e3o de quantidade de exemplares para aquisi\u00e7\u00e3o, justificativa, coment\u00e1rios...\" rows=\"10\" class=\"otter-form-textarea-input\"><\/textarea><\/div>\n\n\n<div class=\"protection\"><input type=\"hidden\" id=\"wp-block-themeisle-blocks-form-f13b73a6_nonce_field\" name=\"wp-block-themeisle-blocks-form-f13b73a6_nonce_field\" value=\"5e7d099f00\" \/><input type=\"hidden\" name=\"_wp_http_referer\" value=\"\/bcentral\/wp-json\/wp\/v2\/pages\/2417\" \/><\/div><div class=\"wp-block-button\"><button class=\"wp-block-button__link\" type=\"submit\">Enviar<\/button><\/div><\/form><\/div>\n\n\n\n<p>Agradecemos sua participa\u00e7\u00e3o e faremos o poss\u00edvel para disponibilizar a obra sugerida na nossa biblioteca!<\/p>\n","protected":false},"excerpt":{"rendered":"<p>Qual t\u00edtulo voc\u00ea indica para integrar o acervo da biblioteca? Utilize o formul\u00e1rio abaixo para inserir seus dados e as &hellip; <\/p>\n","protected":false},"author":1,"featured_media":1419,"parent":0,"menu_order":0,"comment_status":"closed","ping_status":"closed","template":"","meta":{"_themeisle_gutenberg_block_has_review":false,"footnotes":""},"class_list":["post-2417","page","type-page","status-publish","has-post-thumbnail","hentry"],"_links":{"self":[{"href":"https:\/\/www.bu.ufmg.br\/bcentral\/wp-json\/wp\/v2\/pages\/2417","targetHints":{"allow":["GET"]}}],"collection":[{"href":"https:\/\/www.bu.ufmg.br\/bcentral\/wp-json\/wp\/v2\/pages"}],"about":[{"href":"https:\/\/www.bu.ufmg.br\/bcentral\/wp-json\/wp\/v2\/types\/page"}],"author":[{"embeddable":true,"href":"https:\/\/www.bu.ufmg.br\/bcentral\/wp-json\/wp\/v2\/users\/1"}],"replies":[{"embeddable":true,"href":"https:\/\/www.bu.ufmg.br\/bcentral\/wp-json\/wp\/v2\/comments?post=2417"}],"version-history":[{"count":12,"href":"https:\/\/www.bu.ufmg.br\/bcentral\/wp-json\/wp\/v2\/pages\/2417\/revisions"}],"predecessor-version":[{"id":3034,"href":"https:\/\/www.bu.ufmg.br\/bcentral\/wp-json\/wp\/v2\/pages\/2417\/revisions\/3034"}],"wp:featuredmedia":[{"embeddable":true,"href":"https:\/\/www.bu.ufmg.br\/bcentral\/wp-json\/wp\/v2\/media\/1419"}],"wp:attachment":[{"href":"https:\/\/www.bu.ufmg.br\/bcentral\/wp-json\/wp\/v2\/media?parent=2417"}],"curies":[{"name":"wp","href":"https:\/\/api.w.org\/{rel}","templated":true}]}}