{"id":179,"date":"2022-10-10T22:05:14","date_gmt":"2022-10-11T01:05:14","guid":{"rendered":"https:\/\/www.bu.ufmg.br\/bcentral\/?page_id=179"},"modified":"2022-11-27T13:17:52","modified_gmt":"2022-11-27T16:17:52","slug":"espacos","status":"publish","type":"page","link":"https:\/\/www.bu.ufmg.br\/bcentral\/espacos\/","title":{"rendered":"Espa\u00e7os"},"content":{"rendered":"\n<div id=\"wp-block-themeisle-blocks-advanced-columns-435d9725\" class=\"wp-block-themeisle-blocks-advanced-columns alignfull has-2-columns has-desktop-equal-layout has-tablet-equal-layout has-mobile-collapsedRows-layout has-vertical-center ticss-a2946a77\"><div class=\"wp-block-themeisle-blocks-advanced-columns-overlay\"><\/div><div class=\"innerblocks-wrap\">\n<section id=\"wp-block-themeisle-blocks-advanced-column-2955b872\" class=\"wp-block-themeisle-blocks-advanced-column\">\n<div class=\"wp-block-cover aligncenter\"><span aria-hidden=\"true\" class=\"wp-block-cover__background has-background-dim\"><\/span><img loading=\"lazy\" decoding=\"async\" width=\"1024\" height=\"683\" class=\"wp-block-cover__image-background wp-image-1130\" alt=\"\" src=\"https:\/\/www.bu.ufmg.br\/bcentral\/wp-content\/uploads\/2022\/10\/espacos-lucasbraga-ufmg-1024x683-1.jpg\" data-object-fit=\"cover\" srcset=\"https:\/\/www.bu.ufmg.br\/bcentral\/wp-content\/uploads\/2022\/10\/espacos-lucasbraga-ufmg-1024x683-1.jpg 1024w, https:\/\/www.bu.ufmg.br\/bcentral\/wp-content\/uploads\/2022\/10\/espacos-lucasbraga-ufmg-1024x683-1-300x200.jpg 300w, https:\/\/www.bu.ufmg.br\/bcentral\/wp-content\/uploads\/2022\/10\/espacos-lucasbraga-ufmg-1024x683-1-768x512.jpg 768w, https:\/\/www.bu.ufmg.br\/bcentral\/wp-content\/uploads\/2022\/10\/espacos-lucasbraga-ufmg-1024x683-1-90x60.jpg 90w, https:\/\/www.bu.ufmg.br\/bcentral\/wp-content\/uploads\/2022\/10\/espacos-lucasbraga-ufmg-1024x683-1-370x247.jpg 370w, https:\/\/www.bu.ufmg.br\/bcentral\/wp-content\/uploads\/2022\/10\/espacos-lucasbraga-ufmg-1024x683-1-776x517.jpg 776w\" sizes=\"auto, (max-width: 1024px) 100vw, 1024px\" \/><div class=\"wp-block-cover__inner-container is-layout-flow wp-block-cover-is-layout-flow\">\n<p class=\"has-text-align-center has-small-font-size\"><\/p>\n<\/div><\/div>\n<\/section>\n\n\n\n<div id=\"wp-block-themeisle-blocks-advanced-column-e9eeb05e\" class=\"wp-block-themeisle-blocks-advanced-column ticss-2c306f0c\">\n<h3 id=\"wp-block-themeisle-blocks-advanced-heading-72721ab9\" class=\"wp-block-themeisle-blocks-advanced-heading wp-block-themeisle-blocks-advanced-heading-72721ab9\">Espa\u00e7os de Estudo<\/h3>\n\n\n\n<p class=\"has-text-align-center has-black-color has-text-color\">Localizados no segundo e terceiro andar da Biblioteca Central, os espa\u00e7os de estudo promovem experi\u00eancias de estudo individual e coletivo<\/p>\n\n\n\n<div class=\"wp-block-group ticss-535bcfae is-content-justification-center is-nowrap is-layout-flex wp-container-core-group-is-layout-94bc23d7 wp-block-group-is-layout-flex\">\n<a href=\"https:\/\/www.bu.ufmg.br\/bcentral\/espaco-de-estudo\/\" class=\"btn-readmore\" role=\"link\">Conhecer Espa\u00e7o<\/a>\n<\/div>\n<\/div>\n<\/div><\/div>\n\n\n\n<div style=\"height:68px\" aria-hidden=\"true\" class=\"wp-block-spacer\"><\/div>\n\n\n\n<div id=\"wp-block-themeisle-blocks-advanced-columns-b573dbb2\" class=\"wp-block-themeisle-blocks-advanced-columns alignfull has-2-columns has-desktop-equal-layout has-tablet-equal-layout has-mobile-collapsedRows-layout has-vertical-center ticss-a2946a77\"><div class=\"wp-block-themeisle-blocks-advanced-columns-overlay\"><\/div><div class=\"innerblocks-wrap\">\n<section id=\"wp-block-themeisle-blocks-advanced-column-a5ff9d31\" class=\"wp-block-themeisle-blocks-advanced-column\">\n<div class=\"wp-block-cover aligncenter is-light\"><span aria-hidden=\"true\" class=\"wp-block-cover__background has-background-dim\"><\/span><img loading=\"lazy\" decoding=\"async\" width=\"1920\" height=\"2560\" class=\"wp-block-cover__image-background wp-image-880\" alt=\"\" src=\"https:\/\/www.bu.ufmg.br\/bcentral\/wp-content\/uploads\/2022\/10\/20210303_182937-2-scaled.jpg\" data-object-fit=\"cover\" srcset=\"https:\/\/www.bu.ufmg.br\/bcentral\/wp-content\/uploads\/2022\/10\/20210303_182937-2-scaled.jpg 1920w, https:\/\/www.bu.ufmg.br\/bcentral\/wp-content\/uploads\/2022\/10\/20210303_182937-2-225x300.jpg 225w, https:\/\/www.bu.ufmg.br\/bcentral\/wp-content\/uploads\/2022\/10\/20210303_182937-2-768x1024.jpg 768w, https:\/\/www.bu.ufmg.br\/bcentral\/wp-content\/uploads\/2022\/10\/20210303_182937-2-1152x1536.jpg 1152w, https:\/\/www.bu.ufmg.br\/bcentral\/wp-content\/uploads\/2022\/10\/20210303_182937-2-1536x2048.jpg 1536w, https:\/\/www.bu.ufmg.br\/bcentral\/wp-content\/uploads\/2022\/10\/20210303_182937-2-45x60.jpg 45w\" sizes=\"auto, (max-width: 1920px) 100vw, 1920px\" \/><div class=\"wp-block-cover__inner-container is-layout-flow wp-block-cover-is-layout-flow\">\n<p class=\"has-text-align-center has-small-font-size\"><\/p>\n<\/div><\/div>\n<\/section>\n\n\n\n<div id=\"wp-block-themeisle-blocks-advanced-column-d7bd5037\" class=\"wp-block-themeisle-blocks-advanced-column ticss-2c306f0c\">\n<h3 id=\"wp-block-themeisle-blocks-advanced-heading-95981793\" class=\"wp-block-themeisle-blocks-advanced-heading wp-block-themeisle-blocks-advanced-heading-95981793\">Espa\u00e7o de Leitura<\/h3>\n\n\n\n<p class=\"has-text-align-center has-black-color has-text-color\">Um dos principais espa\u00e7os da BC, localizado no subsolo da BC, voc\u00ea pode desfrutar de uma leitura prazerosa e livre de obriga\u00e7\u00f5es.<\/p>\n\n\n\n<div class=\"wp-block-group ticss-535bcfae is-content-justification-center is-nowrap is-layout-flex wp-container-core-group-is-layout-94bc23d7 wp-block-group-is-layout-flex\">\n<a href=\"https:\/\/www.bu.ufmg.br\/bcentral\/espaco-de-leitura\/\" class=\"btn-readmore\" role=\"link\">Conhecer Espa\u00e7o<\/a>\n<\/div>\n<\/div>\n<\/div><\/div>\n\n\n\n<div style=\"height:68px\" aria-hidden=\"true\" class=\"wp-block-spacer\"><\/div>\n\n\n\n<div id=\"wp-block-themeisle-blocks-advanced-columns-f1532f43\" class=\"wp-block-themeisle-blocks-advanced-columns alignfull has-2-columns has-desktop-equal-layout has-tablet-equal-layout has-mobile-collapsedRows-layout has-vertical-center ticss-a2946a77\"><div class=\"wp-block-themeisle-blocks-advanced-columns-overlay\"><\/div><div class=\"innerblocks-wrap\">\n<section id=\"wp-block-themeisle-blocks-advanced-column-bef90f2d\" class=\"wp-block-themeisle-blocks-advanced-column\">\n<div class=\"wp-block-cover aligncenter\"><span aria-hidden=\"true\" class=\"wp-block-cover__background has-background-dim\"><\/span><img loading=\"lazy\" decoding=\"async\" width=\"1024\" height=\"678\" class=\"wp-block-cover__image-background wp-image-1165\" alt=\"\" src=\"https:\/\/www.bu.ufmg.br\/bcentral\/wp-content\/uploads\/2022\/11\/Explore_2-1024x678-2.jpg\" data-object-fit=\"cover\" srcset=\"https:\/\/www.bu.ufmg.br\/bcentral\/wp-content\/uploads\/2022\/11\/Explore_2-1024x678-2.jpg 1024w, https:\/\/www.bu.ufmg.br\/bcentral\/wp-content\/uploads\/2022\/11\/Explore_2-1024x678-2-300x199.jpg 300w, https:\/\/www.bu.ufmg.br\/bcentral\/wp-content\/uploads\/2022\/11\/Explore_2-1024x678-2-768x509.jpg 768w, https:\/\/www.bu.ufmg.br\/bcentral\/wp-content\/uploads\/2022\/11\/Explore_2-1024x678-2-91x60.jpg 91w\" sizes=\"auto, (max-width: 1024px) 100vw, 1024px\" \/><div class=\"wp-block-cover__inner-container is-layout-flow wp-block-cover-is-layout-flow\">\n<p class=\"has-text-align-center has-small-font-size\"><\/p>\n<\/div><\/div>\n<\/section>\n\n\n\n<div id=\"wp-block-themeisle-blocks-advanced-column-0481e9bd\" class=\"wp-block-themeisle-blocks-advanced-column ticss-2c306f0c\">\n<h3 id=\"wp-block-themeisle-blocks-advanced-heading-87faaf92\" class=\"wp-block-themeisle-blocks-advanced-heading wp-block-themeisle-blocks-advanced-heading-87faaf92\">Espa\u00e7os Expositivos<\/h3>\n\n\n\n<p class=\"has-text-align-center has-black-color has-text-color\">No\u00a0<em>hall\u00a0<\/em>da biblioteca e no segundo andar da BC voc\u00ea encontra exposi\u00e7\u00f5es art\u00edsticas de v\u00e1rios artistas, incluindo estudantes de Belas Artes.<\/p>\n\n\n\n<div class=\"wp-block-group ticss-535bcfae is-content-justification-center is-nowrap is-layout-flex wp-container-core-group-is-layout-94bc23d7 wp-block-group-is-layout-flex\">\n<a href=\"https:\/\/www.bu.ufmg.br\/bcentral\/espaco-expositivos\/\" class=\"btn-readmore\" role=\"link\">Conhecer Espa\u00e7o<\/a>\n<\/div>\n<\/div>\n<\/div><\/div>\n","protected":false},"excerpt":{"rendered":"<p>A biblioteca conta com alguns espa\u00e7os de estudo, confira&#8230;  <img loading=\"lazy\" decoding=\"async\" width=\"150\" height=\"100\" class=\"wp-image-1210\" style=\"width: 150px;\" src=\"https:\/\/www.bu.ufmg.br\/bcentral\/wp-content\/uploads\/2022\/11\/jessica-ruscello-OQSCtabGkSY-unsplash-scaled.jpg\" alt=\"\" srcset=\"https:\/\/www.bu.ufmg.br\/bcentral\/wp-content\/uploads\/2022\/11\/jessica-ruscello-OQSCtabGkSY-unsplash-scaled.jpg 2560w, https:\/\/www.bu.ufmg.br\/bcentral\/wp-content\/uploads\/2022\/11\/jessica-ruscello-OQSCtabGkSY-unsplash-300x200.jpg 300w, https:\/\/www.bu.ufmg.br\/bcentral\/wp-content\/uploads\/2022\/11\/jessica-ruscello-OQSCtabGkSY-unsplash-1024x683.jpg 1024w, https:\/\/www.bu.ufmg.br\/bcentral\/wp-content\/uploads\/2022\/11\/jessica-ruscello-OQSCtabGkSY-unsplash-768x512.jpg 768w, https:\/\/www.bu.ufmg.br\/bcentral\/wp-content\/uploads\/2022\/11\/jessica-ruscello-OQSCtabGkSY-unsplash-1536x1024.jpg 1536w, https:\/\/www.bu.ufmg.br\/bcentral\/wp-content\/uploads\/2022\/11\/jessica-ruscello-OQSCtabGkSY-unsplash-2048x1365.jpg 2048w, https:\/\/www.bu.ufmg.br\/bcentral\/wp-content\/uploads\/2022\/11\/jessica-ruscello-OQSCtabGkSY-unsplash-90x60.jpg 90w, https:\/\/www.bu.ufmg.br\/bcentral\/wp-content\/uploads\/2022\/11\/jessica-ruscello-OQSCtabGkSY-unsplash-480x324.jpg 480w, https:\/\/www.bu.ufmg.br\/bcentral\/wp-content\/uploads\/2022\/11\/jessica-ruscello-OQSCtabGkSY-unsplash-370x247.jpg 370w, https:\/\/www.bu.ufmg.br\/bcentral\/wp-content\/uploads\/2022\/11\/jessica-ruscello-OQSCtabGkSY-unsplash-776x517.jpg 776w\" sizes=\"auto, (max-width: 150px) 100vw, 150px\" \/><\/p>\n","protected":false},"author":1,"featured_media":217,"parent":0,"menu_order":0,"comment_status":"closed","ping_status":"closed","template":"","meta":{"_themeisle_gutenberg_block_has_review":false,"footnotes":""},"class_list":["post-179","page","type-page","status-publish","has-post-thumbnail","hentry"],"_links":{"self":[{"href":"https:\/\/www.bu.ufmg.br\/bcentral\/wp-json\/wp\/v2\/pages\/179","targetHints":{"allow":["GET"]}}],"collection":[{"href":"https:\/\/www.bu.ufmg.br\/bcentral\/wp-json\/wp\/v2\/pages"}],"about":[{"href":"https:\/\/www.bu.ufmg.br\/bcentral\/wp-json\/wp\/v2\/types\/page"}],"author":[{"embeddable":true,"href":"https:\/\/www.bu.ufmg.br\/bcentral\/wp-json\/wp\/v2\/users\/1"}],"replies":[{"embeddable":true,"href":"https:\/\/www.bu.ufmg.br\/bcentral\/wp-json\/wp\/v2\/comments?post=179"}],"version-history":[{"count":36,"href":"https:\/\/www.bu.ufmg.br\/bcentral\/wp-json\/wp\/v2\/pages\/179\/revisions"}],"predecessor-version":[{"id":2510,"href":"https:\/\/www.bu.ufmg.br\/bcentral\/wp-json\/wp\/v2\/pages\/179\/revisions\/2510"}],"wp:featuredmedia":[{"embeddable":true,"href":"https:\/\/www.bu.ufmg.br\/bcentral\/wp-json\/wp\/v2\/media\/217"}],"wp:attachment":[{"href":"https:\/\/www.bu.ufmg.br\/bcentral\/wp-json\/wp\/v2\/media?parent=179"}],"curies":[{"name":"wp","href":"https:\/\/api.w.org\/{rel}","templated":true}]}}

Espaços

<div id="wp-block-themeisle-blocks-advanced-columns-435d9725" class="wp-block-themeisle-blocks-advanced-columns alignfull has-2-columns has-desktop-equal-layout has-tablet-equal-layout has-mobile-collapsedRows-layout has-vertical-center ticss-a2946a77"><div class="wp-block-themeisle-blocks-advanced-columns-overlay"></div><div class="innerblocks-wrap">
<section id="wp-block-themeisle-blocks-advanced-column-2955b872" class="wp-block-themeisle-blocks-advanced-column">
<div class="wp-block-cover aligncenter"><span aria-hidden="true" class="wp-block-cover__background has-background-dim"></span><img loading="lazy" decoding="async" width="1024" height="683" class="wp-block-cover__image-background wp-image-1130" alt="" src="https://www.bu.ufmg.br/bcentral/wp-content/uploads/2022/10/espacos-lucasbraga-ufmg-1024x683-1.jpg" data-object-fit="cover" srcset="https://www.bu.ufmg.br/bcentral/wp-content/uploads/2022/10/espacos-lucasbraga-ufmg-1024x683-1.jpg 1024w, https://www.bu.ufmg.br/bcentral/wp-content/uploads/2022/10/espacos-lucasbraga-ufmg-1024x683-1-300x200.jpg 300w, https://www.bu.ufmg.br/bcentral/wp-content/uploads/2022/10/espacos-lucasbraga-ufmg-1024x683-1-768x512.jpg 768w, https://www.bu.ufmg.br/bcentral/wp-content/uploads/2022/10/espacos-lucasbraga-ufmg-1024x683-1-90x60.jpg 90w, https://www.bu.ufmg.br/bcentral/wp-content/uploads/2022/10/espacos-lucasbraga-ufmg-1024x683-1-370x247.jpg 370w, https://www.bu.ufmg.br/bcentral/wp-content/uploads/2022/10/espacos-lucasbraga-ufmg-1024x683-1-776x517.jpg 776w" sizes="auto, (max-width: 1024px) 100vw, 1024px" /><div class="wp-block-cover__inner-container is-layout-flow wp-block-cover-is-layout-flow">
<p class="has-text-align-center has-small-font-size"></p>
</div></div>
</section>



<div id="wp-block-themeisle-blocks-advanced-column-e9eeb05e" class="wp-block-themeisle-blocks-advanced-column ticss-2c306f0c">
<h3 id="wp-block-themeisle-blocks-advanced-heading-72721ab9" class="wp-block-themeisle-blocks-advanced-heading wp-block-themeisle-blocks-advanced-heading-72721ab9">Espaços de Estudo</h3>



<p class="has-text-align-center has-black-color has-text-color">Localizados no segundo e terceiro andar da Biblioteca Central, os espaços de estudo promovem experiências de estudo individual e coletivo</p>



<div class="wp-block-group ticss-535bcfae is-content-justification-center is-nowrap is-layout-flex wp-container-core-group-is-layout-94bc23d7 wp-block-group-is-layout-flex">
<a href="https://www.bu.ufmg.br/bcentral/espaco-de-estudo/" class="btn-readmore" role="link">Conhecer Espaço</a>
</div>
</div>
</div></div>



<div style="height:68px" aria-hidden="true" class="wp-block-spacer"></div>



<div id="wp-block-themeisle-blocks-advanced-columns-b573dbb2" class="wp-block-themeisle-blocks-advanced-columns alignfull has-2-columns has-desktop-equal-layout has-tablet-equal-layout has-mobile-collapsedRows-layout has-vertical-center ticss-a2946a77"><div class="wp-block-themeisle-blocks-advanced-columns-overlay"></div><div class="innerblocks-wrap">
<section id="wp-block-themeisle-blocks-advanced-column-a5ff9d31" class="wp-block-themeisle-blocks-advanced-column">
<div class="wp-block-cover aligncenter is-light"><span aria-hidden="true" class="wp-block-cover__background has-background-dim"></span><img loading="lazy" decoding="async" width="1920" height="2560" class="wp-block-cover__image-background wp-image-880" alt="" src="https://www.bu.ufmg.br/bcentral/wp-content/uploads/2022/10/20210303_182937-2-scaled.jpg" data-object-fit="cover" srcset="https://www.bu.ufmg.br/bcentral/wp-content/uploads/2022/10/20210303_182937-2-scaled.jpg 1920w, https://www.bu.ufmg.br/bcentral/wp-content/uploads/2022/10/20210303_182937-2-225x300.jpg 225w, https://www.bu.ufmg.br/bcentral/wp-content/uploads/2022/10/20210303_182937-2-768x1024.jpg 768w, https://www.bu.ufmg.br/bcentral/wp-content/uploads/2022/10/20210303_182937-2-1152x1536.jpg 1152w, https://www.bu.ufmg.br/bcentral/wp-content/uploads/2022/10/20210303_182937-2-1536x2048.jpg 1536w, https://www.bu.ufmg.br/bcentral/wp-content/uploads/2022/10/20210303_182937-2-45x60.jpg 45w" sizes="auto, (max-width: 1920px) 100vw, 1920px" /><div class="wp-block-cover__inner-container is-layout-flow wp-block-cover-is-layout-flow">
<p class="has-text-align-center has-small-font-size"></p>
</div></div>
</section>



<div id="wp-block-themeisle-blocks-advanced-column-d7bd5037" class="wp-block-themeisle-blocks-advanced-column ticss-2c306f0c">
<h3 id="wp-block-themeisle-blocks-advanced-heading-95981793" class="wp-block-themeisle-blocks-advanced-heading wp-block-themeisle-blocks-advanced-heading-95981793">Espaço de Leitura</h3>



<p class="has-text-align-center has-black-color has-text-color">Um dos principais espaços da BC, localizado no subsolo da BC, você pode desfrutar de uma leitura prazerosa e livre de obrigações.</p>



<div class="wp-block-group ticss-535bcfae is-content-justification-center is-nowrap is-layout-flex wp-container-core-group-is-layout-94bc23d7 wp-block-group-is-layout-flex">
<a href="https://www.bu.ufmg.br/bcentral/espaco-de-leitura/" class="btn-readmore" role="link">Conhecer Espaço</a>
</div>
</div>
</div></div>



<div style="height:68px" aria-hidden="true" class="wp-block-spacer"></div>



<div id="wp-block-themeisle-blocks-advanced-columns-f1532f43" class="wp-block-themeisle-blocks-advanced-columns alignfull has-2-columns has-desktop-equal-layout has-tablet-equal-layout has-mobile-collapsedRows-layout has-vertical-center ticss-a2946a77"><div class="wp-block-themeisle-blocks-advanced-columns-overlay"></div><div class="innerblocks-wrap">
<section id="wp-block-themeisle-blocks-advanced-column-bef90f2d" class="wp-block-themeisle-blocks-advanced-column">
<div class="wp-block-cover aligncenter"><span aria-hidden="true" class="wp-block-cover__background has-background-dim"></span><img loading="lazy" decoding="async" width="1024" height="678" class="wp-block-cover__image-background wp-image-1165" alt="" src="https://www.bu.ufmg.br/bcentral/wp-content/uploads/2022/11/Explore_2-1024x678-2.jpg" data-object-fit="cover" srcset="https://www.bu.ufmg.br/bcentral/wp-content/uploads/2022/11/Explore_2-1024x678-2.jpg 1024w, https://www.bu.ufmg.br/bcentral/wp-content/uploads/2022/11/Explore_2-1024x678-2-300x199.jpg 300w, https://www.bu.ufmg.br/bcentral/wp-content/uploads/2022/11/Explore_2-1024x678-2-768x509.jpg 768w, https://www.bu.ufmg.br/bcentral/wp-content/uploads/2022/11/Explore_2-1024x678-2-91x60.jpg 91w" sizes="auto, (max-width: 1024px) 100vw, 1024px" /><div class="wp-block-cover__inner-container is-layout-flow wp-block-cover-is-layout-flow">
<p class="has-text-align-center has-small-font-size"></p>
</div></div>
</section>



<div id="wp-block-themeisle-blocks-advanced-column-0481e9bd" class="wp-block-themeisle-blocks-advanced-column ticss-2c306f0c">
<h3 id="wp-block-themeisle-blocks-advanced-heading-87faaf92" class="wp-block-themeisle-blocks-advanced-heading wp-block-themeisle-blocks-advanced-heading-87faaf92">Espaços Expositivos</h3>



<p class="has-text-align-center has-black-color has-text-color">No <em>hall </em>da biblioteca e no segundo andar da BC você encontra exposições artísticas de vários artistas, incluindo estudantes de Belas Artes.</p>



<div class="wp-block-group ticss-535bcfae is-content-justification-center is-nowrap is-layout-flex wp-container-core-group-is-layout-94bc23d7 wp-block-group-is-layout-flex">
<a href="https://www.bu.ufmg.br/bcentral/espaco-expositivos/" class="btn-readmore" role="link">Conhecer Espaço</a>
</div>
</div>
</div></div>

<p>A biblioteca conta com alguns espaços de estudo, confira&#8230;  <img loading="lazy" decoding="async" width="150" height="100" class="wp-image-1210" style="width: 150px;" src="https://www.bu.ufmg.br/bcentral/wp-content/uploads/2022/11/jessica-ruscello-OQSCtabGkSY-unsplash-scaled.jpg" alt="" srcset="https://www.bu.ufmg.br/bcentral/wp-content/uploads/2022/11/jessica-ruscello-OQSCtabGkSY-unsplash-scaled.jpg 2560w, https://www.bu.ufmg.br/bcentral/wp-content/uploads/2022/11/jessica-ruscello-OQSCtabGkSY-unsplash-300x200.jpg 300w, https://www.bu.ufmg.br/bcentral/wp-content/uploads/2022/11/jessica-ruscello-OQSCtabGkSY-unsplash-1024x683.jpg 1024w, https://www.bu.ufmg.br/bcentral/wp-content/uploads/2022/11/jessica-ruscello-OQSCtabGkSY-unsplash-768x512.jpg 768w, https://www.bu.ufmg.br/bcentral/wp-content/uploads/2022/11/jessica-ruscello-OQSCtabGkSY-unsplash-1536x1024.jpg 1536w, https://www.bu.ufmg.br/bcentral/wp-content/uploads/2022/11/jessica-ruscello-OQSCtabGkSY-unsplash-2048x1365.jpg 2048w, https://www.bu.ufmg.br/bcentral/wp-content/uploads/2022/11/jessica-ruscello-OQSCtabGkSY-unsplash-90x60.jpg 90w, https://www.bu.ufmg.br/bcentral/wp-content/uploads/2022/11/jessica-ruscello-OQSCtabGkSY-unsplash-480x324.jpg 480w, https://www.bu.ufmg.br/bcentral/wp-content/uploads/2022/11/jessica-ruscello-OQSCtabGkSY-unsplash-370x247.jpg 370w, https://www.bu.ufmg.br/bcentral/wp-content/uploads/2022/11/jessica-ruscello-OQSCtabGkSY-unsplash-776x517.jpg 776w" sizes="auto, (max-width: 150px) 100vw, 150px" /></p>
