{"id":1749,"date":"2022-11-07T20:36:13","date_gmt":"2022-11-07T23:36:13","guid":{"rendered":"https:\/\/www.bu.ufmg.br\/bcentral\/?page_id=1749"},"modified":"2022-12-15T13:54:47","modified_gmt":"2022-12-15T16:54:47","slug":"ficha-catalografica","status":"publish","type":"page","link":"https:\/\/www.bu.ufmg.br\/bcentral\/ficha-catalografica\/","title":{"rendered":"Ficha Catalogr\u00e1fica"},"content":{"rendered":"\n<p><strong>A Ficha Catalogr\u00e1fica apresenta a descri\u00e7\u00e3o dos elementos principais da obra permitindo a sua identifica\u00e7\u00e3o e posterior recupera\u00e7\u00e3o nos sistemas de recupera\u00e7\u00e3o da informa\u00e7\u00e3o<\/strong>. Na UFMG a ficha catalogr\u00e1fica \u00e9 elemento obrigat\u00f3rio em monografias de especializa\u00e7\u00e3o, disserta\u00e7\u00f5es e teses. <\/p>\n\n\n\n<p>A Biblioteca Central orienta e elabora ficha catalogr\u00e1fica para os alunos de gradua\u00e7\u00e3o do ICEx e ICB que justificarem a necessidade do documento.&nbsp;<\/p>\n\n\n\n<p><strong>Para orienta\u00e7\u00e3o, elabora\u00e7\u00e3o ou quaisquer d\u00favidas sobre esse servi\u00e7o, basta nos enviar uma mensagem no formul\u00e1rio a seguir:<\/strong><\/p>\n\n\n\n<p class=\"has-small-font-size\">*Campos com preenchimento obrigat\u00f3rio<\/p>\n\n\n\n<div id=\"wp-block-themeisle-blocks-form-56885854\" class=\"wp-block-themeisle-blocks-form\" data-option-name=\"1749_56885854\"><form class=\"otter-form__container\">\n<div id=\"wp-block-themeisle-blocks-form-input-02c643cd\" class=\"wp-block-themeisle-blocks-form-input\"><label for=\"wp-block-themeisle-blocks-form-input-02c643cd-input\" class=\"otter-form-input-label\"><span class=\"otter-form-input-label__label\">Nome<\/span><span class=\"required\">*<\/span><\/label><input type=\"text\" id=\"wp-block-themeisle-blocks-form-input-02c643cd-input\" required placeholder=\"Seu nome\" class=\"otter-form-input\"\/><\/div>\n\n\n\n<div id=\"wp-block-themeisle-blocks-form-input-b22b8601\" class=\"wp-block-themeisle-blocks-form-input\"><label for=\"wp-block-themeisle-blocks-form-input-b22b8601-input\" class=\"otter-form-input-label\"><span class=\"otter-form-input-label__label\">Email<\/span><span class=\"required\">*<\/span><\/label><input type=\"email\" id=\"wp-block-themeisle-blocks-form-input-b22b8601-input\" required placeholder=\"Seu email\" class=\"otter-form-input\"\/><\/div>\n\n\n\n<div id=\"wp-block-themeisle-blocks-form-textarea-4f10b2b0\" class=\"wp-block-themeisle-blocks-form-textarea ticss-4f10b2b0\"><label for=\"wp-block-themeisle-blocks-form-textarea-4f10b2b0-input\" class=\"otter-form-textarea-label\"><span class=\"otter-form-textarea-label__label\">Mensagem<\/span><span class=\"required\">*<\/span><\/label><textarea id=\"wp-block-themeisle-blocks-form-textarea-4f10b2b0-input\" required placeholder=\"Sua mensagem\" rows=\"10\" class=\"otter-form-textarea-input\"><\/textarea><\/div>\n\n\n<div class=\"protection\"><input type=\"hidden\" id=\"wp-block-themeisle-blocks-form-56885854_nonce_field\" name=\"wp-block-themeisle-blocks-form-56885854_nonce_field\" value=\"3db725c6da\" \/><input type=\"hidden\" name=\"_wp_http_referer\" value=\"\/bcentral\/wp-json\/wp\/v2\/pages\/1749\" \/><\/div><div class=\"wp-block-button\"><button class=\"wp-block-button__link\" type=\"submit\">Enviar<\/button><\/div><\/form><\/div>\n\n\n\n<p class=\"has-small-font-size\">Este formul\u00e1rio coleta seu nome e e-mail para que possamos entrar em contato com voc\u00ea.<\/p>\n","protected":false},"excerpt":{"rendered":"<p>A Ficha Catalogr\u00e1fica apresenta a descri\u00e7\u00e3o dos elementos principais da obra permitindo a sua identifica\u00e7\u00e3o e posterior recupera\u00e7\u00e3o nos sistemas &hellip; <\/p>\n","protected":false},"author":1,"featured_media":1758,"parent":0,"menu_order":0,"comment_status":"closed","ping_status":"closed","template":"","meta":{"_themeisle_gutenberg_block_has_review":false,"footnotes":""},"class_list":["post-1749","page","type-page","status-publish","has-post-thumbnail","hentry"],"_links":{"self":[{"href":"https:\/\/www.bu.ufmg.br\/bcentral\/wp-json\/wp\/v2\/pages\/1749","targetHints":{"allow":["GET"]}}],"collection":[{"href":"https:\/\/www.bu.ufmg.br\/bcentral\/wp-json\/wp\/v2\/pages"}],"about":[{"href":"https:\/\/www.bu.ufmg.br\/bcentral\/wp-json\/wp\/v2\/types\/page"}],"author":[{"embeddable":true,"href":"https:\/\/www.bu.ufmg.br\/bcentral\/wp-json\/wp\/v2\/users\/1"}],"replies":[{"embeddable":true,"href":"https:\/\/www.bu.ufmg.br\/bcentral\/wp-json\/wp\/v2\/comments?post=1749"}],"version-history":[{"count":9,"href":"https:\/\/www.bu.ufmg.br\/bcentral\/wp-json\/wp\/v2\/pages\/1749\/revisions"}],"predecessor-version":[{"id":2761,"href":"https:\/\/www.bu.ufmg.br\/bcentral\/wp-json\/wp\/v2\/pages\/1749\/revisions\/2761"}],"wp:featuredmedia":[{"embeddable":true,"href":"https:\/\/www.bu.ufmg.br\/bcentral\/wp-json\/wp\/v2\/media\/1758"}],"wp:attachment":[{"href":"https:\/\/www.bu.ufmg.br\/bcentral\/wp-json\/wp\/v2\/media?parent=1749"}],"curies":[{"name":"wp","href":"https:\/\/api.w.org\/{rel}","templated":true}]}}