{"id":111,"date":"2022-10-10T21:57:56","date_gmt":"2022-10-11T00:57:56","guid":{"rendered":"https:\/\/www.bu.ufmg.br\/bcentral\/?page_id=111"},"modified":"2024-09-19T15:55:06","modified_gmt":"2024-09-19T18:55:06","slug":"acervo-historico","status":"publish","type":"page","link":"https:\/\/www.bu.ufmg.br\/bcentral\/acervo-historico\/","title":{"rendered":"Acervo Hist\u00f3rico"},"content":{"rendered":"\n<p>O Projeto Acervo Hist\u00f3rico &#8211; Biblioteca Central\u00a0tem como objetivo criar, reunir e organizar a cole\u00e7\u00e3o de exemplares da Biblioteca Central com data de publica\u00e7\u00e3o entre os anos 1900 e 1960.<\/p>\n\n\n\n<div id=\"wp-block-themeisle-blocks-slider-4297261a\" class=\"wp-block-themeisle-blocks-slider glide\" data-per-view=\"1\" data-gap=\"0\" data-peek=\"0\" data-autoplay=\"true\" data-height=\"649.8px\" data-hide-arrows=\"false\"><div class=\"glide__track\" data-glide-el=\"track\"><div class=\"glide__slides\"><div class=\"wp-block-themeisle-blocks-slider-item-wrapper glide__slide\" tabindex=\"0\"><figure><img decoding=\"async\" class=\"wp-block-themeisle-blocks-slider-item\" src=\"https:\/\/www.bu.ufmg.br\/bcentral\/wp-content\/uploads\/2022\/11\/WhatsApp-Image-2022-11-01-at-11.45.10-AM.jpeg\" alt=\"\" title=\"\" data-id=\"1186\"\/><\/figure><\/div><div class=\"wp-block-themeisle-blocks-slider-item-wrapper glide__slide\" tabindex=\"0\"><figure><img decoding=\"async\" class=\"wp-block-themeisle-blocks-slider-item\" src=\"https:\/\/www.bu.ufmg.br\/bcentral\/wp-content\/uploads\/2022\/11\/WhatsApp-Image-2022-11-01-at-11.45.10-AM-2.jpeg\" alt=\"\" title=\"\" data-id=\"1185\"\/><\/figure><\/div><div class=\"wp-block-themeisle-blocks-slider-item-wrapper glide__slide\" tabindex=\"0\"><figure><img decoding=\"async\" class=\"wp-block-themeisle-blocks-slider-item\" src=\"https:\/\/www.bu.ufmg.br\/bcentral\/wp-content\/uploads\/2022\/11\/WhatsApp-Image-2022-11-01-at-11.45.11-AM-2.jpeg\" alt=\"\" title=\"\" data-id=\"1188\"\/><\/figure><\/div><div class=\"wp-block-themeisle-blocks-slider-item-wrapper glide__slide\" tabindex=\"0\"><figure><img decoding=\"async\" class=\"wp-block-themeisle-blocks-slider-item\" src=\"https:\/\/www.bu.ufmg.br\/bcentral\/wp-content\/uploads\/2022\/11\/WhatsApp-Image-2022-11-01-at-11.45.10-AM-1.jpeg\" alt=\"\" title=\"\" data-id=\"1184\"\/><\/figure><\/div><div class=\"wp-block-themeisle-blocks-slider-item-wrapper glide__slide\" tabindex=\"0\"><figure><img decoding=\"async\" class=\"wp-block-themeisle-blocks-slider-item\" src=\"https:\/\/www.bu.ufmg.br\/bcentral\/wp-content\/uploads\/2022\/11\/WhatsApp-Image-2022-11-01-at-11.45.11-AM.jpeg\" alt=\"\" title=\"\" data-id=\"1190\"\/><\/figure><\/div><div class=\"wp-block-themeisle-blocks-slider-item-wrapper glide__slide\" tabindex=\"0\"><figure><img decoding=\"async\" class=\"wp-block-themeisle-blocks-slider-item\" src=\"https:\/\/www.bu.ufmg.br\/bcentral\/wp-content\/uploads\/2022\/11\/WhatsApp-Image-2022-11-01-at-11.45.11-AM-1.jpeg\" alt=\"\" title=\"\" data-id=\"1187\"\/><\/figure><\/div><div class=\"wp-block-themeisle-blocks-slider-item-wrapper glide__slide\" tabindex=\"0\"><figure><img decoding=\"async\" class=\"wp-block-themeisle-blocks-slider-item\" src=\"https:\/\/www.bu.ufmg.br\/bcentral\/wp-content\/uploads\/2022\/11\/WhatsApp-Image-2022-11-01-at-11.45.11-AM-3.jpeg\" alt=\"\" title=\"\" data-id=\"1189\"\/><\/figure><\/div><div class=\"wp-block-themeisle-blocks-slider-item-wrapper glide__slide\" tabindex=\"0\"><figure><img decoding=\"async\" class=\"wp-block-themeisle-blocks-slider-item\" src=\"https:\/\/www.bu.ufmg.br\/bcentral\/wp-content\/uploads\/2022\/11\/WhatsApp-Image-2022-11-01-at-11.45.12-AM-1.jpeg\" alt=\"\" title=\"\" data-id=\"1191\"\/><\/figure><\/div><div class=\"wp-block-themeisle-blocks-slider-item-wrapper glide__slide\" tabindex=\"0\"><figure><img decoding=\"async\" class=\"wp-block-themeisle-blocks-slider-item\" src=\"https:\/\/www.bu.ufmg.br\/bcentral\/wp-content\/uploads\/2022\/11\/WhatsApp-Image-2022-11-01-at-11.45.12-AM-2.jpeg\" alt=\"\" title=\"\" data-id=\"1192\"\/><\/figure><\/div><div class=\"wp-block-themeisle-blocks-slider-item-wrapper glide__slide\" tabindex=\"0\"><figure><img decoding=\"async\" class=\"wp-block-themeisle-blocks-slider-item\" src=\"https:\/\/www.bu.ufmg.br\/bcentral\/wp-content\/uploads\/2022\/11\/WhatsApp-Image-2022-11-01-at-11.45.12-AM.jpeg\" alt=\"\" title=\"\" data-id=\"1193\"\/><\/figure><\/div><\/div><div class=\"glide__bullets\" data-glide-el=\"controls[nav]\"><button class=\"glide__bullet\" data-glide-dir=\"=0\"><\/button><button class=\"glide__bullet\" data-glide-dir=\"=1\"><\/button><button class=\"glide__bullet\" data-glide-dir=\"=2\"><\/button><button class=\"glide__bullet\" data-glide-dir=\"=3\"><\/button><button class=\"glide__bullet\" data-glide-dir=\"=4\"><\/button><button class=\"glide__bullet\" data-glide-dir=\"=5\"><\/button><button class=\"glide__bullet\" data-glide-dir=\"=6\"><\/button><button class=\"glide__bullet\" data-glide-dir=\"=7\"><\/button><button class=\"glide__bullet\" data-glide-dir=\"=8\"><\/button><button class=\"glide__bullet\" data-glide-dir=\"=9\"><\/button><\/div><\/div><\/div>\n\n\n\n<p class=\"has-text-align-center has-small-font-size\">Carrossel contendo imagens do acervo hist\u00f3rico da Biblioteca Central da UFMG (Autoria: Cleide Vieira de Faria (Acervo hist\u00f3rico\/BC-UFMG)<\/p>\n","protected":false},"excerpt":{"rendered":"<p>O Projeto Acervo Hist\u00f3rico &#8211; Biblioteca Central\u00a0tem como objetivo criar, reunir e organizar a cole\u00e7\u00e3o de exemplares da Biblioteca Central &hellip; <\/p>\n","protected":false},"author":1,"featured_media":1199,"parent":0,"menu_order":0,"comment_status":"closed","ping_status":"closed","template":"","meta":{"_themeisle_gutenberg_block_has_review":false,"footnotes":""},"class_list":["post-111","page","type-page","status-publish","has-post-thumbnail","hentry"],"_links":{"self":[{"href":"https:\/\/www.bu.ufmg.br\/bcentral\/wp-json\/wp\/v2\/pages\/111","targetHints":{"allow":["GET"]}}],"collection":[{"href":"https:\/\/www.bu.ufmg.br\/bcentral\/wp-json\/wp\/v2\/pages"}],"about":[{"href":"https:\/\/www.bu.ufmg.br\/bcentral\/wp-json\/wp\/v2\/types\/page"}],"author":[{"embeddable":true,"href":"https:\/\/www.bu.ufmg.br\/bcentral\/wp-json\/wp\/v2\/users\/1"}],"replies":[{"embeddable":true,"href":"https:\/\/www.bu.ufmg.br\/bcentral\/wp-json\/wp\/v2\/comments?post=111"}],"version-history":[{"count":9,"href":"https:\/\/www.bu.ufmg.br\/bcentral\/wp-json\/wp\/v2\/pages\/111\/revisions"}],"predecessor-version":[{"id":3049,"href":"https:\/\/www.bu.ufmg.br\/bcentral\/wp-json\/wp\/v2\/pages\/111\/revisions\/3049"}],"wp:featuredmedia":[{"embeddable":true,"href":"https:\/\/www.bu.ufmg.br\/bcentral\/wp-json\/wp\/v2\/media\/1199"}],"wp:attachment":[{"href":"https:\/\/www.bu.ufmg.br\/bcentral\/wp-json\/wp\/v2\/media?parent=111"}],"curies":[{"name":"wp","href":"https:\/\/api.w.org\/{rel}","templated":true}]}}

Acervo Histórico

<p>O Projeto Acervo Histórico &#8211; Biblioteca Central tem como objetivo criar, reunir e organizar a coleção de exemplares da Biblioteca Central com data de publicação entre os anos 1900 e 1960.</p>



<div id="wp-block-themeisle-blocks-slider-4297261a" class="wp-block-themeisle-blocks-slider glide" data-per-view="1" data-gap="0" data-peek="0" data-autoplay="true" data-height="649.8px" data-hide-arrows="false"><div class="glide__track" data-glide-el="track"><div class="glide__slides"><div class="wp-block-themeisle-blocks-slider-item-wrapper glide__slide" tabindex="0"><figure><img decoding="async" class="wp-block-themeisle-blocks-slider-item" src="https://www.bu.ufmg.br/bcentral/wp-content/uploads/2022/11/WhatsApp-Image-2022-11-01-at-11.45.10-AM.jpeg" alt="" title="" data-id="1186"/></figure></div><div class="wp-block-themeisle-blocks-slider-item-wrapper glide__slide" tabindex="0"><figure><img decoding="async" class="wp-block-themeisle-blocks-slider-item" src="https://www.bu.ufmg.br/bcentral/wp-content/uploads/2022/11/WhatsApp-Image-2022-11-01-at-11.45.10-AM-2.jpeg" alt="" title="" data-id="1185"/></figure></div><div class="wp-block-themeisle-blocks-slider-item-wrapper glide__slide" tabindex="0"><figure><img decoding="async" class="wp-block-themeisle-blocks-slider-item" src="https://www.bu.ufmg.br/bcentral/wp-content/uploads/2022/11/WhatsApp-Image-2022-11-01-at-11.45.11-AM-2.jpeg" alt="" title="" data-id="1188"/></figure></div><div class="wp-block-themeisle-blocks-slider-item-wrapper glide__slide" tabindex="0"><figure><img decoding="async" class="wp-block-themeisle-blocks-slider-item" src="https://www.bu.ufmg.br/bcentral/wp-content/uploads/2022/11/WhatsApp-Image-2022-11-01-at-11.45.10-AM-1.jpeg" alt="" title="" data-id="1184"/></figure></div><div class="wp-block-themeisle-blocks-slider-item-wrapper glide__slide" tabindex="0"><figure><img decoding="async" class="wp-block-themeisle-blocks-slider-item" src="https://www.bu.ufmg.br/bcentral/wp-content/uploads/2022/11/WhatsApp-Image-2022-11-01-at-11.45.11-AM.jpeg" alt="" title="" data-id="1190"/></figure></div><div class="wp-block-themeisle-blocks-slider-item-wrapper glide__slide" tabindex="0"><figure><img decoding="async" class="wp-block-themeisle-blocks-slider-item" src="https://www.bu.ufmg.br/bcentral/wp-content/uploads/2022/11/WhatsApp-Image-2022-11-01-at-11.45.11-AM-1.jpeg" alt="" title="" data-id="1187"/></figure></div><div class="wp-block-themeisle-blocks-slider-item-wrapper glide__slide" tabindex="0"><figure><img decoding="async" class="wp-block-themeisle-blocks-slider-item" src="https://www.bu.ufmg.br/bcentral/wp-content/uploads/2022/11/WhatsApp-Image-2022-11-01-at-11.45.11-AM-3.jpeg" alt="" title="" data-id="1189"/></figure></div><div class="wp-block-themeisle-blocks-slider-item-wrapper glide__slide" tabindex="0"><figure><img decoding="async" class="wp-block-themeisle-blocks-slider-item" src="https://www.bu.ufmg.br/bcentral/wp-content/uploads/2022/11/WhatsApp-Image-2022-11-01-at-11.45.12-AM-1.jpeg" alt="" title="" data-id="1191"/></figure></div><div class="wp-block-themeisle-blocks-slider-item-wrapper glide__slide" tabindex="0"><figure><img decoding="async" class="wp-block-themeisle-blocks-slider-item" src="https://www.bu.ufmg.br/bcentral/wp-content/uploads/2022/11/WhatsApp-Image-2022-11-01-at-11.45.12-AM-2.jpeg" alt="" title="" data-id="1192"/></figure></div><div class="wp-block-themeisle-blocks-slider-item-wrapper glide__slide" tabindex="0"><figure><img decoding="async" class="wp-block-themeisle-blocks-slider-item" src="https://www.bu.ufmg.br/bcentral/wp-content/uploads/2022/11/WhatsApp-Image-2022-11-01-at-11.45.12-AM.jpeg" alt="" title="" data-id="1193"/></figure></div></div><div class="glide__bullets" data-glide-el="controls[nav]"><button class="glide__bullet" data-glide-dir="=0"></button><button class="glide__bullet" data-glide-dir="=1"></button><button class="glide__bullet" data-glide-dir="=2"></button><button class="glide__bullet" data-glide-dir="=3"></button><button class="glide__bullet" data-glide-dir="=4"></button><button class="glide__bullet" data-glide-dir="=5"></button><button class="glide__bullet" data-glide-dir="=6"></button><button class="glide__bullet" data-glide-dir="=7"></button><button class="glide__bullet" data-glide-dir="=8"></button><button class="glide__bullet" data-glide-dir="=9"></button></div></div></div>



<p class="has-text-align-center has-small-font-size">Carrossel contendo imagens do acervo histórico da Biblioteca Central da UFMG (Autoria: Cleide Vieira de Faria (Acervo histórico/BC-UFMG)</p>

<p>O Projeto Acervo Histórico &#8211; Biblioteca Central tem como objetivo criar, reunir e organizar a coleção de exemplares da Biblioteca Central &hellip; </p>
